-- https://www.phpmyadmin.net/
--

START TRANSACTION;



-- --------------------------------------------------------

--
-- Table structure for table `amenities`
--

CREATE TABLE `amenities` (
  `Id` int(15) NOT NULL,
  `amenitiesgroupId` int(15) DEFAULT NULL,
  `icons` varchar(255) DEFAULT NULL,
  `name` varchar(255) DEFAULT NULL,
  `description` varchar(255) DEFAULT NULL,
  `status` int(10) NOT NULL,
  `orderby` int(10) NOT NULL,
  `createdby` int(15) DEFAULT NULL,
  `createddate` timestamp NOT NULL DEFAULT current_timestamp() ON UPDATE current_timestamp()
) ENGINE=InnoDB DEFAULT CHARSET=utf8mb4 COLLATE=utf8mb4_general_ci;

--
-- Dumping data for table `amenities`
--

INSERT INTO `amenities` (`Id`, `amenitiesgroupId`, `icons`, `name`, `description`, `status`, `orderby`, `createdby`, `createddate`) VALUES
(2, NULL, '<i class=\"bi bi-car-front-fill\"></i>', 'Car Parking', NULL, 1, 0, 1, '2025-05-22 13:53:39'),
(3, NULL, '<i class=\"bi bi-luggage\"></i>', 'Fully Furnished', NULL, 1, 0, 1, '2025-06-01 09:40:18'),
(4, NULL, '<i class=\"bi bi-controller\"></i>', 'Game', NULL, 1, 0, 1, '2025-06-08 15:23:23'),
(5, NULL, '<i class=\"bi bi-house-add-fill\"></i>', 'Home', NULL, 1, 0, 1, '2025-06-19 05:18:23'),
(6, NULL, '<i class=\"fa-solid fa-square-parking\"></i>', 'omkar', 'dasdsa', 1, 20, 1, '2025-11-21 12:48:12'),
(7, 6, '<i class=\"bi bi-sign-no-parking\"></i>', 'test', '4645', 1, 25, 1, '2025-11-21 12:49:44'),
(8, NULL, NULL, 'omkar', 'sad', 1, 10, 1, '2025-11-21 14:15:05'),
(9, NULL, NULL, 'omkar', 'sadas', 1, 10, 1, '2025-11-21 14:17:38');

-- --------------------------------------------------------

--
-- Table structure for table `amenitiesgroup`
--

CREATE TABLE `amenitiesgroup` (
  `Id` int(15) NOT NULL,
  `name` varchar(255) DEFAULT NULL,
  `description` text DEFAULT NULL,
  `status` int(10) DEFAULT NULL,
  `orderby` int(10) DEFAULT NULL,
  `createdby` int(15) DEFAULT NULL,
  `createddate` timestamp NOT NULL DEFAULT current_timestamp() ON UPDATE current_timestamp()
) ENGINE=InnoDB DEFAULT CHARSET=utf8mb4 COLLATE=utf8mb4_general_ci;

--
-- Dumping data for table `amenitiesgroup`
--

INSERT INTO `amenitiesgroup` (`Id`, `name`, `description`, `status`, `orderby`, `createdby`, `createddate`) VALUES
(1, 'vipas', 'asdfsgdthfyjuyrhtsdfgfhj', 1, 5, 1, '2025-11-13 07:48:55'),
(4, 'test 7', 'dfgfhjghk,j', 1, 10, 1, '2025-11-13 09:32:54'),
(5, 'waada', 'dwefwregthryj', 0, 15, 1, '2025-11-13 09:33:49'),
(6, 'nccwdefrgthygjk', 'fdsdghfgjhk', 1, 0, 1, '2025-11-21 10:17:13'),
(7, 'wersdgtfhgj', 'wadefsdgrfhj', 1, 45, 1, '2025-11-21 10:36:48'),
(8, 'waadaaaaaaaaaaaaa', 'dwertyuuuuuuuuuuuuuuuuuuuuuuuuuuuuu', 1, 55, 1, '2025-11-21 10:37:25'),
(9, 'China', 'asdfg', 1, 5, 1, '2025-11-21 10:51:17'),
(10, '45', '445', 1, 45, 1, '2025-11-21 11:22:34'),
(11, 'omkar', 'sad', 1, 10, 1, '2025-11-21 14:15:05'),
(12, 'omkar', 'sadas', 1, 10, 1, '2025-11-21 14:17:38');

-- --------------------------------------------------------

--
-- Table structure for table `balancesheet`
--

CREATE TABLE `balancesheet` (
  `Id` int(15) NOT NULL,
  `GroupName` varchar(255) DEFAULT NULL,
  `GroupNameOtherLang` varchar(255) DEFAULT NULL,
  `BsGrpCode` varchar(255) DEFAULT NULL,
  `Liability` int(10) NOT NULL DEFAULT 0,
  `Asset` int(10) NOT NULL DEFAULT 0,
  `SortOrder` int(10) NOT NULL,
  `GroupNameOtherLangNoUniCode` varchar(255) DEFAULT NULL
) ENGINE=InnoDB DEFAULT CHARSET=utf8mb4 COLLATE=utf8mb4_general_ci;

--
-- Dumping data for table `balancesheet`
--

INSERT INTO `balancesheet` (`Id`, `GroupName`, `GroupNameOtherLang`, `BsGrpCode`, `Liability`, `Asset`, `SortOrder`, `GroupNameOtherLangNoUniCode`) VALUES
(1, 'Capital Account', NULL, 'ACA', 1, 0, 5, NULL),
(2, 'Loan(Liability)', NULL, 'LLL', 1, 0, 10, NULL),
(3, 'Fixed Assets', NULL, 'AFA', 1, 0, 15, NULL),
(4, 'Investment', NULL, 'INV', 1, 0, 20, NULL),
(5, 'Curent(Assets)', NULL, NULL, 0, 1, 25, NULL),
(6, 'Curent(Liability)', NULL, NULL, 1, 0, 30, NULL);

-- --------------------------------------------------------

--
-- Table structure for table `bankaccount`
--

CREATE TABLE `bankaccount` (
  `Id` int(15) NOT NULL,
  `BankName` varchar(255) DEFAULT NULL,
  `AccountNo` varchar(255) DEFAULT NULL,
  `IfscCode` varchar(255) DEFAULT NULL,
  `Branch` varchar(255) DEFAULT NULL,
  `BankAddress` varchar(255) DEFAULT NULL,
  `ShowOnInvoice` int(10) NOT NULL DEFAULT 1,
  `orgId` int(15) DEFAULT NULL
) ENGINE=InnoDB DEFAULT CHARSET=utf8mb4 COLLATE=utf8mb4_general_ci;

-- --------------------------------------------------------

--
-- Table structure for table `bookings`
--

CREATE TABLE `bookings` (
  `Id` int(11) NOT NULL,
  `customerId` int(11) NOT NULL,
  `roomtypeId` int(15) DEFAULT NULL,
  `roomId` int(11) NOT NULL,
  `checkin` datetime NOT NULL,
  `checkout` datetime NOT NULL,
  `adult` int(15) DEFAULT NULL,
  `child` int(15) DEFAULT NULL,
  `total_amount` decimal(10,2) NOT NULL,
  `payment_status` enum('pending','paid','cancelled') DEFAULT 'pending',
  `booking_status` enum('confirmed','cancelled','checked_in','checked_out') DEFAULT 'confirmed',
  `modeofbooking` varchar(255) NOT NULL,
  `message` text DEFAULT NULL,
  `createdby` int(15) NOT NULL,
  `createddate` timestamp NOT NULL DEFAULT current_timestamp() ON UPDATE current_timestamp()
) ENGINE=InnoDB DEFAULT CHARSET=utf8mb4 COLLATE=utf8mb4_general_ci;

--
-- Dumping data for table `bookings`
--

INSERT INTO `bookings` (`Id`, `customerId`, `roomtypeId`, `roomId`, `checkin`, `checkout`, `adult`, `child`, `total_amount`, `payment_status`, `booking_status`, `modeofbooking`, `message`, `createdby`, `createddate`) VALUES
(1, 3, NULL, 0, '0000-00-00 00:00:00', '0000-00-00 00:00:00', 2, 3, 0.00, 'pending', 'confirmed', '', NULL, 0, '2025-12-01 18:43:29'),
(2, 4, 25, 0, '0000-00-00 00:00:00', '0000-00-00 00:00:00', 2, 3, 0.00, 'pending', 'confirmed', '', NULL, 0, '2025-12-01 18:43:29'),
(3, 5, 25, 0, '0000-00-00 00:00:00', '0000-00-00 00:00:00', 2, 3, 0.00, 'pending', 'confirmed', 'Online', NULL, 0, '2025-12-01 18:43:29'),
(4, 6, 25, 0, '0000-00-00 00:00:00', '0000-00-00 00:00:00', 2, 3, 0.00, 'pending', 'confirmed', 'Online', NULL, 0, '2025-12-01 18:43:29'),
(5, 15, 24, 0, '2026-01-01 23:27:00', '2026-01-09 13:37:00', 3, 2, 0.00, 'pending', 'confirmed', 'Online', 'dsa', 0, '2025-12-01 18:43:29'),
(6, 16, 0, 0, '2025-11-29 18:44:00', '2025-11-29 18:50:00', 1, 0, 0.00, 'pending', 'confirmed', 'Online', '', 1, '2025-12-02 08:27:44'),
(7, 17, 0, 0, '2025-11-29 18:44:00', '2025-11-29 18:50:00', 1, 0, 0.00, 'pending', 'confirmed', 'Online', '', 1, '2025-12-02 08:53:55'),
(8, 18, 0, 0, '2025-11-29 18:44:00', '2025-11-29 18:50:00', 1, 0, 0.00, 'pending', 'confirmed', 'Online', '', 1, '2025-12-02 09:21:22'),
(9, 19, 0, 0, '2025-11-29 18:44:00', '2025-11-29 18:50:00', 3, 1, 0.00, 'pending', 'confirmed', 'Online', '', 1, '2025-12-02 10:40:53');

-- --------------------------------------------------------

--
-- Table structure for table `booking_services`
--

CREATE TABLE `booking_services` (
  `Id` int(11) NOT NULL,
  `bookingId` int(11) NOT NULL,
  `serviceId` int(11) NOT NULL,
  `price` decimal(10,2) NOT NULL,
  `quantity` int(11) NOT NULL DEFAULT 1,
  `total` decimal(10,2) NOT NULL,
  `status` int(15) NOT NULL,
  `orderby` int(15) DEFAULT NULL,
  `createdby` int(15) DEFAULT NULL,
  `createddate` timestamp NOT NULL DEFAULT current_timestamp() ON UPDATE current_timestamp()
) ENGINE=InnoDB DEFAULT CHARSET=utf8mb4 COLLATE=utf8mb4_general_ci;

-- --------------------------------------------------------

--
-- Table structure for table `category`
--

CREATE TABLE `category` (
  `Id` int(15) NOT NULL,
  `name` varchar(255) NOT NULL,
  `Image` varchar(255) DEFAULT NULL,
  `orderby` int(10) NOT NULL,
  `status` int(10) NOT NULL,
  `createdby` int(10) NOT NULL,
  `createdDate` timestamp NOT NULL DEFAULT current_timestamp() ON UPDATE current_timestamp()
) ENGINE=InnoDB DEFAULT CHARSET=utf8mb4 COLLATE=utf8mb4_general_ci;

--
-- Dumping data for table `category`
--

INSERT INTO `category` (`Id`, `name`, `Image`, `orderby`, `status`, `createdby`, `createdDate`) VALUES
(2, 'Weekend Tour', '235a9d7cdc361102a31feaa1133a11d8.jpg', 20, 1, 1, '2025-08-14 11:21:17'),
(3, 'Holiday Tour', 'a0b3959a69bd3b4d3fd9bd41d4007625.jpg', 30, 1, 1, '2025-08-14 11:21:35'),
(4, 'Road Trip', 'ffc91e92221d04041b7618bb6aa45845.jpg', 30, 1, 1, '2025-08-14 11:21:55'),
(5, 'Historical Trip', '35fed00a5f37a60630da78f3d35e7a58.jpg', 30, 1, 1, '2025-08-14 11:16:36'),
(6, 'Family Tour', 'a0ba93c167f4b39e5eb4a153c25e0186.jpg', 30, 1, 1, '2025-08-14 11:17:18'),
(7, 'Beach Tour', '1cc84119f4b80810bcb3ee8fa2cd4894.jpg', 30, 1, 1, '2025-08-14 11:17:59'),
(14, 'vipasdsfgh', '', 5, 1, 1, '2025-11-20 11:03:53');

-- --------------------------------------------------------

--
-- Table structure for table `clintreviews`
--

CREATE TABLE `clintreviews` (
  `Id` int(15) NOT NULL,
  `image` longtext DEFAULT NULL,
  `name` varchar(255) DEFAULT NULL,
  `reviewer_email` varchar(255) DEFAULT NULL,
  `rating` int(255) DEFAULT NULL,
  `comment` text DEFAULT NULL,
  `createdBy` int(15) DEFAULT NULL,
  `created_at` timestamp NOT NULL DEFAULT current_timestamp() ON UPDATE current_timestamp()
) ENGINE=InnoDB DEFAULT CHARSET=utf8mb4 COLLATE=utf8mb4_general_ci;

--
-- Dumping data for table `clintreviews`
--

INSERT INTO `clintreviews` (`Id`, `image`, `name`, `reviewer_email`, `rating`, `comment`, `createdBy`, `created_at`) VALUES
(2, 'data:image/svg+xml;base64,PHN2ZyB3aWR0aD0iMTAwIiBoZWlnaHQ9IjEwMCIgeG1sbnM9Imh0dHA6Ly93d3cudzMub3JnLzIwMDAvc3ZnIj4NCiAgICA8c3R5bGU+DQogICAgICAgIC5iYWNrZ3JvdW5kIHsgZmlsbDogI0ZGNTczMzsgfQ0KICAgICAgICAubGV0dGVyIHsgZm9udC1zaXplOiA1MHB4OyBmaWxsOiB3aGl0ZTsgdGV4dC1hbmNob3I6IG1pZGRsZTsgYWxpZ25tZW50LWJhc2VsaW5lOiBtaWRkbGU7IGZvbnQtZmFtaWx5OiBBcmlhbDsgfQ0KICAgIDwvc3R5bGU+DQogICAgPHJlY3Qgd2lkdGg9IjEwMCIgaGVpZ2h0PSIxMDAiIGNsYXNzPSJiYWNrZ3JvdW5kIi8+DQogICAgPHRleHQgeD0iNTAiIHk9IjUwIiBjbGFzcz0ibGV0dGVyIj5BPC90ZXh0Pg0KPC9zdmc+', 'Anita Sharma', NULL, NULL, ' \"Little Moon School provides a nurturing and safe environment for children. The teachers are caring, and the campus is clean and well-maintained. My child loves coming to school every day!\"', 1, '2025-06-16 14:12:59'),
(3, 'data:image/svg+xml;base64,PHN2ZyB3aWR0aD0iMTAwIiBoZWlnaHQ9IjEwMCIgeG1sbnM9Imh0dHA6Ly93d3cudzMub3JnLzIwMDAvc3ZnIj4NCiAgICA8c3R5bGU+DQogICAgICAgIC5iYWNrZ3JvdW5kIHsgZmlsbDogI0ZGQkYwMDsgfQ0KICAgICAgICAubGV0dGVyIHsgZm9udC1zaXplOiA1MHB4OyBmaWxsOiB3aGl0ZTsgdGV4dC1hbmNob3I6IG1pZGRsZTsgYWxpZ25tZW50LWJhc2VsaW5lOiBtaWRkbGU7IGZvbnQtZmFtaWx5OiBBcmlhbDsgfQ0KICAgIDwvc3R5bGU+DQogICAgPHJlY3Qgd2lkdGg9IjEwMCIgaGVpZ2h0PSIxMDAiIGNsYXNzPSJiYWNrZ3JvdW5kIi8+DQogICAgPHRleHQgeD0iNTAiIHk9IjUwIiBjbGFzcz0ibGV0dGVyIj5SPC90ZXh0Pg0KPC9zdmc+', 'Rajesh Patel', NULL, NULL, ' \"The school has a perfect balance of academics and extracurricular activities. The playgrounds, labs, and classrooms are modern and child-friendly. Highly recommended!\"', 1, '2025-06-16 14:13:05'),
(4, 'data:image/svg+xml;base64,PHN2ZyB3aWR0aD0iMTAwIiBoZWlnaHQ9IjEwMCIgeG1sbnM9Imh0dHA6Ly93d3cudzMub3JnLzIwMDAvc3ZnIj4NCiAgICA8c3R5bGU+DQogICAgICAgIC5iYWNrZ3JvdW5kIHsgZmlsbDogI0ZGNEM0QzsgfQ0KICAgICAgICAubGV0dGVyIHsgZm9udC1zaXplOiA1MHB4OyBmaWxsOiB3aGl0ZTsgdGV4dC1hbmNob3I6IG1pZGRsZTsgYWxpZ25tZW50LWJhc2VsaW5lOiBtaWRkbGU7IGZvbnQtZmFtaWx5OiBBcmlhbDsgfQ0KICAgIDwvc3R5bGU+DQogICAgPHJlY3Qgd2lkdGg9IjEwMCIgaGVpZ2h0PSIxMDAiIGNsYXNzPSJiYWNrZ3JvdW5kIi8+DQogICAgPHRleHQgeD0iNTAiIHk9IjUwIiBjbGFzcz0ibGV0dGVyIj5QPC90ZXh0Pg0KPC9zdmc+', 'Priya Nair', NULL, NULL, '  \"I appreciate the school’s focus on holistic development. The eco-friendly campus and emphasis on discipline make it an ideal place for learning. My child has grown so much here!\"', 1, '2025-06-16 14:13:12'),
(5, 'data:image/svg+xml;base64,PHN2ZyB3aWR0aD0iMTAwIiBoZWlnaHQ9IjEwMCIgeG1sbnM9Imh0dHA6Ly93d3cudzMub3JnLzIwMDAvc3ZnIj4NCiAgICA8c3R5bGU+DQogICAgICAgIC5iYWNrZ3JvdW5kIHsgZmlsbDogI0ZGMzNEMjsgfQ0KICAgICAgICAubGV0dGVyIHsgZm9udC1zaXplOiA1MHB4OyBmaWxsOiB3aGl0ZTsgdGV4dC1hbmNob3I6IG1pZGRsZTsgYWxpZ25tZW50LWJhc2VsaW5lOiBtaWRkbGU7IGZvbnQtZmFtaWx5OiBBcmlhbDsgfQ0KICAgIDwvc3R5bGU+DQogICAgPHJlY3Qgd2lkdGg9IjEwMCIgaGVpZ2h0PSIxMDAiIGNsYXNzPSJiYWNrZ3JvdW5kIi8+DQogICAgPHRleHQgeD0iNTAiIHk9IjUwIiBjbGFzcz0ibGV0dGVyIj5NPC90ZXh0Pg0KPC9zdmc+', 'Mr. & Mrs. Kapoor ', NULL, NULL, ' \"The school environment is positive and motivating. The teachers encourage creativity, and the infrastructure supports a great learning experience. Very happy with our choice!\"', 1, '2025-06-16 14:13:38'),
(6, 'data:image/svg+xml;base64,PHN2ZyB3aWR0aD0iMTAwIiBoZWlnaHQ9IjEwMCIgeG1sbnM9Imh0dHA6Ly93d3cudzMub3JnLzIwMDAvc3ZnIj4NCiAgICA8c3R5bGU+DQogICAgICAgIC5iYWNrZ3JvdW5kIHsgZmlsbDogI0ZGNTczMzsgfQ0KICAgICAgICAubGV0dGVyIHsgZm9udC1zaXplOiA1MHB4OyBmaWxsOiB3aGl0ZTsgdGV4dC1hbmNob3I6IG1pZGRsZTsgYWxpZ25tZW50LWJhc2VsaW5lOiBtaWRkbGU7IGZvbnQtZmFtaWx5OiBBcmlhbDsgfQ0KICAgIDwvc3R5bGU+DQogICAgPHJlY3Qgd2lkdGg9IjEwMCIgaGVpZ2h0PSIxMDAiIGNsYXNzPSJiYWNrZ3JvdW5kIi8+DQogICAgPHRleHQgeD0iNTAiIHk9IjUwIiBjbGFzcz0ibGV0dGVyIj5TPC90ZXh0Pg0KPC9zdmc+', 'Sunita Reddy', NULL, NULL, ' \"The school promotes values along with education. The classrooms are spacious, and the library is well-stocked. My child feels at home here. Thank you, Little Moon!\"', 1, '2025-06-16 14:14:03'),
(7, 'data:image/svg+xml;base64,PHN2ZyB3aWR0aD0iMTAwIiBoZWlnaHQ9IjEwMCIgeG1sbnM9Imh0dHA6Ly93d3cudzMub3JnLzIwMDAvc3ZnIj4NCiAgICA8c3R5bGU+DQogICAgICAgIC5iYWNrZ3JvdW5kIHsgZmlsbDogI0E2MzNGRjsgfQ0KICAgICAgICAubGV0dGVyIHsgZm9udC1zaXplOiA1MHB4OyBmaWxsOiB3aGl0ZTsgdGV4dC1hbmNob3I6IG1pZGRsZTsgYWxpZ25tZW50LWJhc2VsaW5lOiBtaWRkbGU7IGZvbnQtZmFtaWx5OiBBcmlhbDsgfQ0KICAgIDwvc3R5bGU+DQogICAgPHJlY3Qgd2lkdGg9IjEwMCIgaGVpZ2h0PSIxMDAiIGNsYXNzPSJiYWNrZ3JvdW5kIi8+DQogICAgPHRleHQgeD0iNTAiIHk9IjUwIiBjbGFzcz0ibGV0dGVyIj5WPC90ZXh0Pg0KPC9zdmc+', 'Vikram Singh', NULL, NULL, ' \"The school has excellent security measures, and the staff is always welcoming. The sports facilities and cultural activities make learning fun and engaging.\"', 1, '2025-06-16 14:14:35'),
(8, 'data:image/svg+xml;base64,PHN2ZyB3aWR0aD0iMTAwIiBoZWlnaHQ9IjEwMCIgeG1sbnM9Imh0dHA6Ly93d3cudzMub3JnLzIwMDAvc3ZnIj4NCiAgICA8c3R5bGU+DQogICAgICAgIC5iYWNrZ3JvdW5kIHsgZmlsbDogI0ZGMzNEMjsgfQ0KICAgICAgICAubGV0dGVyIHsgZm9udC1zaXplOiA1MHB4OyBmaWxsOiB3aGl0ZTsgdGV4dC1hbmNob3I6IG1pZGRsZTsgYWxpZ25tZW50LWJhc2VsaW5lOiBtaWRkbGU7IGZvbnQtZmFtaWx5OiBBcmlhbDsgfQ0KICAgIDwvc3R5bGU+DQogICAgPHJlY3Qgd2lkdGg9IjEwMCIgaGVpZ2h0PSIxMDAiIGNsYXNzPSJiYWNrZ3JvdW5kIi8+DQogICAgPHRleHQgeD0iNTAiIHk9IjUwIiBjbGFzcz0ibGV0dGVyIj5NPC90ZXh0Pg0KPC9zdmc+', 'Meena Iyer', NULL, NULL, ' \"A perfect blend of discipline and freedom. The school encourages curiosity and independent thinking. The green campus and hygiene standards are impressive!\"', 1, '2025-06-16 14:14:59'),
(9, 'data:image/svg+xml;base64,PHN2ZyB3aWR0aD0iMTAwIiBoZWlnaHQ9IjEwMCIgeG1sbnM9Imh0dHA6Ly93d3cudzMub3JnLzIwMDAvc3ZnIj4NCiAgICA8c3R5bGU+DQogICAgICAgIC5iYWNrZ3JvdW5kIHsgZmlsbDogI0ZGNTczMzsgfQ0KICAgICAgICAubGV0dGVyIHsgZm9udC1zaXplOiA1MHB4OyBmaWxsOiB3aGl0ZTsgdGV4dC1hbmNob3I6IG1pZGRsZTsgYWxpZ25tZW50LWJhc2VsaW5lOiBtaWRkbGU7IGZvbnQtZmFtaWx5OiBBcmlhbDsgfQ0KICAgIDwvc3R5bGU+DQogICAgPHJlY3Qgd2lkdGg9IjEwMCIgaGVpZ2h0PSIxMDAiIGNsYXNzPSJiYWNrZ3JvdW5kIi8+DQogICAgPHRleHQgeD0iNTAiIHk9IjUwIiBjbGFzcz0ibGV0dGVyIj5BPC90ZXh0Pg0KPC9zdmc+', 'Arjun Malhotra', NULL, NULL, '   \"Little Moon School provides a world-class environment with caring teachers and modern facilities. My child has developed confidence and a love for learning. Best decision ever!\"', 1, '2025-06-27 06:41:06');

-- --------------------------------------------------------

--
-- Table structure for table `contactinfo`
--

CREATE TABLE `contactinfo` (
  `Id` int(15) NOT NULL,
  `address` varchar(255) DEFAULT NULL,
  `mobilephone` varchar(255) DEFAULT NULL,
  `email` varchar(255) DEFAULT NULL,
  `map` longtext DEFAULT NULL,
  `whatsapp` varchar(255) DEFAULT NULL,
  `instagram` varchar(255) DEFAULT NULL,
  `facebook` varchar(255) DEFAULT NULL,
  `twitter` varchar(255) DEFAULT NULL,
  `linkedin` varchar(255) DEFAULT NULL,
  `status` int(15) NOT NULL,
  `orderby` int(15) DEFAULT NULL,
  `createdby` int(15) DEFAULT NULL,
  `createddate` timestamp NOT NULL DEFAULT current_timestamp() ON UPDATE current_timestamp()
) ENGINE=InnoDB DEFAULT CHARSET=utf8mb4 COLLATE=utf8mb4_general_ci;

--
-- Dumping data for table `contactinfo`
--

INSERT INTO `contactinfo` (`Id`, `address`, `mobilephone`, `email`, `map`, `whatsapp`, `instagram`, `facebook`, `twitter`, `linkedin`, `status`, `orderby`, `createdby`, `createddate`) VALUES
(1, 'dfghjkjlksdfg             ', '2345678905', 'sfdghjbcbcdjdjf5', NULL, '7411239232', 'https://www.instagram.com/', 'https://www.facebook.com/', 'https://x.com/', 'https://www.linkedin.com/feed/', 0, 0, 1, '2025-09-19 13:14:38'),
(3, 'adsfghjk', '2345678', 'adsfghjk', NULL, '345678', 'sdfghjk', 'dfrtyfu', NULL, NULL, 1, 15, 1, '2025-09-09 07:33:43');

-- --------------------------------------------------------

--
-- Table structure for table `customers`
--

CREATE TABLE `customers` (
  `Id` int(11) NOT NULL,
  `name` varchar(255) NOT NULL,
  `email` varchar(255) NOT NULL,
  `phone` varchar(15) NOT NULL,
  `address` text NOT NULL,
  `createdby` int(15) DEFAULT NULL,
  `idproof` varchar(255) DEFAULT NULL,
  `created_at` timestamp NULL DEFAULT current_timestamp()
) ENGINE=InnoDB DEFAULT CHARSET=utf8mb4 COLLATE=utf8mb4_general_ci;

--
-- Dumping data for table `customers`
--

INSERT INTO `customers` (`Id`, `name`, `email`, `phone`, `address`, `createdby`, `idproof`, `created_at`) VALUES
(1, '7353665845', 'omkartelasang@gmail.com', '07353665845', '', 0, '46546', '2025-12-01 08:09:59'),
(2, '7353665845', 'omkartelasang@gmail.com', '07353665845', '', 0, '46546', '2025-12-01 08:13:30'),
(3, '7353665845', 'omkartelasang@gmail.com', '07353665845', '', 0, '46546', '2025-12-01 08:14:59'),
(4, '7353665845', 'omkartelasang@gmail.com', '07353665845', '', 0, '46546', '2025-12-01 17:57:38'),
(5, '7353665845', 'omkartelasang@gmail.com', '07353665845', '', 0, '46546', '2025-12-01 18:02:31'),
(6, '7353665845', 'omkartelasang@gmail.com', '07353665845', '', 0, '46546', '2025-12-01 18:05:26'),
(7, '7353665845', 'omkartelasang@gmail.com', '07353665845', '', 0, '46546', '2025-12-01 18:13:14'),
(8, '7353665845', 'omkartelasang@gmail.com', '07353665845', '', 0, '46546', '2025-12-01 18:25:13'),
(9, 'Omkar Telasang', 'omkartelasang@gmail.com', '07353665845', '', 0, '46546', '2025-12-01 18:26:05'),
(10, 'Omkar Telasang', 'omkartelasang@gmail.com', '07353665845', '', 0, '46546', '2025-12-01 18:27:43'),
(11, 'Omkar Telasang', 'omkartelasang@gmail.com', '07353665845', '', 0, '46546fsdadsfd', '2025-12-01 18:28:39'),
(12, 'Omkar Telasang', 'omkartelasang@gmail.com', '07353665845', '', 0, '46546fsdadsfd', '2025-12-01 18:33:04'),
(13, 'Omkar Telasang', 'omkartelasang@gmail.com', '07353665845', '', 0, '46546fsdadsfd', '2025-12-01 18:35:15'),
(14, 'Omkar Telasang', 'omkartelasang@gmail.com', '07353665845', '', 0, '46546fsdadsfd', '2025-12-01 18:37:26'),
(15, 'Omkar Telasang', 'omkartelasang@gmail.com', '07353665845', '', 0, '46546fsdadsfd', '2025-12-01 18:42:55'),
(16, 'chidambar kulkarni', 'chidambark106@gmail.com', '7411239232', '', 1, '', '2025-12-02 08:27:44'),
(17, 'chidambar kulkarni', 'chidambark106@gmail.com', '7411239232', '', 1, 'PAN - dsdhu2424h', '2025-12-02 08:53:55'),
(18, 'chidambar kulkarni', 'chidambark106@gmail.com', '7411239232', '', 1, 'PAN - dsdhu2424h', '2025-12-02 09:21:22'),
(19, 'Balabheem Kulkarni', 'chidambark106@gmail.com', '7654321890', '', 1, 'Passport - dfvb434', '2025-12-02 10:40:53');

-- --------------------------------------------------------

--
-- Table structure for table `defultconfigure`
--

CREATE TABLE `defultconfigure` (
  `Id` int(11) NOT NULL,
  `ConfigKey` varchar(255) NOT NULL,
  `Description` varchar(1000) DEFAULT NULL,
  `ValString` varchar(1000) DEFAULT NULL,
  `ValInt` int(255) DEFAULT NULL,
  `ValDecimal` decimal(55,0) DEFAULT NULL,
  `ValMoney` varchar(255) DEFAULT NULL,
  `ValDate` datetime DEFAULT NULL,
  `ValBool` bit(1) DEFAULT NULL
) ENGINE=InnoDB DEFAULT CHARSET=utf8mb4 COLLATE=utf8mb4_general_ci;

-- --------------------------------------------------------

--
-- Table structure for table `floor`
--

CREATE TABLE `floor` (
  `Id` int(15) NOT NULL,
  `name` varchar(255) DEFAULT NULL,
  `status` int(15) NOT NULL,
  `orderby` int(15) DEFAULT NULL,
  `createdby` int(15) DEFAULT NULL,
  `createddate` timestamp NOT NULL DEFAULT current_timestamp() ON UPDATE current_timestamp()
) ENGINE=InnoDB DEFAULT CHARSET=utf8mb4 COLLATE=utf8mb4_general_ci;

--
-- Dumping data for table `floor`
--

INSERT INTO `floor` (`Id`, `name`, `status`, `orderby`, `createdby`, `createddate`) VALUES
(19, 'Single', 1, 5, 1, '2025-11-26 07:36:35'),
(20, 'Deluxe King Room', 1, 10, 1, '2025-11-26 07:36:52');

-- --------------------------------------------------------

--
-- Table structure for table `gallery`
--

CREATE TABLE `gallery` (
  `Id` int(15) NOT NULL,
  `yearId` int(15) NOT NULL,
  `catogeryId` int(15) NOT NULL,
  `showinslider` varchar(255) DEFAULT NULL,
  `image` varchar(255) NOT NULL,
  `name` varchar(255) NOT NULL,
  `description` varchar(255) NOT NULL,
  `status` int(11) NOT NULL,
  `orderby` int(11) NOT NULL,
  `createdby` int(15) NOT NULL,
  `createddate` timestamp NOT NULL DEFAULT current_timestamp() ON UPDATE current_timestamp()
) ENGINE=InnoDB DEFAULT CHARSET=utf8mb4 COLLATE=utf8mb4_general_ci;

--
-- Dumping data for table `gallery`
--

INSERT INTO `gallery` (`Id`, `yearId`, `catogeryId`, `showinslider`, `image`, `name`, `description`, `status`, `orderby`, `createdby`, `createddate`) VALUES
(1, 2, 5, NULL, 'd92325d11339ca3567826ae95f91eed4.jpg', 'Chemistry', '     ', 1, 25, 1, '2025-06-28 19:21:59'),
(5, 2, 5, NULL, '3a652cb1b4a9a213f13f599cc5a5d659.jpg', 'Physics', ' ', 1, 10, 1, '2025-06-28 19:23:21'),
(6, 0, 0, NULL, '', '', '', 1, 20, 1, '2025-08-16 07:07:42'),
(7, 0, 3, NULL, '', 'vipas', ' asdfghfj', 1, 5, 1, '2025-12-02 12:17:53'),
(8, 0, 2, NULL, '', 'vipas', ' sdfgcvhnb', 1, 5, 1, '2025-12-02 13:00:09'),
(9, 0, 2, NULL, '', 'vipas', ' sdfgcvhnb', 1, 5, 1, '2025-12-02 13:02:47'),
(10, 0, 6, NULL, '', 'Vipas tech', ' gfgxdfzfdxgchjk', 1, 20, 1, '2025-12-02 13:06:40'),
(11, 0, 14, NULL, '', 'Kyrgyzstan', ' sdfvcbgvnb ', 1, 55, 1, '2025-12-02 13:15:15');

-- --------------------------------------------------------

--
-- Table structure for table `headaccounts`
--

CREATE TABLE `headaccounts` (
  `Id` int(11) NOT NULL,
  `AccountName` varchar(255) DEFAULT NULL,
  `ShortDescription` varchar(255) DEFAULT NULL,
  `LongDescription` varchar(255) DEFAULT NULL,
  `ParentAccId` int(15) DEFAULT NULL,
  `AccGrpCode` char(2) DEFAULT NULL,
  `AccSubGrpCode` char(2) DEFAULT NULL,
  `DisplayOrder` int(10) DEFAULT NULL,
  `ProfitLossId` int(15) DEFAULT NULL,
  `BalanceSheetId` int(15) DEFAULT NULL,
  `LongDescriptionNoUniCode` varchar(255) NOT NULL,
  `ShowInCashBook` int(11) NOT NULL DEFAULT 0
) ENGINE=InnoDB DEFAULT CHARSET=utf8mb4 COLLATE=utf8mb4_general_ci;

--
-- Dumping data for table `headaccounts`
--

INSERT INTO `headaccounts` (`Id`, `AccountName`, `ShortDescription`, `LongDescription`, `ParentAccId`, `AccGrpCode`, `AccSubGrpCode`, `DisplayOrder`, `ProfitLossId`, `BalanceSheetId`, `LongDescriptionNoUniCode`, `ShowInCashBook`) VALUES
(1, 'Bank Accounts', 'All Miscellaneous Expenses', 'NULL ', 0, 'BA', 'SB', 1, 0, 1, 'NULL', 1),
(2, 'Bank OCC A/C', 'NULL', 'NULL ', 0, 'BA', 'CB', 0, 0, 1, 'NULL', 1),
(3, 'Bank OD A/C', 'NULL', 'NULL ', 0, 'BA', 'SB', 0, 0, 1, 'NULL', 1),
(4, 'Cash-in-Hand', 'NULL', 'NULL ', 0, 'CH', 'CH', 0, 0, 5, 'NULL', 1),
(5, 'Furniture', 'NULL', 'NULL ', 0, 'FA', 'FA', 0, 0, 3, 'NULL', 1),
(6, 'Machinery', 'NULL', 'NULL ', 0, 'FA', 'MA', 0, 0, 3, 'NULL', 1),
(7, 'Building', 'NULL', 'NULL ', 0, 'FA', 'BA', 0, 0, 3, 'NULL', 1),
(8, 'Vehicle', 'NULL', 'NULL ', 0, 'FA', 'VA', 0, 0, 3, 'NULL', 1),
(9, 'Electrical Fittings', 'NULL', 'NULL ', 0, 'FA', 'EF', 0, 0, 3, 'NULL', 1),
(10, 'Duties & Taxes', 'NULL', 'NULL ', 0, 'DT', 'DT', 0, 0, 4, 'NULL', 1),
(11, 'Computer', 'NULL', 'NULL ', 0, 'FA', 'CA', 0, 0, 3, 'NULL', 1),
(12, 'Telephone Deposits', 'NULL', 'NULL ', 0, 'DA', 'TD', 0, 0, 5, 'NULL', 1),
(13, 'Building Advance', 'NULL', 'NULL ', 0, 'DA', 'BA', 0, 0, 5, 'NULL', 1),
(14, 'Security Deposit', 'NULL', 'NULL ', 0, 'DA', 'SD', 0, 0, 5, 'NULL', 1),
(15, 'Fixed Deposits', 'NULL', 'NULL ', 0, 'DA', 'FD', 0, 0, 5, 'NULL', 1),
(16, 'Wages', 'NULL', 'NULL ', 0, 'DE', 'WA', 0, 3, 0, 'NULL', 1),
(17, 'Manufacturing Charges', 'NULL', 'NULL ', 0, 'DE', 'MC', 0, 3, 0, 'NULL', 1),
(18, 'Packing Charges', 'NULL', 'NULL ', 0, 'DE', 'PC', 0, 3, 0, 'NULL', 1),
(19, 'Carting Charges', 'NULL', 'NULL ', 0, 'DE', 'CC', 0, 3, 0, 'NULL', 1),
(20, 'Salary Paid', 'NULL', 'NULL ', 0, 'IE', 'SP', 0, 4, 0, 'NULL', 1),
(21, 'Rent Paid', 'NULL', 'NULL ', 0, 'IE', 'RP', 0, 4, 0, 'NULL', 1),
(22, 'Electricity Charge', 'NULL', 'NULL ', 0, 'IE', 'EC', 0, 4, 0, 'NULL', 1),
(23, 'Telephone Charge', 'NULL', 'NULL ', 0, 'IE', 'TC', 0, 4, 0, 'NULL', 1),
(24, 'Discount Allowed', 'NULL', 'NULL ', 0, 'IE', 'DA', 0, 4, 0, 'NULL', 1),
(25, 'Interest paid', 'NULL', 'NULL ', 0, 'IE', 'IP', 0, 4, 0, 'NULL', 1),
(26, 'Commission paid', 'NULL', 'NULL ', 0, 'IE', 'CP', 0, 4, 0, 'NULL', 1),
(27, 'Depreciation in Fixed Assets', 'NULL', 'NULL ', 0, 'IE', 'DF', 0, 4, 0, 'NULL', 1),
(28, 'Stationary', 'NULL', 'NULL ', 0, 'IE', 'SA', 0, 4, 0, 'NULL', 1),
(29, 'DD charges', 'NULL', 'NULL ', 0, 'IE', 'DC', 0, 4, 0, 'NULL', 1),
(30, 'Conveyance Expenses', 'NULL', 'NULL ', 0, 'IE', 'CE', 0, 4, 0, 'NULL', 1),
(31, 'Intrest received', 'NULL', 'NULL ', 0, 'II', 'IR', 0, 5, 0, 'NULL', 1),
(32, 'Rent Received', 'NULL', 'NULL ', 0, 'II', 'RR', 0, 5, 0, 'NULL', 1),
(33, 'Received Commission', 'NULL', 'NULL ', 0, 'II', 'RC', 0, 5, 0, 'NULL', 1),
(34, 'Discount Received', 'NULL', 'NULL ', 0, 'II', 'DR', 0, 5, 0, 'NULL', 1),
(35, 'Drawings', 'NULL', 'NULL ', 0, 'CA', 'DA', 0, 0, 1, 'NULL', 1),
(36, 'Secured Loans', 'NULL', 'NULL ', 0, 'LN', 'SL', 0, 0, 2, 'NULL', 1),
(37, 'Unsecured Loans', 'NULL', 'NULL ', 0, 'LN', 'UL', 0, 0, 2, 'NULL', 1),
(38, 'Sundry Crediotors', 'NULL', 'NULL ', 0, 'SC', 'SC', 0, 0, 5, 'NULL', 1),
(39, 'Loans and Advances', 'NULL', 'NULL ', 0, 'LA', 'LA', 0, 0, 5, 'NULL', 1),
(40, 'Stock in Hand', 'NULL', 'NULL ', 0, 'SH', 'SH', 0, 0, 4, 'NULL', 1),
(41, 'Shares', 'NULL', 'NULL ', 0, 'IN', 'SI', 0, 0, 4, 'NULL', 1),
(42, 'Mutual Fund', 'NULL', 'NULL ', 0, 'IN', 'MI', 0, 0, 4, 'NULL', 1),
(43, 'Sales Goods', 'NULL', 'NULL ', 0, 'SG', 'SG', 0, 2, 0, 'NULL', 1),
(44, 'Purchase Goods', 'NULL', 'NULL ', 0, 'PG', 'PG', 0, 1, 0, 'NULL', 1),
(45, 'Srt Bank', 'NULL', 'Srt Bank ', 0, 'BA', 'SR', 0, 0, 6, 'Srt Bank', 1),
(46, 'CANARA BANK', 'NULL', 'CANARA BANK ', 0, 'BA', 'CA', 0, 0, 6, 'CANARA BANK', 1),
(47, 'Purchase Return', 'NULL', 'NULL ', 0, 'PR', 'PG', 0, 0, 0, 'NULL', 1),
(48, 'Sale Return', 'NULL', 'NULL ', 0, 'SR', 'SG', 0, 0, 0, 'NULL', 1),
(49, 'Purchase Credit', 'NULL', 'NULL ', 0, 'PC', 'PG', 0, 0, 0, 'NULL', 1),
(50, 'Sale Credit', 'NULL', 'NULL ', 0, 'SC', 'SG', 0, 0, 0, 'NULL', 1),
(51, 'Wallet', 'NULL', 'NULL ', 0, 'WA', 'WL', 0, 0, 0, 'NULL', 1);

-- --------------------------------------------------------

--
-- Table structure for table `lookupvalues`
--

CREATE TABLE `lookupvalues` (
  `Id` int(15) NOT NULL,
  `GroupName` varchar(255) DEFAULT NULL,
  `DisplayValue` varchar(255) DEFAULT NULL,
  `Description` varchar(255) DEFAULT NULL,
  `SortOrder` int(10) DEFAULT NULL,
  `Active` int(10) NOT NULL DEFAULT 1,
  `ValueCode` varchar(255) DEFAULT NULL
) ENGINE=InnoDB DEFAULT CHARSET=utf8mb4 COLLATE=utf8mb4_general_ci;

--
-- Dumping data for table `lookupvalues`
--

INSERT INTO `lookupvalues` (`Id`, `GroupName`, `DisplayValue`, `Description`, `SortOrder`, `Active`, `ValueCode`) VALUES
(1, 'Unit', 'Ltr', 'NULL ', 15, 0, 'NULL'),
(2, 'GSTSlab', '0%', '0 ', 5, 0, 'NULL'),
(3, 'GSTSlab', '5%', '5 ', 10, 0, 'NULL'),
(4, 'GSTSlab', '12%', '12 ', 15, 0, 'NULL'),
(5, 'GSTSlab', '18%', '18 ', 20, 0, 'NULL'),
(6, 'GSTSlab', '28%', '28 ', 25, 0, 'NULL'),
(7, 'TransactionType', '', 'NULL ', 1, 0, 'NULL'),
(8, 'TransactionType', 'CR', 'NULL ', 5, 0, 'TTCR'),
(9, 'TransactionType', 'DR', 'NULL ', 10, 0, 'TTDR'),
(10, 'PaymentMethod', 'Cash', 'NULL ', 5, 0, 'PMCA'),
(11, 'PaymentMethod', 'Debit Card', 'NULL ', 10, 0, 'PMTC'),
(12, 'PaymentMethod', 'Credit Card', 'NULL ', 15, 0, 'PMTC'),
(13, 'PaymentMethod', 'Net Banking', 'NULL ', 20, 0, 'PMTC'),
(14, 'PaymentMethod', 'PhonePe', 'NULL ', 25, 0, 'PMTC'),
(15, 'PaymentMethod', 'Paytm', 'NULL ', 30, 0, 'PMTC'),
(16, 'PaymentMethod', 'Google Pay', 'NULL ', 35, 0, 'PMTC'),
(17, 'PaymentMethod', 'Others', 'NULL ', 40, 0, 'PMTC'),
(18, 'Gender', '', 'NULL ', 5, 0, 'NULL'),
(19, 'Gender', 'Male', 'NULL ', 10, 0, 'NULL'),
(20, 'Gender', 'Female', 'NULL ', 15, 0, 'NULL'),
(21, 'Gender', 'Transgender', 'NULL ', 20, 0, 'NULL'),
(22, 'Status', '', ' ', 1, 0, 'NULL'),
(23, 'Status', 'Applied', 'NULL ', 5, 0, 'NULL'),
(24, 'Status', 'Pending', 'NULL ', 10, 0, 'NULL'),
(25, 'Status', 'Approved', 'NULL ', 15, 0, 'NULL'),
(26, 'Status', 'Active', 'NULL ', 20, 0, 'NULL'),
(27, 'Status', 'Suspend', 'NULL ', 25, 0, 'NULL'),
(28, 'Status', 'Locked', 'NULL ', 30, 0, 'NULL'),
(29, 'Status', 'Closed', 'NULL ', 35, 0, 'NULL'),
(30, 'PaymentMethod', 'By Cheque', 'NULL ', 7, 0, 'NULL'),
(31, 'PaymentMethod', 'Account Transfer', 'NULL ', 8, 0, 'NULL'),
(32, 'Unit', 'Pic', 'NULL ', 5, 0, 'NULL'),
(33, 'Unit', 'Pkg', 'NULL ', 6, 0, 'NULL'),
(34, 'Unit', 'Box', 'NULL ', 20, 0, 'NULL'),
(35, 'Unit', 'Bag', 'NULL ', 25, 0, 'NULL'),
(36, 'Unit', 'Nom', 'NULL ', 30, 0, 'NULL'),
(37, 'DiscountType', 'Per Unit', 'NULL ', 10, 0, 'NULL'),
(38, 'DiscountType', 'Amount', 'NULL ', 15, 0, 'NULL'),
(39, 'DiscountType', 'Percentege', 'NULL ', 20, 0, 'NULL'),
(40, 'YearMonths', 'January', 'NULL ', 1, 0, '1'),
(41, 'YearMonths', 'February', 'NULL ', 2, 0, '2'),
(42, 'YearMonths', 'March', 'NULL ', 3, 0, '3'),
(43, 'YearMonths', 'April', 'NULL ', 4, 0, '4'),
(44, 'YearMonths', 'May', 'NULL ', 5, 0, '5'),
(45, 'YearMonths', 'June', 'NULL ', 6, 0, '6'),
(46, 'YearMonths', 'July', 'NULL ', 7, 0, '7'),
(47, 'YearMonths', 'August', 'NULL ', 8, 0, '8'),
(48, 'YearMonths', 'September', 'NULL ', 9, 0, '9'),
(49, 'YearMonths', 'October', 'NULL ', 10, 0, '10'),
(50, 'YearMonths', 'November', 'NULL ', 11, 0, '11'),
(51, 'YearMonths', 'December', 'NULL ', 12, 0, '12'),
(52, 'EventType', 'Holiday', 'NULL ', 0, 0, 'HDY'),
(53, 'PaymentMethod', 'Credit', 'NULL ', 45, 0, 'PMC'),
(54, 'SalaryType', 'Per Day', 'NULL ', 10, 0, 'STD'),
(55, 'SalaryType', 'Per Month', 'NULL ', 15, 0, 'STM'),
(56, 'StaffStatus', 'Active', 'NULL ', 10, 0, 'NULL'),
(57, 'StaffStatus', 'InActive', 'NULL ', 15, 0, 'NULL'),
(58, 'CustomerType', 'Customer', 'NULL ', 5, 0, 'CUST'),
(59, 'CustomerType', 'Dealer', 'NULL ', 10, 0, 'DLR'),
(60, 'PaymentMethod', 'Wallet', 'NULL ', 50, 0, 'PMWL'),
(61, 'TableStatus', 'Available', NULL, 5, 1, 'TSA'),
(62, 'TableStatus', 'Occupied', NULL, 10, 1, 'TSO'),
(63, 'TableStatus', 'Reserved', NULL, 15, 1, 'TSR'),
(64, 'roomtype', 'Single', NULL, 5, 1, 'RSNG'),
(65, 'roomtype', 'Double', NULL, 10, 1, 'RDOB'),
(66, 'roomtype', 'Deluxe', NULL, 15, 1, 'RDLX'),
(67, 'roomtype', 'Suite', NULL, 20, 1, 'RSIT'),
(68, 'roomstatus', 'Available', NULL, 5, 1, 'RAVL'),
(69, 'roomstatus', 'Booked', NULL, 10, 1, 'RBKD'),
(70, 'roomstatus', 'Maintenance', NULL, 15, 1, 'RMTC');

-- --------------------------------------------------------

--
-- Table structure for table `notifications`
--

CREATE TABLE `notifications` (
  `Id` int(11) NOT NULL,
  `customer_id` int(11) NOT NULL,
  `message` text NOT NULL,
  `type` enum('email','sms','whatsapp') NOT NULL,
  `sent_at` datetime DEFAULT current_timestamp()
) ENGINE=InnoDB DEFAULT CHARSET=utf8mb4 COLLATE=utf8mb4_general_ci;

-- --------------------------------------------------------

--
-- Table structure for table `orginfo`
--

CREATE TABLE `orginfo` (
  `Id` int(15) NOT NULL,
  `name` varchar(255) DEFAULT NULL,
  `Phone` varchar(255) DEFAULT NULL,
  `Website` varchar(255) DEFAULT NULL,
  `Email` varchar(255) DEFAULT NULL,
  `GST` varchar(255) DEFAULT NULL,
  `Address` varchar(1000) DEFAULT NULL,
  `logo` varchar(255) DEFAULT NULL,
  `logoWidth` int(255) DEFAULT 150,
  `BankName` varchar(500) DEFAULT NULL,
  `AccountNo` varchar(30) DEFAULT NULL,
  `IFSCCode` varchar(14) DEFAULT NULL,
  `membership` int(255) NOT NULL,
  `payment_time` varchar(255) NOT NULL
) ENGINE=InnoDB DEFAULT CHARSET=utf8mb4 COLLATE=utf8mb4_general_ci;

--
-- Dumping data for table `orginfo`
--

INSERT INTO `orginfo` (`Id`, `name`, `Phone`, `Website`, `Email`, `GST`, `Address`, `logo`, `logoWidth`, `BankName`, `AccountNo`, `IFSCCode`, `membership`, `payment_time`) VALUES
(1, 'Vipas', '07353665845', '', 'omkartelasang@gmail.com', '', 'Near water tank', '72449997b43ea70e949f3d3829402861.jpg', 150, '', '', '', 0, ''),
(2, 'omkar Shop', '7353665845', NULL, 'omkartelasang+5@gmail.com', NULL, NULL, NULL, 150, NULL, NULL, NULL, 0, ''),
(3, 'vipas hotel', '7353665845', NULL, 'omkartelasang@gmail.com', NULL, NULL, NULL, 150, NULL, NULL, NULL, 0, ''),
(4, 'Your Toy Buy', '07353665845', NULL, 'omkartelasang@gmail.com', NULL, NULL, NULL, 150, NULL, NULL, NULL, 0, ''),
(5, 'Your Toy Buy5', '07353665845', NULL, 'omkartelasang@gmail.com', NULL, NULL, NULL, 150, NULL, NULL, NULL, 0, ''),
(6, 'Your Toy Buy56', '07353665845', NULL, 'omkartelasang@gmail.com', NULL, NULL, NULL, 150, NULL, NULL, NULL, 0, ''),
(7, 'Satvam', '07353665845', '', 'omkartelasang@gmail.com', '', '', '0b4b563ff1a5c5972080b40c2a47cf73.png', 150, '', '', '', 0, ''),
(8, 'stavam', '7353665845', NULL, 'omkartelasang@gmail.com', NULL, NULL, NULL, 150, NULL, NULL, NULL, 0, ''),
(9, 'oakdhh', '07353665845', NULL, 'omkartelasang@gmail.com', NULL, NULL, NULL, 150, NULL, NULL, NULL, 0, ''),
(10, 'emailtest', '7353665845', NULL, 'omkartelasang@gmail.com', NULL, NULL, NULL, 150, NULL, NULL, NULL, 0, ''),
(11, 'emailtest1', '07353665845', NULL, 'omkartelasang@gmail.com', NULL, NULL, NULL, 150, NULL, NULL, NULL, 0, ''),
(12, 'emailtest12', '07353665845', NULL, 'omkartelasang@gmail.com', NULL, NULL, NULL, 150, NULL, NULL, NULL, 0, ''),
(13, 'Arabian Knights', '7353665845', NULL, 'omkartelasang@gmail.com', NULL, NULL, NULL, 150, NULL, NULL, NULL, 0, '');

-- --------------------------------------------------------

--
-- Table structure for table `payments`
--

CREATE TABLE `payments` (
  `payment_id` int(11) NOT NULL,
  `booking_id` int(11) NOT NULL,
  `payment_method` enum('cash','card','upi','online') NOT NULL,
  `transaction_id` varchar(100) DEFAULT NULL,
  `amount` decimal(10,2) NOT NULL,
  `payment_date` datetime DEFAULT current_timestamp(),
  `status` enum('success','failed','pending') DEFAULT 'pending'
) ENGINE=InnoDB DEFAULT CHARSET=utf8mb4 COLLATE=utf8mb4_general_ci;

-- --------------------------------------------------------

--
-- Table structure for table `product`
--

CREATE TABLE `product` (
  `Id` int(15) NOT NULL,
  `productcetogeryId` int(15) DEFAULT NULL,
  `name` varchar(255) DEFAULT NULL,
  `image` varchar(255) DEFAULT NULL,
  `description` mediumtext DEFAULT NULL,
  `price` int(10) DEFAULT NULL,
  `halfprice` int(10) DEFAULT NULL,
  `samplenotes` varchar(1000) DEFAULT NULL,
  `realnotes` varchar(1000) DEFAULT NULL,
  `active` int(10) NOT NULL DEFAULT 1,
  `in_stock` int(10) NOT NULL DEFAULT 1,
  `orginfoId` int(15) DEFAULT NULL,
  `createdby` int(15) DEFAULT NULL,
  `createddate` timestamp NOT NULL DEFAULT current_timestamp() ON UPDATE current_timestamp()
) ENGINE=InnoDB DEFAULT CHARSET=utf8mb4 COLLATE=utf8mb4_general_ci;

--
-- Dumping data for table `product`
--

INSERT INTO `product` (`Id`, `productcetogeryId`, `name`, `image`, `description`, `price`, `halfprice`, `samplenotes`, `realnotes`, `active`, `in_stock`, `orginfoId`, `createdby`, `createddate`) VALUES
(9, 6, 'Poha', '8505f354f139be84a78c79051e702643.jpg', '<p>vhxyh</p>\r\n', 30, 15, NULL, NULL, 1, 1, NULL, 1, '2025-05-04 06:41:50'),
(10, 6, 'Shira', 'cc7288b91dcf3bd5f2afa3453734672c.jpg', '<p>hjvdai</p>\r\n', 0, 80, NULL, NULL, 1, 1, NULL, 1, '2025-05-04 07:27:31'),
(11, 6, 'Upma', '1fa324e2f1530ffd5f034520aeee26b9.jpg', '<p>kgoad</p>\r\n', 30, NULL, NULL, NULL, 1, 1, NULL, 1, '2025-02-28 14:11:46'),
(12, 6, 'idli', '', '<p>bfoieo</p>\r\n', 40, NULL, NULL, NULL, 1, 1, NULL, 1, '2025-02-28 04:54:57'),
(13, 6, 'Masala Dosa', '', '<p>dadsxatu</p>\r\n', 70, NULL, NULL, NULL, 1, 1, NULL, 1, '2025-02-28 04:56:02'),
(14, 6, 'Onion Parantha', '', '<p>cbiav</p>\r\n', 50, NULL, NULL, NULL, 1, 1, NULL, 1, '2025-02-28 05:04:14'),
(15, 6, 'Butter Dosa', '', '<p>dvfiofuvf</p>\r\n', 90, NULL, NULL, NULL, 1, 0, NULL, 1, '2025-02-21 09:40:12'),
(16, 6, 'Puri', '', '<p>mddiowbp</p>\r\n', 80, NULL, NULL, NULL, 1, 0, NULL, 1, '2025-02-21 09:40:53'),
(17, 6, 'Mysore Bajji', '', '<p>dvbsvo</p>\r\n', 65, NULL, NULL, NULL, 1, 0, NULL, 1, '2025-02-21 09:41:39'),
(18, 6, 'Dhai Vada', '', '<p>sjvso</p>\r\n', 80, NULL, NULL, NULL, 1, 0, NULL, 1, '2025-02-21 09:42:12'),
(19, 7, 'Veg Thali', '', '<p>fdsofqvle</p>\r\n', 180, NULL, NULL, NULL, 1, 1, NULL, 1, '2025-03-05 17:17:19'),
(20, 7, 'Jeera Rice', '4b98a4ad4f7256969d15350b1f4b8a8a.jpg', '<p>hfvwso</p>\r\n', 160, NULL, NULL, NULL, 1, 0, NULL, 1, '2025-02-21 09:45:20'),
(21, 7, 'Veg Pulao', '', '<p>bipbfme</p>\r\n', 195, NULL, NULL, NULL, 1, 0, NULL, 1, '2025-02-21 09:45:58'),
(22, 7, 'Dal Fry', '', '<p>biukv</p>\r\n', 160, NULL, NULL, NULL, 1, 0, NULL, 1, '2025-02-21 09:46:31'),
(23, 7, 'Allo Paratha ', '', '<p>nfwpiog</p>\r\n', 80, NULL, NULL, NULL, 1, 0, NULL, 1, '2025-02-21 09:47:12'),
(24, 7, 'Vanga Masala', '', '<p>cjbasvao</p>\r\n', 180, NULL, NULL, NULL, 1, 0, NULL, 1, '2025-02-21 09:47:53'),
(25, 7, 'Tava Pulao', '', '<p>cbavo</p>\r\n', 225, NULL, NULL, NULL, 1, 0, NULL, 1, '2025-02-21 09:48:37'),
(26, 7, 'Kurama Bhaji', '', '<p>ckbvap</p>\r\n', 185, NULL, NULL, NULL, 1, 0, NULL, 1, '2025-02-21 09:49:21'),
(27, 8, 'Veg Kolhapuri', '', '<p>gfwofgw</p>\r\n', 120, NULL, NULL, NULL, 1, 0, NULL, 1, '2025-02-21 09:50:07'),
(28, 8, 'Panneer Matar', '', '<p>ifgolg</p>\r\n', 200, NULL, NULL, NULL, 1, 0, NULL, 1, '2025-02-21 09:50:42'),
(29, 8, 'Panner Palak', '', '<p>voef</p>\r\n', 210, NULL, NULL, NULL, 1, 0, NULL, 1, '2025-02-21 09:51:23'),
(30, 8, 'Panner Tikka', '', '<p>vgvwpilg</p>\r\n', 200, NULL, NULL, NULL, 1, 0, NULL, 1, '2025-02-21 09:52:23'),
(31, 8, 'Panner Masala', '', '<p>scnms</p>\r\n', 190, NULL, NULL, NULL, 1, 0, NULL, 1, '2025-02-21 09:55:40'),
(32, 9, 'Veg Manchurian', '', '<p>fnvp</p>\r\n', 90, NULL, NULL, NULL, 1, 0, NULL, 1, '2025-02-21 09:56:34'),
(33, 9, 'Veg Fried Rice', '', '<p>vknv</p>\r\n', 165, NULL, NULL, NULL, 1, 0, NULL, 1, '2025-02-21 09:57:08'),
(34, 9, 'Veg Schezwan Rice', '', '<p>vknbps</p>\r\n', 170, NULL, NULL, NULL, 1, 0, NULL, 1, '2025-02-21 09:57:38'),
(35, 9, 'Veg Manchou Soup', '', '<p>vnw[fb</p>\r\n', 120, NULL, NULL, NULL, 1, 0, NULL, 1, '2025-02-21 09:58:22'),
(36, 9, 'Veg Biryani', '', '<p>sknbpdva</p>\r\n', 210, NULL, NULL, NULL, 1, 0, NULL, 1, '2025-02-21 09:58:47'),
(37, 9, 'Panner Hakka Noodles', '', '<p>fiufwgcsk</p>\r\n', 110, NULL, NULL, NULL, 1, 0, NULL, 1, '2025-02-21 10:01:00'),
(38, 9, ' Panner Schezwan Rice', '', '<p>&nbsp;nvpd&nbsp;</p>\r\n', 175, NULL, NULL, NULL, 1, 0, NULL, 1, '2025-02-21 10:02:18'),
(46, 65, 'Watermelon Masti', NULL, '', 89, NULL, NULL, NULL, 1, 1, NULL, NULL, '2025-04-07 08:01:11'),
(47, 65, 'Mithi Mosambi', NULL, '', 89, NULL, NULL, NULL, 1, 1, NULL, NULL, '2025-04-07 08:01:11'),
(48, 65, 'Pineapple Pasand', NULL, '', 89, NULL, NULL, NULL, 1, 1, NULL, NULL, '2025-04-07 08:01:11'),
(49, 65, 'Narangi Orange', NULL, '', 89, NULL, NULL, NULL, 1, 1, NULL, NULL, '2025-04-07 08:01:11'),
(50, 65, 'Pudina Colada', NULL, '', 89, NULL, NULL, NULL, 1, 1, NULL, NULL, '2025-04-07 08:01:11'),
(51, 66, 'Virgin Mojito', NULL, '', 119, NULL, NULL, NULL, 1, 1, NULL, NULL, '2025-04-07 08:01:11'),
(52, 66, 'Blue Lagoon', NULL, '', 119, NULL, NULL, NULL, 1, 1, NULL, NULL, '2025-04-07 08:01:11'),
(53, 66, 'Kokum Tulsi Cooler', NULL, '', 119, NULL, NULL, NULL, 1, 1, NULL, NULL, '2025-04-07 08:01:11'),
(54, 66, 'Gulkand Thandai', NULL, '', 99, NULL, NULL, NULL, 1, 1, NULL, NULL, '2025-04-07 08:01:11'),
(55, 66, 'Watermelon Mojito', NULL, '', 129, NULL, NULL, NULL, 1, 1, NULL, NULL, '2025-04-07 08:01:11'),
(56, 66, 'Cranberry Mojito', NULL, '', 149, NULL, NULL, NULL, 1, 1, NULL, NULL, '2025-04-07 08:01:11'),
(57, 67, 'Old School Cold Coffee', NULL, '', 149, NULL, NULL, NULL, 1, 1, NULL, NULL, '2025-04-07 08:01:11'),
(58, 67, 'Choco Mocha Cold Coffee', NULL, '', 159, NULL, NULL, NULL, 1, 1, NULL, NULL, '2025-04-07 08:01:11'),
(59, 67, 'Cold Coffee With Ice-cream', NULL, '', 179, NULL, NULL, NULL, 1, 1, NULL, NULL, '2025-04-07 08:01:11'),
(60, 67, 'Ice Americano', NULL, '', 119, NULL, NULL, NULL, 1, 1, NULL, NULL, '2025-04-07 08:01:11'),
(61, 67, 'Iced - Latte', NULL, '', 179, NULL, NULL, NULL, 1, 1, NULL, NULL, '2025-04-07 08:01:11'),
(62, 68, 'Choco Frappe Shake', NULL, '', 179, NULL, NULL, NULL, 1, 1, NULL, NULL, '2025-04-07 08:01:11'),
(63, 68, 'Strawberry Shake', NULL, '', 169, NULL, NULL, NULL, 1, 1, NULL, NULL, '2025-04-07 08:01:11'),
(64, 68, 'Chocolate Milk Shake', NULL, '', 169, NULL, NULL, NULL, 1, 1, NULL, NULL, '2025-04-07 08:01:11'),
(65, 68, 'Vanilla Milk Shake', NULL, '', 169, NULL, NULL, NULL, 1, 1, NULL, NULL, '2025-04-07 08:01:11'),
(66, 68, 'Walnut Brownie Shake', NULL, '', 189, NULL, NULL, NULL, 1, 1, NULL, NULL, '2025-04-07 08:01:11'),
(67, 68, 'Satvam Special Shake', NULL, '', 199, NULL, NULL, NULL, 1, 1, NULL, NULL, '2025-04-07 08:01:11'),
(68, 69, 'Roasted Papad', NULL, '', 39, NULL, NULL, NULL, 1, 1, NULL, NULL, '2025-04-07 08:01:11'),
(69, 69, 'Roasted Masala Papad', NULL, '', 49, NULL, NULL, NULL, 1, 1, NULL, NULL, '2025-04-07 08:01:11'),
(70, 69, 'Fried Papad', NULL, '', 49, NULL, NULL, NULL, 1, 1, NULL, NULL, '2025-04-07 08:01:11'),
(71, 69, 'Fried Masala Papad', NULL, '', 59, NULL, NULL, NULL, 1, 1, NULL, NULL, '2025-04-07 08:01:11'),
(72, 69, 'Papad Churi', NULL, '', 79, NULL, NULL, NULL, 1, 1, NULL, NULL, '2025-04-07 08:01:11'),
(73, 69, 'Cheese Masala Papad', NULL, '', 89, NULL, NULL, NULL, 1, 1, NULL, NULL, '2025-04-07 08:01:11'),
(74, 70, 'Burmese Khow Suey Soup', NULL, '', 199, NULL, NULL, NULL, 1, 1, NULL, NULL, '2025-04-07 08:01:11'),
(75, 70, 'Tomato Dhaniya Ka Shorba', NULL, '', 139, NULL, NULL, NULL, 1, 1, NULL, NULL, '2025-04-07 08:01:11'),
(76, 70, 'Asian Mix Green Soup', NULL, '', 179, NULL, NULL, NULL, 1, 1, NULL, NULL, '2025-04-07 08:01:11'),
(77, 70, 'Cappuccino Piccolo Soup', NULL, '', 179, NULL, NULL, NULL, 1, 1, NULL, NULL, '2025-04-07 08:01:11'),
(78, 70, 'Veg Manchow Soup', NULL, '', 129, NULL, NULL, NULL, 1, 1, NULL, NULL, '2025-04-07 08:01:11'),
(79, 70, 'Lemon Coriander Soup', NULL, '', 129, NULL, NULL, NULL, 1, 1, NULL, NULL, '2025-04-07 08:01:11'),
(80, 70, 'Thai Spicy Coconut Soup', NULL, '', 199, NULL, NULL, NULL, 1, 1, NULL, NULL, '2025-04-07 08:01:11'),
(81, 70, 'Broccoli Almond Cappuccino Soup', NULL, '', 219, NULL, NULL, NULL, 1, 1, NULL, NULL, '2025-04-07 08:01:11'),
(82, 70, 'Creamy Italian Tomato Soup', NULL, '', 129, NULL, NULL, NULL, 1, 1, NULL, NULL, '2025-04-07 08:01:11'),
(83, 70, 'Cream Of Mushroom Soup', NULL, '', 219, NULL, NULL, NULL, 1, 1, NULL, NULL, '2025-04-07 08:01:11'),
(84, 70, 'Mexican Tortilla Soup', NULL, '', 169, NULL, NULL, NULL, 1, 1, NULL, NULL, '2025-04-07 08:01:11'),
(85, 70, 'Hot N Sour Sou', NULL, '', 129, NULL, NULL, NULL, 1, 1, NULL, NULL, '2025-04-07 08:01:11'),
(86, 71, 'Hot And Spicy Veg 65', NULL, '', 199, NULL, NULL, NULL, 1, 1, NULL, NULL, '2025-04-07 08:01:11'),
(87, 71, 'Hot And Spicy Gobhi 65', NULL, '', 199, NULL, NULL, NULL, 1, 1, NULL, NULL, '2025-04-07 08:01:11'),
(88, 71, 'Hot And Spicy Paneer 65', NULL, '', 209, NULL, NULL, NULL, 1, 1, NULL, NULL, '2025-04-07 08:01:11'),
(89, 71, 'Sweet Chilli Potato', NULL, '', 199, NULL, NULL, NULL, 1, 1, NULL, NULL, '2025-04-07 08:01:11'),
(90, 71, 'Crispy Corn Salt N Pepper', NULL, '', 199, NULL, NULL, NULL, 1, 1, NULL, NULL, '2025-04-07 08:01:11'),
(91, 71, 'Hot Garlic Mushroom', NULL, '', 249, NULL, NULL, NULL, 1, 1, NULL, NULL, '2025-04-07 08:01:11'),
(92, 71, 'Vegetable Manchurian Dry', NULL, '', 189, NULL, NULL, NULL, 1, 1, NULL, NULL, '2025-04-07 08:01:11'),
(93, 71, 'Thai Spiced Paneer', NULL, '', 289, NULL, NULL, NULL, 1, 1, NULL, NULL, '2025-04-07 08:01:11'),
(94, 71, 'Schezwan Paneer Chilli Dry', NULL, '', 229, NULL, NULL, NULL, 1, 1, NULL, NULL, '2025-04-07 08:01:11'),
(95, 71, 'Paneer Chilli Dry', NULL, '', 229, NULL, NULL, NULL, 1, 1, NULL, NULL, '2025-04-07 08:01:11'),
(96, 71, 'Jalapenos Poppers', NULL, '', 289, NULL, NULL, NULL, 1, 1, NULL, NULL, '2025-04-07 08:01:11'),
(97, 71, 'Crispy Vegetable', NULL, '', 249, NULL, NULL, NULL, 1, 1, NULL, NULL, '2025-04-07 08:01:11'),
(98, 72, 'Peri - Peri Paneer Tikka', NULL, '', 259, NULL, NULL, NULL, 1, 1, NULL, NULL, '2025-04-07 08:01:11'),
(99, 72, 'Malai Paneer Tikka', NULL, '', 229, NULL, NULL, NULL, 1, 1, NULL, NULL, '2025-04-07 08:01:11'),
(100, 72, 'Paneer Methi Ka Seekh', NULL, '', 259, NULL, NULL, NULL, 1, 1, NULL, NULL, '2025-04-07 08:01:11'),
(101, 72, 'Tandoori Fal', NULL, '', 229, NULL, NULL, NULL, 1, 1, NULL, NULL, '2025-04-07 08:01:11'),
(102, 72, 'Bharwan Khumb', NULL, '', 279, NULL, NULL, NULL, 1, 1, NULL, NULL, '2025-04-07 08:01:11'),
(103, 72, 'Dahi Ke Kebab', NULL, '', 249, NULL, NULL, NULL, 1, 1, NULL, NULL, '2025-04-07 08:01:11'),
(104, 72, 'Sarson - De - Phool', NULL, '', 289, NULL, NULL, NULL, 1, 1, NULL, NULL, '2025-04-07 08:01:11'),
(105, 72, 'Nazakat - E Aloo', NULL, '', 275, NULL, NULL, NULL, 1, 1, NULL, NULL, '2025-04-07 08:01:11'),
(106, 72, 'Seekh - Dilruba', NULL, '', 289, NULL, NULL, NULL, 1, 1, NULL, NULL, '2025-04-07 08:01:11'),
(107, 72, 'Kali Mirch Paneer Tikka', NULL, '', 289, NULL, NULL, NULL, 1, 1, NULL, NULL, '2025-04-07 08:01:11'),
(108, 72, 'Ajwaini Paneer Tikka', NULL, '', 299, NULL, NULL, NULL, 1, 1, NULL, NULL, '2025-04-07 08:01:11'),
(109, 72, 'Hara Bhara Kebab', NULL, '', 199, NULL, NULL, NULL, 1, 1, NULL, NULL, '2025-04-07 08:01:11'),
(110, 72, 'Pesto Paneer Tikka', NULL, '', 319, NULL, NULL, NULL, 1, 1, NULL, NULL, '2025-04-07 08:01:11'),
(111, 72, 'Satvam Special Tandoori Platter', NULL, '', 569, NULL, NULL, NULL, 1, 1, NULL, NULL, '2025-04-07 08:01:11'),
(112, 73, 'Italian Margherita Pizza', NULL, '', 249, NULL, NULL, NULL, 1, 1, NULL, NULL, '2025-04-07 08:01:11'),
(113, 73, 'Deshi Subz Bahaar Pizza', NULL, '', 249, NULL, NULL, NULL, 1, 1, NULL, NULL, '2025-04-07 08:01:11'),
(114, 73, 'Deshi Paneer Tikka Pizza', NULL, '', 289, NULL, NULL, NULL, 1, 1, NULL, NULL, '2025-04-07 08:01:11'),
(115, 73, 'Desi Lasooni Mushroom Pizza', NULL, '', 265, NULL, NULL, NULL, 1, 1, NULL, NULL, '2025-04-07 08:01:11'),
(116, 74, 'Toasted Brioche Butter Jam Sandwich', NULL, '', 189, NULL, NULL, NULL, 1, 1, NULL, NULL, '2025-04-07 08:01:11'),
(117, 74, 'Grilled Cheese Brioche Sandwich', NULL, '', 189, NULL, NULL, NULL, 1, 1, NULL, NULL, '2025-04-07 08:01:11'),
(118, 74, 'Toasted Brioche Club Sandwich', NULL, '', 229, NULL, NULL, NULL, 1, 1, NULL, NULL, '2025-04-07 08:01:11'),
(119, 74, 'Garlic Bread', NULL, '', 149, NULL, NULL, NULL, 1, 1, NULL, NULL, '2025-04-07 08:01:11'),
(120, 74, 'Cheese Garlic Bread', NULL, '', 179, NULL, NULL, NULL, 1, 1, NULL, NULL, '2025-04-07 08:01:11'),
(121, 74, 'Chinese Chilli Toast', NULL, '', 179, NULL, NULL, NULL, 1, 1, NULL, NULL, '2025-04-07 08:01:11'),
(122, 74, 'Simple Salted French Fries', NULL, '', 139, NULL, NULL, NULL, 1, 1, NULL, NULL, '2025-04-07 08:01:11'),
(123, 74, 'Peri Peri French Fries', NULL, '', 149, NULL, NULL, NULL, 1, 1, NULL, NULL, '2025-04-07 08:01:11'),
(124, 74, 'French Fries With cheese', NULL, '', 159, NULL, NULL, NULL, 1, 1, NULL, NULL, '2025-04-07 08:01:11'),
(125, 75, 'Fresh Green Salad', NULL, '', 99, NULL, NULL, NULL, 1, 1, NULL, NULL, '2025-04-07 08:01:11'),
(126, 75, 'Bell Pepper Salad', NULL, '', 179, NULL, NULL, NULL, 1, 1, NULL, NULL, '2025-04-07 08:01:11'),
(127, 75, 'Caesar Salad', NULL, '', 179, NULL, NULL, NULL, 1, 1, NULL, NULL, '2025-04-07 08:01:11'),
(128, 75, 'Russian Salad', NULL, '', 149, NULL, NULL, NULL, 1, 1, NULL, NULL, '2025-04-07 08:01:11'),
(129, 76, 'Matka Dahi', NULL, '', 99, NULL, NULL, NULL, 1, 1, NULL, NULL, '2025-04-07 08:01:11'),
(130, 76, 'Mix veg Raita', NULL, '', 139, NULL, NULL, NULL, 1, 1, NULL, NULL, '2025-04-07 08:01:11'),
(131, 76, 'Boondi Raita', NULL, '', 99, NULL, NULL, NULL, 1, 1, NULL, NULL, '2025-04-07 08:01:11'),
(132, 77, 'Dahi Bhalla Ki Chaat', NULL, '', 99, NULL, NULL, NULL, 1, 1, NULL, NULL, '2025-04-07 08:01:11'),
(133, 77, 'Papdi Chaat', NULL, '', 80, NULL, NULL, NULL, 1, 1, NULL, NULL, '2025-04-07 08:01:11'),
(134, 77, 'Palak Patte Ki Chaat', NULL, '', 149, NULL, NULL, NULL, 1, 1, NULL, NULL, '2025-04-07 08:01:11'),
(135, 77, 'Amritsari Chhole Bhature', NULL, '', 149, NULL, NULL, NULL, 1, 1, NULL, NULL, '2025-04-07 08:01:11'),
(136, 78, 'Vegetable Hakka Noodles', NULL, '', 179, NULL, NULL, NULL, 1, 1, NULL, NULL, '2025-04-07 08:01:11'),
(137, 78, 'Schezwan Noodles', NULL, '', 189, NULL, NULL, NULL, 1, 1, NULL, NULL, '2025-04-07 08:01:11'),
(138, 78, 'Chilli Garlic Noodles', NULL, '', 199, NULL, NULL, NULL, 1, 1, NULL, NULL, '2025-04-07 08:01:11'),
(139, 78, 'Singapore- Style Noodles', NULL, '', 209, NULL, NULL, NULL, 1, 1, NULL, NULL, '2025-04-07 08:01:11'),
(140, 79, 'Veg Manchurian Gravy', NULL, '', 249, NULL, NULL, NULL, 1, 1, NULL, NULL, '2025-04-07 08:01:11'),
(141, 79, 'Paneer Chilli Gravy', NULL, '', 299, NULL, NULL, NULL, 1, 1, NULL, NULL, '2025-04-07 08:01:11'),
(142, 79, 'Hot Garlic Vegetables', NULL, '', 299, NULL, NULL, NULL, 1, 1, NULL, NULL, '2025-04-07 08:01:11'),
(143, 79, 'Thai Green Curry With Steamed Rice', NULL, '', 299, NULL, NULL, NULL, 1, 1, NULL, NULL, '2025-04-07 08:01:11'),
(144, 79, 'Thai Red Curry With Steamed Rice', NULL, '', 299, NULL, NULL, NULL, 1, 1, NULL, NULL, '2025-04-07 08:01:11'),
(145, 79, 'Penne Alfredo', NULL, '', 219, NULL, NULL, NULL, 1, 1, NULL, NULL, '2025-04-07 08:01:11'),
(146, 79, 'Penne Arrabita', NULL, '', 219, NULL, NULL, NULL, 1, 1, NULL, NULL, '2025-04-07 08:01:11'),
(147, 79, 'Penne A1 Pesto', NULL, '', 239, NULL, NULL, NULL, 1, 1, NULL, NULL, '2025-04-07 08:01:11'),
(148, 80, 'Vegetable Fried Rice', NULL, '', 149, NULL, NULL, NULL, 1, 1, NULL, NULL, '2025-04-07 08:01:11'),
(149, 80, 'Schezwan Fried Rice', NULL, '', 199, NULL, NULL, NULL, 1, 1, NULL, NULL, '2025-04-07 08:01:11'),
(150, 80, 'Chilli Garlic Fried Rice', NULL, '', 159, NULL, NULL, NULL, 1, 1, NULL, NULL, '2025-04-07 08:01:11'),
(151, 81, 'Paneer Makhan Wala', NULL, '', 299, NULL, NULL, NULL, 1, 1, NULL, NULL, '2025-04-07 08:01:11'),
(152, 81, 'Paneer Tikka Masala', NULL, '', 219, NULL, NULL, NULL, 1, 1, NULL, NULL, '2025-04-07 08:01:11'),
(153, 81, 'Paneer Kurchan', NULL, '', 259, NULL, NULL, NULL, 1, 1, NULL, NULL, '2025-04-07 08:01:11'),
(154, 81, 'Paneer Methi Malai', NULL, '', 209, NULL, NULL, NULL, 1, 1, NULL, NULL, '2025-04-07 08:01:11'),
(155, 81, 'Lasooni Palak Paneer', NULL, '', 229, NULL, NULL, NULL, 1, 1, NULL, NULL, '2025-04-07 08:01:11'),
(156, 81, 'Paneer butter Masala', NULL, '', 209, NULL, NULL, NULL, 1, 1, NULL, NULL, '2025-04-07 08:01:11'),
(157, 81, 'Paneer Pasanda', NULL, '', 299, NULL, NULL, NULL, 1, 1, NULL, NULL, '2025-04-07 08:01:11'),
(158, 81, 'Paneer Chat-Pata', NULL, '', 259, NULL, NULL, NULL, 1, 1, NULL, NULL, '2025-04-07 08:01:11'),
(159, 81, 'Paneer Kadai', NULL, '', 249, NULL, NULL, NULL, 1, 1, NULL, NULL, '2025-04-07 08:01:11'),
(160, 81, 'Paneer - Do Pyaza', NULL, '', 229, NULL, NULL, NULL, 1, 1, NULL, NULL, '2025-04-07 08:01:11'),
(161, 81, 'Paneer Lazeez', NULL, '', 299, NULL, NULL, NULL, 1, 1, NULL, NULL, '2025-04-07 08:01:11'),
(162, 81, 'Dum Aloo Banarasi', NULL, '', 189, NULL, NULL, NULL, 1, 1, NULL, NULL, '2025-04-07 08:01:11'),
(163, 81, 'Punjabi Dum Aloo', NULL, '', 199, NULL, NULL, NULL, 1, 1, NULL, NULL, '2025-04-07 08:01:11'),
(164, 81, 'Paneer Bhurji', NULL, '', 219, NULL, NULL, NULL, 1, 1, NULL, NULL, '2025-04-07 08:01:11'),
(165, 81, 'Cheese Butter Masala', NULL, '', 329, NULL, NULL, NULL, 1, 1, NULL, NULL, '2025-04-07 08:01:11'),
(166, 81, 'Navratan Korma', NULL, '', 319, NULL, NULL, NULL, 1, 1, NULL, NULL, '2025-04-07 08:01:11'),
(167, 82, 'Kaju Curry', NULL, '', 319, NULL, NULL, NULL, 1, 1, NULL, NULL, '2025-04-07 08:01:11'),
(168, 82, 'Kaju Butter Masala', NULL, '', 319, NULL, NULL, NULL, 1, 1, NULL, NULL, '2025-04-07 08:01:11'),
(169, 82, 'Kaju Paneer Masala', NULL, '', 329, NULL, NULL, NULL, 1, 1, NULL, NULL, '2025-04-07 08:01:11'),
(170, 82, 'Khoya Kaju', NULL, '', 319, NULL, NULL, NULL, 1, 1, NULL, NULL, '2025-04-07 08:01:11'),
(171, 82, 'Malai Kofta', NULL, '', 299, NULL, NULL, NULL, 1, 1, NULL, NULL, '2025-04-07 08:01:11'),
(172, 82, 'Veg Kolhapuri', NULL, '', 229, NULL, NULL, NULL, 1, 1, NULL, NULL, '2025-04-07 08:01:11'),
(173, 82, 'Veg Jalfrezi', NULL, '', 229, NULL, NULL, NULL, 1, 1, NULL, NULL, '2025-04-07 08:01:11'),
(174, 82, 'Veg Diwani Handi', NULL, '', 249, NULL, NULL, NULL, 1, 1, NULL, NULL, '2025-04-07 08:01:11'),
(175, 82, 'Veg Jaipuri', NULL, '', 199, NULL, NULL, NULL, 1, 1, NULL, NULL, '2025-04-07 08:01:11'),
(176, 82, 'Mushroom Masala', NULL, '', 259, NULL, NULL, NULL, 1, 1, NULL, NULL, '2025-04-07 08:01:11'),
(177, 82, 'Kumbh Kadai', NULL, '', 249, NULL, NULL, NULL, 1, 1, NULL, NULL, '2025-04-07 08:01:11'),
(178, 82, 'Hing Dhaniya Aloo', NULL, '', 199, NULL, NULL, NULL, 1, 1, NULL, NULL, '2025-04-07 08:01:11'),
(179, 82, 'Aloo Gobhi Adraki', NULL, '', 199, NULL, NULL, NULL, 1, 1, NULL, NULL, '2025-04-07 08:01:11'),
(180, 82, 'Punjabi Chhole', NULL, '', 199, NULL, NULL, NULL, 1, 1, NULL, NULL, '2025-04-07 08:01:11'),
(181, 82, 'Bhindi Do Pyaza', NULL, '', 199, NULL, NULL, NULL, 1, 1, NULL, NULL, '2025-04-07 08:01:11'),
(182, 83, 'Tandoori Whole Wheat Plain Roti', NULL, '', 25, NULL, NULL, NULL, 1, 1, NULL, NULL, '2025-04-07 08:01:11'),
(183, 83, 'Tandoori Whole Wheat Butter Roti', NULL, '', 29, NULL, NULL, NULL, 1, 1, NULL, NULL, '2025-04-07 08:01:11'),
(184, 83, 'Plain Naan', NULL, '', 39, NULL, NULL, NULL, 1, 1, NULL, NULL, '2025-04-07 08:01:11'),
(185, 83, 'Butter Naan', NULL, '', 45, NULL, NULL, NULL, 1, 1, NULL, NULL, '2025-04-07 08:01:11'),
(186, 83, 'Butter Garlic Naan', NULL, '', 69, NULL, NULL, NULL, 1, 1, NULL, NULL, '2025-04-07 08:01:11'),
(187, 83, 'Cheese Garlic Naan', NULL, '', 79, NULL, NULL, NULL, 1, 1, NULL, NULL, '2025-04-07 08:01:11'),
(188, 83, 'Whole Wheat Lachha Paratha Plain', NULL, '', 39, NULL, NULL, NULL, 1, 1, NULL, NULL, '2025-04-07 08:01:11'),
(189, 83, 'Whole Wheat Lachha Paratha Butter', NULL, '', 45, NULL, NULL, NULL, 1, 1, NULL, NULL, '2025-04-07 08:01:11'),
(190, 83, 'Whole Wheat Pudina Paratha Plain', NULL, '', 49, NULL, NULL, NULL, 1, 1, NULL, NULL, '2025-04-07 08:01:11'),
(191, 83, 'Whole Wheat Pudina Paratha Butter', NULL, '', 55, NULL, NULL, NULL, 1, 1, NULL, NULL, '2025-04-07 08:01:11'),
(192, 83, 'Butter Kulcha', NULL, '', 39, NULL, NULL, NULL, 1, 1, NULL, NULL, '2025-04-07 08:01:11'),
(193, 83, 'Plain Kulcha', NULL, '', 45, NULL, NULL, NULL, 1, 1, NULL, NULL, '2025-04-07 08:01:11'),
(194, 83, 'SPL. Stuffed Kulcha', NULL, '', 79, NULL, NULL, NULL, 1, 1, NULL, NULL, '2025-04-07 08:01:11'),
(195, 84, 'Dal Tadka', NULL, '', 149, NULL, NULL, NULL, 1, 1, NULL, NULL, '2025-04-07 08:01:11'),
(196, 84, 'Dal Fry', NULL, '', 140, NULL, NULL, NULL, 1, 1, NULL, NULL, '2025-04-07 08:01:11'),
(197, 84, 'Dal Methi', NULL, '', 149, NULL, NULL, NULL, 1, 1, NULL, NULL, '2025-04-07 08:01:11'),
(198, 84, 'DAL Palak', NULL, '', 149, NULL, NULL, NULL, 1, 1, NULL, NULL, '2025-04-07 08:01:11'),
(199, 84, 'Dal Banjara', NULL, '', 149, NULL, NULL, NULL, 1, 1, NULL, NULL, '2025-04-07 08:01:11'),
(200, 84, 'Moong Ki Karhai', NULL, '', 139, NULL, NULL, NULL, 1, 1, NULL, NULL, '2025-04-07 08:01:12'),
(201, 84, 'Shree Satvam Special Dal Makhani', NULL, '', 219, NULL, NULL, NULL, 1, 1, NULL, NULL, '2025-04-07 08:01:12'),
(202, 85, 'Bhagyanagar Subzi Biryani With Burani Raita', NULL, '', 259, NULL, NULL, NULL, 1, 1, NULL, NULL, '2025-04-07 08:01:12'),
(203, 85, 'Shree Satvam Khichdi Khaas', NULL, '', 199, NULL, NULL, NULL, 1, 1, NULL, NULL, '2025-04-07 08:01:12'),
(204, 85, 'Veg Pulao', NULL, '', 159, NULL, NULL, NULL, 1, 1, NULL, NULL, '2025-04-07 08:01:12'),
(205, 85, 'Ghee Ka Kuska', NULL, '', 198, NULL, NULL, NULL, 1, 1, NULL, NULL, '2025-04-07 08:01:12'),
(206, 85, 'Jeera Rice', NULL, '', 169, NULL, NULL, NULL, 1, 1, NULL, NULL, '2025-04-07 08:01:12'),
(207, 85, 'Steamed Ghee Indrayani Rice', NULL, '', 169, NULL, NULL, NULL, 1, 1, NULL, NULL, '2025-04-07 08:01:12'),
(208, 85, 'Tamilian Curd Rice', NULL, '', 149, NULL, NULL, NULL, 1, 1, NULL, NULL, '2025-04-07 08:01:12'),
(209, 85, 'Matar Pulao', NULL, '', 159, NULL, NULL, NULL, 1, 1, NULL, NULL, '2025-04-07 08:01:12'),
(210, 85, 'Veg Haydrabadi Biryani', NULL, '', 169, NULL, NULL, NULL, 1, 1, NULL, NULL, '2025-04-07 08:01:12'),
(211, 85, 'Masala Khichdi', NULL, '', 189, NULL, NULL, NULL, 1, 1, NULL, NULL, '2025-04-07 08:01:12'),
(212, 85, 'Palak Khichdi', NULL, '', 199, NULL, NULL, NULL, 1, 1, NULL, NULL, '2025-04-07 08:01:12'),
(213, 86, 'Gulab Jamun Saffron Rabdi', NULL, '', 189, NULL, NULL, NULL, 1, 1, NULL, NULL, '2025-04-07 08:01:12'),
(214, 86, 'Kesari Makhana Phirni', NULL, '', 149, NULL, NULL, NULL, 1, 1, NULL, NULL, '2025-04-07 08:01:12'),
(215, 86, 'Ghee wala Shahi Tukda', NULL, '', 169, NULL, NULL, NULL, 1, 1, NULL, NULL, '2025-04-07 08:01:12'),
(216, 86, 'Walnut Brownie With Vanilla ice - cream', NULL, '', 189, NULL, NULL, NULL, 1, 1, NULL, NULL, '2025-04-07 08:01:12'),
(217, 86, 'Walnut Brownie With Hot Chocolate Sauce', NULL, '', 149, NULL, NULL, NULL, 1, 1, NULL, NULL, '2025-04-07 08:01:12'),
(218, 87, 'Pistachio Mawa Cake', NULL, '', 189, NULL, NULL, NULL, 1, 1, NULL, NULL, '2025-04-07 08:01:12'),
(219, 87, 'Apple Raisin Cake', NULL, '', 189, NULL, NULL, NULL, 1, 1, NULL, NULL, '2025-04-07 08:01:12'),
(220, 87, 'Chocolate Date N Walnut Cake', NULL, '', 189, NULL, NULL, NULL, 1, 1, NULL, NULL, '2025-04-07 08:01:12'),
(221, 87, 'Dark Chocolate Truffle Cake', NULL, '', 189, NULL, NULL, NULL, 1, 1, NULL, NULL, '2025-04-07 08:01:12'),
(222, 87, 'Seasonal Cheese Cake', NULL, '', 189, NULL, NULL, NULL, 1, 1, NULL, NULL, '2025-04-07 08:01:12'),
(223, 88, 'Espresso', NULL, '', 79, NULL, NULL, NULL, 1, 1, NULL, NULL, '2025-04-07 08:01:12'),
(224, 88, 'Americano', NULL, '', 79, NULL, NULL, NULL, 1, 1, NULL, NULL, '2025-04-07 08:01:12'),
(225, 88, 'Cappuccino', NULL, '', 119, NULL, NULL, NULL, 1, 1, NULL, NULL, '2025-04-07 08:01:12'),
(226, 88, 'Cappuccino Piccolo', NULL, '', 79, NULL, NULL, NULL, 1, 1, NULL, NULL, '2025-04-07 08:01:12'),
(227, 88, 'Cafe Latte', NULL, '', 119, NULL, NULL, NULL, 1, 1, NULL, NULL, '2025-04-07 08:01:12'),
(228, 88, 'Cafe Mocha', NULL, '', 129, NULL, NULL, NULL, 1, 1, NULL, NULL, '2025-04-07 08:01:12'),
(229, 88, 'Irish Coffee', NULL, '', 129, NULL, NULL, NULL, 1, 1, NULL, NULL, '2025-04-07 08:01:12'),
(230, 88, 'Masala Tea', NULL, '', 29, NULL, NULL, NULL, 1, 1, NULL, NULL, '2025-04-07 08:01:12'),
(231, 88, 'Hot Lemon Ginger Tea', NULL, '', 29, NULL, NULL, NULL, 1, 1, NULL, NULL, '2025-04-07 08:01:12'),
(232, 88, 'Filter Coffee', NULL, '', 29, NULL, NULL, NULL, 1, 1, NULL, NULL, '2025-04-07 08:01:12'),
(233, 88, 'Hot Chocolate', NULL, '', 89, NULL, NULL, NULL, 1, 1, NULL, NULL, '2025-04-07 08:01:12'),
(234, 88, 'Kesar Badam Milk', NULL, '', 59, NULL, NULL, NULL, 1, 1, NULL, NULL, '2025-04-07 08:01:12'),
(235, 64, 'Packaged Drinking Water bottle', NULL, '', 0, NULL, NULL, NULL, 1, 1, NULL, NULL, '2025-04-07 08:59:38'),
(236, 64, 'Fresh Lime Soda Sweet/ Salted', NULL, '', 79, NULL, NULL, NULL, 1, 1, NULL, NULL, '2025-04-07 08:59:38'),
(237, 64, 'Fresh Lime Water Sweet/ Salted', NULL, '', 49, NULL, NULL, NULL, 1, 1, NULL, NULL, '2025-04-07 08:59:38'),
(238, 64, 'Masala Mattha / Butter Milk- Plain', NULL, '', 49, NULL, NULL, NULL, 1, 1, NULL, NULL, '2025-04-07 08:59:38'),
(239, 64, 'Aerated Can Drinks ( Coke - Thums Up - Sprite', NULL, '', 49, NULL, NULL, NULL, 1, 1, NULL, NULL, '2025-04-07 08:59:38'),
(240, 64, 'Masala Cold Drink', NULL, '', 59, NULL, NULL, NULL, 1, 1, NULL, NULL, '2025-04-07 08:59:38'),
(241, 64, 'Fresh Lime Shikanji', NULL, '', 79, NULL, NULL, NULL, 1, 1, NULL, NULL, '2025-04-07 08:59:38'),
(242, 65, 'Watermelon Masti', NULL, '', 89, NULL, NULL, NULL, 1, 1, NULL, NULL, '2025-04-07 08:59:38'),
(243, 65, 'Mithi Mosambi', NULL, '', 89, NULL, NULL, NULL, 1, 1, NULL, NULL, '2025-04-07 08:59:38'),
(244, 65, 'Pineapple Pasand', NULL, '', 89, NULL, NULL, NULL, 1, 1, NULL, NULL, '2025-04-07 08:59:38'),
(245, 65, 'Narangi Orange', NULL, '', 89, NULL, NULL, NULL, 1, 1, NULL, NULL, '2025-04-07 08:59:38'),
(246, 65, 'Pudina Colada', NULL, '', 89, NULL, NULL, NULL, 1, 1, NULL, NULL, '2025-04-07 08:59:38'),
(247, 66, 'Virgin Mojito', NULL, '', 119, NULL, NULL, NULL, 1, 1, NULL, NULL, '2025-04-07 08:59:38'),
(248, 66, 'Blue Lagoon', NULL, '', 119, NULL, NULL, NULL, 1, 1, NULL, NULL, '2025-04-07 08:59:38'),
(249, 66, 'Kokum Tulsi Cooler', NULL, '', 119, NULL, NULL, NULL, 1, 1, NULL, NULL, '2025-04-07 08:59:38'),
(250, 66, 'Gulkand Thandai', NULL, '', 99, NULL, NULL, NULL, 1, 1, NULL, NULL, '2025-04-07 08:59:38'),
(251, 66, 'Watermelon Mojito', NULL, '', 129, NULL, NULL, NULL, 1, 1, NULL, NULL, '2025-04-07 08:59:38'),
(252, 66, 'Cranberry Mojito', NULL, '', 149, NULL, NULL, NULL, 1, 1, NULL, NULL, '2025-04-07 08:59:38'),
(253, 67, 'Old School Cold Coffee', NULL, '', 149, NULL, NULL, NULL, 1, 1, NULL, NULL, '2025-04-07 08:59:38'),
(254, 67, 'Choco Mocha Cold Coffee', NULL, '', 159, NULL, NULL, NULL, 1, 1, NULL, NULL, '2025-04-07 08:59:38'),
(255, 67, 'Cold Coffee With Ice-cream', NULL, '', 179, NULL, NULL, NULL, 1, 1, NULL, NULL, '2025-04-07 08:59:38'),
(256, 67, 'Ice Americano', NULL, '', 119, NULL, NULL, NULL, 1, 1, NULL, NULL, '2025-04-07 08:59:38'),
(257, 67, 'Iced - Latte', NULL, '', 179, NULL, NULL, NULL, 1, 1, NULL, NULL, '2025-04-07 08:59:38'),
(258, 68, 'Choco Frappe Shake', NULL, '', 179, NULL, NULL, NULL, 1, 1, NULL, NULL, '2025-04-07 08:59:38'),
(259, 68, 'Strawberry Shake', NULL, '', 169, NULL, NULL, NULL, 1, 1, NULL, NULL, '2025-04-07 08:59:38'),
(260, 68, 'Chocolate Milk Shake', NULL, '', 169, NULL, NULL, NULL, 1, 1, NULL, NULL, '2025-04-07 08:59:38'),
(261, 68, 'Vanilla Milk Shake', NULL, '', 169, NULL, NULL, NULL, 1, 1, NULL, NULL, '2025-04-07 08:59:38'),
(262, 68, 'Walnut Brownie Shake', NULL, '', 189, NULL, NULL, NULL, 1, 1, NULL, NULL, '2025-04-07 08:59:38'),
(263, 68, 'Satvam Special Shake', NULL, '', 199, NULL, NULL, NULL, 1, 1, NULL, NULL, '2025-04-07 08:59:38'),
(264, 69, 'Roasted Papad', NULL, '', 39, NULL, NULL, NULL, 1, 1, NULL, NULL, '2025-04-07 08:59:38'),
(265, 69, 'Roasted Masala Papad', NULL, '', 49, NULL, NULL, NULL, 1, 1, NULL, NULL, '2025-04-07 08:59:38'),
(266, 69, 'Fried Papad', NULL, '', 49, NULL, NULL, NULL, 1, 1, NULL, NULL, '2025-04-07 08:59:38'),
(267, 69, 'Fried Masala Papad', NULL, '', 59, NULL, NULL, NULL, 1, 1, NULL, NULL, '2025-04-07 08:59:38'),
(268, 69, 'Papad Churi', NULL, '', 79, NULL, NULL, NULL, 1, 1, NULL, NULL, '2025-04-07 08:59:38'),
(269, 69, 'Cheese Masala Papad', NULL, '', 89, NULL, NULL, NULL, 1, 1, NULL, NULL, '2025-04-07 08:59:38'),
(270, 70, 'Burmese Khow Suey Soup', NULL, '', 199, NULL, NULL, NULL, 1, 1, NULL, NULL, '2025-04-07 08:59:38'),
(271, 70, 'Tomato Dhaniya Ka Shorba', NULL, '', 139, NULL, NULL, NULL, 1, 1, NULL, NULL, '2025-04-07 08:59:38'),
(272, 70, 'Asian Mix Green Soup', NULL, '', 179, NULL, NULL, NULL, 1, 1, NULL, NULL, '2025-04-07 08:59:38'),
(273, 70, 'Cappuccino Piccolo Soup', NULL, '', 179, NULL, NULL, NULL, 1, 1, NULL, NULL, '2025-04-07 08:59:38'),
(274, 70, 'Veg Manchow Soup', NULL, '', 129, NULL, NULL, NULL, 1, 1, NULL, NULL, '2025-04-07 08:59:38'),
(275, 70, 'Lemon Coriander Soup', NULL, '', 129, NULL, NULL, NULL, 1, 1, NULL, NULL, '2025-04-07 08:59:38'),
(276, 70, 'Thai Spicy Coconut Soup', NULL, '', 199, NULL, NULL, NULL, 1, 1, NULL, NULL, '2025-04-07 08:59:38'),
(277, 70, 'Broccoli Almond Cappuccino Soup', NULL, '', 219, NULL, NULL, NULL, 1, 1, NULL, NULL, '2025-04-07 08:59:38'),
(278, 70, 'Creamy Italian Tomato Soup', NULL, '', 129, NULL, NULL, NULL, 1, 1, NULL, NULL, '2025-04-07 08:59:38'),
(279, 70, 'Cream Of Mushroom Soup', NULL, '', 219, NULL, NULL, NULL, 1, 1, NULL, NULL, '2025-04-07 08:59:38'),
(280, 70, 'Mexican Tortilla Soup', NULL, '', 169, NULL, NULL, NULL, 1, 1, NULL, NULL, '2025-04-07 08:59:38'),
(281, 70, 'Hot N Sour Sou', NULL, '', 129, NULL, NULL, NULL, 1, 1, NULL, NULL, '2025-04-07 08:59:38'),
(282, 71, 'Hot And Spicy Veg 65', NULL, '', 199, NULL, NULL, NULL, 1, 1, NULL, NULL, '2025-04-07 08:59:38'),
(283, 71, 'Hot And Spicy Gobhi 65', NULL, '', 199, NULL, NULL, NULL, 1, 1, NULL, NULL, '2025-04-07 08:59:38'),
(284, 71, 'Hot And Spicy Paneer 65', NULL, '', 209, NULL, NULL, NULL, 1, 1, NULL, NULL, '2025-04-07 08:59:38'),
(285, 71, 'Sweet Chilli Potato', NULL, '', 199, NULL, NULL, NULL, 1, 1, NULL, NULL, '2025-04-07 08:59:38'),
(286, 71, 'Crispy Corn Salt N Pepper', NULL, '', 199, NULL, NULL, NULL, 1, 1, NULL, NULL, '2025-04-07 08:59:38'),
(287, 71, 'Hot Garlic Mushroom', NULL, '', 249, NULL, NULL, NULL, 1, 1, NULL, NULL, '2025-04-07 08:59:38'),
(288, 71, 'Vegetable Manchurian Dry', NULL, '', 189, NULL, NULL, NULL, 1, 1, NULL, NULL, '2025-04-07 08:59:38'),
(289, 71, 'Thai Spiced Paneer', NULL, '', 289, NULL, NULL, NULL, 1, 1, NULL, NULL, '2025-04-07 08:59:38'),
(290, 71, 'Schezwan Paneer Chilli Dry', NULL, '', 229, NULL, NULL, NULL, 1, 1, NULL, NULL, '2025-04-07 08:59:38'),
(291, 71, 'Paneer Chilli Dry', NULL, '', 229, NULL, NULL, NULL, 1, 1, NULL, NULL, '2025-04-07 08:59:38'),
(292, 71, 'Jalapenos Poppers', NULL, '', 289, NULL, NULL, NULL, 1, 1, NULL, NULL, '2025-04-07 08:59:38'),
(293, 71, 'Crispy Vegetable', NULL, '', 249, NULL, NULL, NULL, 1, 1, NULL, NULL, '2025-04-07 08:59:38'),
(294, 72, 'Peri - Peri Paneer Tikka', NULL, '', 259, NULL, NULL, NULL, 1, 1, NULL, NULL, '2025-04-07 08:59:38'),
(295, 72, 'Malai Paneer Tikka', NULL, '', 229, NULL, NULL, NULL, 1, 1, NULL, NULL, '2025-04-07 08:59:38'),
(296, 72, 'Paneer Methi Ka Seekh', NULL, '', 259, NULL, NULL, NULL, 1, 1, NULL, NULL, '2025-04-07 08:59:38'),
(297, 72, 'Tandoori Fal', NULL, '', 229, NULL, NULL, NULL, 1, 1, NULL, NULL, '2025-04-07 08:59:38'),
(298, 72, 'Bharwan Khumb', NULL, '', 279, NULL, NULL, NULL, 1, 1, NULL, NULL, '2025-04-07 08:59:38'),
(299, 72, 'Dahi Ke Kebab', NULL, '', 249, NULL, NULL, NULL, 1, 1, NULL, NULL, '2025-04-07 08:59:38'),
(300, 72, 'Sarson - De - Phool', NULL, '', 289, NULL, NULL, NULL, 1, 1, NULL, NULL, '2025-04-07 08:59:38'),
(301, 72, 'Nazakat - E Aloo', NULL, '', 275, NULL, NULL, NULL, 1, 1, NULL, NULL, '2025-04-07 08:59:38'),
(302, 72, 'Seekh - Dilruba', NULL, '', 289, NULL, NULL, NULL, 1, 1, NULL, NULL, '2025-04-07 08:59:38'),
(303, 72, 'Kali Mirch Paneer Tikka', NULL, '', 289, NULL, NULL, NULL, 1, 1, NULL, NULL, '2025-04-07 08:59:38'),
(304, 72, 'Ajwaini Paneer Tikka', NULL, '', 299, NULL, NULL, NULL, 1, 1, NULL, NULL, '2025-04-07 08:59:38'),
(305, 72, 'Hara Bhara Kebab', NULL, '', 199, NULL, NULL, NULL, 1, 1, NULL, NULL, '2025-04-07 08:59:38'),
(306, 72, 'Pesto Paneer Tikka', NULL, '', 319, NULL, NULL, NULL, 1, 1, NULL, NULL, '2025-04-07 08:59:38'),
(307, 72, 'Satvam Special Tandoori Platter', NULL, '', 569, NULL, NULL, NULL, 1, 1, NULL, NULL, '2025-04-07 08:59:38'),
(308, 73, 'Italian Margherita Pizza', NULL, '', 249, NULL, NULL, NULL, 1, 1, NULL, NULL, '2025-04-07 08:59:38'),
(309, 73, 'Deshi Subz Bahaar Pizza', NULL, '', 249, NULL, NULL, NULL, 1, 1, NULL, NULL, '2025-04-07 08:59:38'),
(310, 73, 'Deshi Paneer Tikka Pizza', NULL, '', 289, NULL, NULL, NULL, 1, 1, NULL, NULL, '2025-04-07 08:59:38'),
(311, 73, 'Desi Lasooni Mushroom Pizza', NULL, '', 265, NULL, NULL, NULL, 1, 1, NULL, NULL, '2025-04-07 08:59:38'),
(312, 74, 'Toasted Brioche Butter Jam Sandwich', NULL, '', 189, NULL, NULL, NULL, 1, 1, NULL, NULL, '2025-04-07 08:59:38'),
(313, 74, 'Grilled Cheese Brioche Sandwich', NULL, '', 189, NULL, NULL, NULL, 1, 1, NULL, NULL, '2025-04-07 08:59:38'),
(314, 74, 'Toasted Brioche Club Sandwich', NULL, '', 229, NULL, NULL, NULL, 1, 1, NULL, NULL, '2025-04-07 08:59:38'),
(315, 74, 'Garlic Bread', NULL, '', 149, NULL, NULL, NULL, 1, 1, NULL, NULL, '2025-04-07 08:59:38'),
(316, 74, 'Cheese Garlic Bread', NULL, '', 179, NULL, NULL, NULL, 1, 1, NULL, NULL, '2025-04-07 08:59:38'),
(317, 74, 'Chinese Chilli Toast', NULL, '', 179, NULL, NULL, NULL, 1, 1, NULL, NULL, '2025-04-07 08:59:38'),
(318, 74, 'Simple Salted French Fries', NULL, '', 139, NULL, NULL, NULL, 1, 1, NULL, NULL, '2025-04-07 08:59:38'),
(319, 74, 'Peri Peri French Fries', NULL, '', 149, NULL, NULL, NULL, 1, 1, NULL, NULL, '2025-04-07 08:59:38'),
(320, 74, 'French Fries With cheese', NULL, '', 159, NULL, NULL, NULL, 1, 1, NULL, NULL, '2025-04-07 08:59:38'),
(321, 75, 'Fresh Green Salad', NULL, '', 99, NULL, NULL, NULL, 1, 1, NULL, NULL, '2025-04-07 08:59:38'),
(322, 75, 'Bell Pepper Salad', NULL, '', 179, NULL, NULL, NULL, 1, 1, NULL, NULL, '2025-04-07 08:59:38'),
(323, 75, 'Caesar Salad', NULL, '', 179, NULL, NULL, NULL, 1, 1, NULL, NULL, '2025-04-07 08:59:38'),
(324, 75, 'Russian Salad', NULL, '', 149, NULL, NULL, NULL, 1, 1, NULL, NULL, '2025-04-07 08:59:38'),
(325, 76, 'Matka Dahi', NULL, '', 99, NULL, NULL, NULL, 1, 1, NULL, NULL, '2025-04-07 08:59:38'),
(326, 76, 'Mix veg Raita', NULL, '', 139, NULL, NULL, NULL, 1, 1, NULL, NULL, '2025-04-07 08:59:38'),
(327, 76, 'Boondi Raita', NULL, '', 99, NULL, NULL, NULL, 1, 1, NULL, NULL, '2025-04-07 08:59:38'),
(328, 77, 'Dahi Bhalla Ki Chaat', NULL, '', 99, NULL, NULL, NULL, 1, 1, NULL, NULL, '2025-04-07 08:59:38'),
(329, 77, 'Papdi Chaat', NULL, '', 80, NULL, NULL, NULL, 1, 1, NULL, NULL, '2025-04-07 08:59:38'),
(330, 77, 'Palak Patte Ki Chaat', NULL, '', 149, NULL, NULL, NULL, 1, 1, NULL, NULL, '2025-04-07 08:59:38'),
(331, 77, 'Amritsari Chhole Bhature', NULL, '', 149, NULL, NULL, NULL, 1, 1, NULL, NULL, '2025-04-07 08:59:38'),
(332, 78, 'Vegetable Hakka Noodles', NULL, '', 179, NULL, NULL, NULL, 1, 1, NULL, NULL, '2025-04-07 08:59:38'),
(333, 78, 'Schezwan Noodles', NULL, '', 189, NULL, NULL, NULL, 1, 1, NULL, NULL, '2025-04-07 08:59:38'),
(334, 78, 'Chilli Garlic Noodles', NULL, '', 199, NULL, NULL, NULL, 1, 1, NULL, NULL, '2025-04-07 08:59:38'),
(335, 78, 'Singapore- Style Noodles', NULL, '', 209, NULL, NULL, NULL, 1, 1, NULL, NULL, '2025-04-07 08:59:38'),
(336, 79, 'Veg Manchurian Gravy', NULL, '', 249, NULL, NULL, NULL, 1, 1, NULL, NULL, '2025-04-07 08:59:38'),
(337, 79, 'Paneer Chilli Gravy', NULL, '', 299, NULL, NULL, NULL, 1, 1, NULL, NULL, '2025-04-07 08:59:38'),
(338, 79, 'Hot Garlic Vegetables', NULL, '', 299, NULL, NULL, NULL, 1, 1, NULL, NULL, '2025-04-07 08:59:38'),
(339, 79, 'Thai Green Curry With Steamed Rice', NULL, '', 299, NULL, NULL, NULL, 1, 1, NULL, NULL, '2025-04-07 08:59:38'),
(340, 79, 'Thai Red Curry With Steamed Rice', NULL, '', 299, NULL, NULL, NULL, 1, 1, NULL, NULL, '2025-04-07 08:59:38'),
(341, 79, 'Penne Alfredo', NULL, '', 219, NULL, NULL, NULL, 1, 1, NULL, NULL, '2025-04-07 08:59:38'),
(342, 79, 'Penne Arrabita', NULL, '', 219, NULL, NULL, NULL, 1, 1, NULL, NULL, '2025-04-07 08:59:38'),
(343, 79, 'Penne A1 Pesto', NULL, '', 239, NULL, NULL, NULL, 1, 1, NULL, NULL, '2025-04-07 08:59:38'),
(344, 80, 'Vegetable Fried Rice', NULL, '', 149, NULL, NULL, NULL, 1, 1, NULL, NULL, '2025-04-07 08:59:38'),
(345, 80, 'Schezwan Fried Rice', NULL, '', 199, NULL, NULL, NULL, 1, 1, NULL, NULL, '2025-04-07 08:59:38'),
(346, 80, 'Chilli Garlic Fried Rice', NULL, '', 159, NULL, NULL, NULL, 1, 1, NULL, NULL, '2025-04-07 08:59:38'),
(347, 81, 'Paneer Makhan Wala', NULL, '', 299, NULL, NULL, NULL, 1, 1, NULL, NULL, '2025-04-07 08:59:38'),
(348, 81, 'Paneer Tikka Masala', NULL, '', 219, NULL, NULL, NULL, 1, 1, NULL, NULL, '2025-04-07 08:59:38'),
(349, 81, 'Paneer Kurchan', NULL, '', 259, NULL, NULL, NULL, 1, 1, NULL, NULL, '2025-04-07 08:59:38'),
(350, 81, 'Paneer Methi Malai', NULL, '', 209, NULL, NULL, NULL, 1, 1, NULL, NULL, '2025-04-07 08:59:38'),
(351, 81, 'Lasooni Palak Paneer', NULL, '', 229, NULL, NULL, NULL, 1, 1, NULL, NULL, '2025-04-07 08:59:38'),
(352, 81, 'Paneer butter Masala', NULL, '', 209, NULL, NULL, NULL, 1, 1, NULL, NULL, '2025-04-07 08:59:38'),
(353, 81, 'Paneer Pasanda', NULL, '', 299, NULL, NULL, NULL, 1, 1, NULL, NULL, '2025-04-07 08:59:38'),
(354, 81, 'Paneer Chat-Pata', NULL, '', 259, NULL, NULL, NULL, 1, 1, NULL, NULL, '2025-04-07 08:59:38'),
(355, 81, 'Paneer Kadai', NULL, '', 249, NULL, NULL, NULL, 1, 1, NULL, NULL, '2025-04-07 08:59:38'),
(356, 81, 'Paneer - Do Pyaza', NULL, '', 229, NULL, NULL, NULL, 1, 1, NULL, NULL, '2025-04-07 08:59:38'),
(357, 81, 'Paneer Lazeez', NULL, '', 299, NULL, NULL, NULL, 1, 1, NULL, NULL, '2025-04-07 08:59:38'),
(358, 81, 'Dum Aloo Banarasi', NULL, '', 189, NULL, NULL, NULL, 1, 1, NULL, NULL, '2025-04-07 08:59:38'),
(359, 81, 'Punjabi Dum Aloo', NULL, '', 199, NULL, NULL, NULL, 1, 1, NULL, NULL, '2025-04-07 08:59:38'),
(360, 81, 'Paneer Bhurji', NULL, '', 219, NULL, NULL, NULL, 1, 1, NULL, NULL, '2025-04-07 08:59:38'),
(361, 81, 'Cheese Butter Masala', NULL, '', 329, NULL, NULL, NULL, 1, 1, NULL, NULL, '2025-04-07 08:59:38'),
(362, 81, 'Navratan Korma', NULL, '', 319, NULL, NULL, NULL, 1, 1, NULL, NULL, '2025-04-07 08:59:38'),
(363, 82, 'Kaju Curry', NULL, '', 319, NULL, NULL, NULL, 1, 1, NULL, NULL, '2025-04-07 08:59:38'),
(364, 82, 'Kaju Butter Masala', NULL, '', 319, NULL, NULL, NULL, 1, 1, NULL, NULL, '2025-04-07 08:59:38'),
(365, 82, 'Kaju Paneer Masala', NULL, '', 329, NULL, NULL, NULL, 1, 1, NULL, NULL, '2025-04-07 08:59:38'),
(366, 82, 'Khoya Kaju', NULL, '', 319, NULL, NULL, NULL, 1, 1, NULL, NULL, '2025-04-07 08:59:38'),
(367, 82, 'Malai Kofta', NULL, '', 299, NULL, NULL, NULL, 1, 1, NULL, NULL, '2025-04-07 08:59:38'),
(368, 82, 'Veg Kolhapuri', NULL, '', 229, NULL, NULL, NULL, 1, 1, NULL, NULL, '2025-04-07 08:59:38'),
(369, 82, 'Veg Jalfrezi', NULL, '', 229, NULL, NULL, NULL, 1, 1, NULL, NULL, '2025-04-07 08:59:38'),
(370, 82, 'Veg Diwani Handi', NULL, '', 249, NULL, NULL, NULL, 1, 1, NULL, NULL, '2025-04-07 08:59:38'),
(371, 82, 'Veg Jaipuri', NULL, '', 199, NULL, NULL, NULL, 1, 1, NULL, NULL, '2025-04-07 08:59:38'),
(372, 82, 'Mushroom Masala', NULL, '', 259, NULL, NULL, NULL, 1, 1, NULL, NULL, '2025-04-07 08:59:38'),
(373, 82, 'Kumbh Kadai', NULL, '', 249, NULL, NULL, NULL, 1, 1, NULL, NULL, '2025-04-07 08:59:38'),
(374, 82, 'Hing Dhaniya Aloo', NULL, '', 199, NULL, NULL, NULL, 1, 1, NULL, NULL, '2025-04-07 08:59:38'),
(375, 82, 'Aloo Gobhi Adraki', NULL, '', 199, NULL, NULL, NULL, 1, 1, NULL, NULL, '2025-04-07 08:59:38'),
(376, 82, 'Punjabi Chhole', NULL, '', 199, NULL, NULL, NULL, 1, 1, NULL, NULL, '2025-04-07 08:59:38'),
(377, 82, 'Bhindi Do Pyaza', NULL, '', 199, NULL, NULL, NULL, 1, 1, NULL, NULL, '2025-04-07 08:59:38'),
(378, 83, 'Tandoori Whole Wheat Plain Roti', NULL, '', 25, NULL, NULL, NULL, 1, 1, NULL, NULL, '2025-04-07 08:59:38'),
(379, 83, 'Tandoori Whole Wheat Butter Roti', NULL, '', 29, NULL, NULL, NULL, 1, 1, NULL, NULL, '2025-04-07 08:59:38'),
(380, 83, 'Plain Naan', NULL, '', 39, NULL, NULL, NULL, 1, 1, NULL, NULL, '2025-04-07 08:59:38'),
(381, 83, 'Butter Naan', NULL, '', 45, NULL, NULL, NULL, 1, 1, NULL, NULL, '2025-04-07 08:59:38'),
(382, 83, 'Butter Garlic Naan', NULL, '', 69, NULL, NULL, NULL, 1, 1, NULL, NULL, '2025-04-07 08:59:38'),
(383, 83, 'Cheese Garlic Naan', NULL, '', 79, NULL, NULL, NULL, 1, 1, NULL, NULL, '2025-04-07 08:59:38'),
(384, 83, 'Whole Wheat Lachha Paratha Plain', NULL, '', 39, NULL, NULL, NULL, 1, 1, NULL, NULL, '2025-04-07 08:59:38'),
(385, 83, 'Whole Wheat Lachha Paratha Butter', NULL, '', 45, NULL, NULL, NULL, 1, 1, NULL, NULL, '2025-04-07 08:59:38'),
(386, 83, 'Whole Wheat Pudina Paratha Plain', NULL, '', 49, NULL, NULL, NULL, 1, 1, NULL, NULL, '2025-04-07 08:59:38'),
(387, 83, 'Whole Wheat Pudina Paratha Butter', NULL, '', 55, NULL, NULL, NULL, 1, 1, NULL, NULL, '2025-04-07 08:59:38'),
(388, 83, 'Butter Kulcha', NULL, '', 39, NULL, NULL, NULL, 1, 1, NULL, NULL, '2025-04-07 08:59:38'),
(389, 83, 'Plain Kulcha', NULL, '', 45, NULL, NULL, NULL, 1, 1, NULL, NULL, '2025-04-07 08:59:38'),
(390, 83, 'SPL. Stuffed Kulcha', NULL, '', 79, NULL, NULL, NULL, 1, 1, NULL, NULL, '2025-04-07 08:59:38'),
(391, 84, 'Dal Tadka', NULL, '', 149, NULL, NULL, NULL, 1, 1, NULL, NULL, '2025-04-07 08:59:38'),
(392, 84, 'Dal Fry', NULL, '', 140, NULL, NULL, NULL, 1, 1, NULL, NULL, '2025-04-07 08:59:38'),
(393, 84, 'Dal Methi', NULL, '', 149, NULL, NULL, NULL, 1, 1, NULL, NULL, '2025-04-07 08:59:38'),
(394, 84, 'DAL Palak', NULL, '', 149, NULL, NULL, NULL, 1, 1, NULL, NULL, '2025-04-07 08:59:38'),
(395, 84, 'Dal Banjara', NULL, '', 149, NULL, NULL, NULL, 1, 1, NULL, NULL, '2025-04-07 08:59:38'),
(396, 84, 'Moong Ki Karhai', NULL, '', 139, NULL, NULL, NULL, 1, 1, NULL, NULL, '2025-04-07 08:59:38'),
(397, 84, 'Shree Satvam Special Dal Makhani', NULL, '', 219, NULL, NULL, NULL, 1, 1, NULL, NULL, '2025-04-07 08:59:38'),
(398, 85, 'Bhagyanagar Subzi Biryani With Burani Raita', NULL, '', 259, NULL, NULL, NULL, 1, 1, NULL, NULL, '2025-04-07 08:59:38'),
(399, 85, 'Shree Satvam Khichdi Khaas', NULL, '', 199, NULL, NULL, NULL, 1, 1, NULL, NULL, '2025-04-07 08:59:38'),
(400, 85, 'Veg Pulao', NULL, '', 159, NULL, NULL, NULL, 1, 1, NULL, NULL, '2025-04-07 08:59:38'),
(401, 85, 'Ghee Ka Kuska', NULL, '', 198, NULL, NULL, NULL, 1, 1, NULL, NULL, '2025-04-07 08:59:38'),
(402, 85, 'Jeera Rice', NULL, '', 169, NULL, NULL, NULL, 1, 1, NULL, NULL, '2025-04-07 08:59:38'),
(403, 85, 'Steamed Ghee Indrayani Rice', NULL, '', 169, NULL, NULL, NULL, 1, 1, NULL, NULL, '2025-04-07 08:59:38'),
(404, 85, 'Tamilian Curd Rice', NULL, '', 149, NULL, NULL, NULL, 1, 1, NULL, NULL, '2025-04-07 08:59:38'),
(405, 85, 'Matar Pulao', NULL, '', 159, NULL, NULL, NULL, 1, 1, NULL, NULL, '2025-04-07 08:59:38'),
(406, 85, 'Veg Haydrabadi Biryani', NULL, '', 169, NULL, NULL, NULL, 1, 1, NULL, NULL, '2025-04-07 08:59:38'),
(407, 85, 'Masala Khichdi', NULL, '', 189, NULL, NULL, NULL, 1, 1, NULL, NULL, '2025-04-07 08:59:38'),
(408, 85, 'Palak Khichdi', NULL, '', 199, NULL, NULL, NULL, 1, 1, NULL, NULL, '2025-04-07 08:59:38'),
(409, 86, 'Gulab Jamun Saffron Rabdi', NULL, '', 189, NULL, NULL, NULL, 1, 1, NULL, NULL, '2025-04-07 08:59:38'),
(410, 86, 'Kesari Makhana Phirni', NULL, '', 149, NULL, NULL, NULL, 1, 1, NULL, NULL, '2025-04-07 08:59:38'),
(411, 86, 'Ghee wala Shahi Tukda', NULL, '', 169, NULL, NULL, NULL, 1, 1, NULL, NULL, '2025-04-07 08:59:38'),
(412, 86, 'Walnut Brownie With Vanilla ice - cream', NULL, '', 189, NULL, NULL, NULL, 1, 1, NULL, NULL, '2025-04-07 08:59:38'),
(413, 86, 'Walnut Brownie With Hot Chocolate Sauce', NULL, '', 149, NULL, NULL, NULL, 1, 1, NULL, NULL, '2025-04-07 08:59:38'),
(414, 87, 'Pistachio Mawa Cake', NULL, '', 189, NULL, NULL, NULL, 1, 1, NULL, NULL, '2025-04-07 08:59:38'),
(415, 87, 'Apple Raisin Cake', NULL, '', 189, NULL, NULL, NULL, 1, 1, NULL, NULL, '2025-04-07 08:59:38'),
(416, 87, 'Chocolate Date N Walnut Cake', NULL, '', 189, NULL, NULL, NULL, 1, 1, NULL, NULL, '2025-04-07 08:59:38'),
(417, 87, 'Dark Chocolate Truffle Cake', NULL, '', 189, NULL, NULL, NULL, 1, 1, NULL, NULL, '2025-04-07 08:59:38'),
(418, 87, 'Seasonal Cheese Cake', NULL, '', 189, NULL, NULL, NULL, 1, 1, NULL, NULL, '2025-04-07 08:59:38'),
(419, 88, 'Espresso', NULL, '', 79, NULL, NULL, NULL, 1, 1, NULL, NULL, '2025-04-07 08:59:38'),
(420, 88, 'Americano', NULL, '', 79, NULL, NULL, NULL, 1, 1, NULL, NULL, '2025-04-07 08:59:38'),
(421, 88, 'Cappuccino', NULL, '', 119, NULL, NULL, NULL, 1, 1, NULL, NULL, '2025-04-07 08:59:38'),
(422, 88, 'Cappuccino Piccolo', NULL, '', 79, NULL, NULL, NULL, 1, 1, NULL, NULL, '2025-04-07 08:59:38'),
(423, 88, 'Cafe Latte', NULL, '', 119, NULL, NULL, NULL, 1, 1, NULL, NULL, '2025-04-07 08:59:38'),
(424, 88, 'Cafe Mocha', NULL, '', 129, NULL, NULL, NULL, 1, 1, NULL, NULL, '2025-04-07 08:59:38'),
(425, 88, 'Irish Coffee', NULL, '', 129, NULL, NULL, NULL, 1, 1, NULL, NULL, '2025-04-07 08:59:38'),
(426, 88, 'Masala Tea', NULL, '', 29, NULL, NULL, NULL, 1, 1, NULL, NULL, '2025-04-07 08:59:38'),
(427, 88, 'Hot Lemon Ginger Tea', NULL, '', 29, NULL, NULL, NULL, 1, 1, NULL, NULL, '2025-04-07 08:59:38'),
(428, 88, 'Filter Coffee', NULL, '', 29, NULL, NULL, NULL, 1, 1, NULL, NULL, '2025-04-07 08:59:38'),
(429, 88, 'Hot Chocolate', NULL, '', 89, NULL, NULL, NULL, 1, 1, NULL, NULL, '2025-04-07 08:59:38'),
(430, 88, 'Kesar Badam Milk', NULL, '', 59, NULL, NULL, NULL, 1, 1, NULL, NULL, '2025-04-07 08:59:38'),
(431, 64, 'Packaged Drinking Water bottle', NULL, '', 0, NULL, NULL, NULL, 1, 1, NULL, NULL, '2025-04-07 09:04:49'),
(432, 64, 'Fresh Lime Soda Sweet/ Salted', NULL, '', 79, NULL, NULL, NULL, 1, 1, NULL, NULL, '2025-04-07 09:04:49'),
(433, 64, 'Fresh Lime Water Sweet/ Salted', NULL, '', 49, NULL, NULL, NULL, 1, 1, NULL, NULL, '2025-04-07 09:04:49'),
(434, 64, 'Masala Mattha / Butter Milk- Plain', NULL, '', 49, NULL, NULL, NULL, 1, 1, NULL, NULL, '2025-04-07 09:04:49'),
(435, 64, 'Aerated Can Drinks ( Coke - Thums Up - Sprite', NULL, '', 49, NULL, NULL, NULL, 1, 1, NULL, NULL, '2025-04-07 09:04:49'),
(436, 64, 'Masala Cold Drink', NULL, '', 59, NULL, NULL, NULL, 1, 1, NULL, NULL, '2025-04-07 09:04:49'),
(437, 64, 'Fresh Lime Shikanji', NULL, '', 79, NULL, NULL, NULL, 1, 1, NULL, NULL, '2025-04-07 09:04:49'),
(438, 65, 'Watermelon Masti', NULL, '', 89, NULL, NULL, NULL, 1, 1, NULL, NULL, '2025-04-07 09:04:49'),
(439, 65, 'Mithi Mosambi', NULL, '', 89, NULL, NULL, NULL, 1, 1, NULL, NULL, '2025-04-07 09:04:49'),
(440, 65, 'Pineapple Pasand', NULL, '', 89, NULL, NULL, NULL, 1, 1, NULL, NULL, '2025-04-07 09:04:49'),
(441, 65, 'Narangi Orange', NULL, '', 89, NULL, NULL, NULL, 1, 1, NULL, NULL, '2025-04-07 09:04:49'),
(442, 65, 'Pudina Colada', NULL, '', 89, NULL, NULL, NULL, 1, 1, NULL, NULL, '2025-04-07 09:04:49'),
(443, 66, 'Virgin Mojito', NULL, '', 119, NULL, NULL, NULL, 1, 1, NULL, NULL, '2025-04-07 09:04:49'),
(444, 66, 'Blue Lagoon', NULL, '', 119, NULL, NULL, NULL, 1, 1, NULL, NULL, '2025-04-07 09:04:49'),
(445, 66, 'Kokum Tulsi Cooler', NULL, '', 119, NULL, NULL, NULL, 1, 1, NULL, NULL, '2025-04-07 09:04:49'),
(446, 66, 'Gulkand Thandai', NULL, '', 99, NULL, NULL, NULL, 1, 1, NULL, NULL, '2025-04-07 09:04:49'),
(447, 66, 'Watermelon Mojito', NULL, '', 129, NULL, NULL, NULL, 1, 1, NULL, NULL, '2025-04-07 09:04:49'),
(448, 66, 'Cranberry Mojito', NULL, '', 149, NULL, NULL, NULL, 1, 1, NULL, NULL, '2025-04-07 09:04:49'),
(449, 67, 'Old School Cold Coffee', NULL, '', 149, NULL, NULL, NULL, 1, 1, NULL, NULL, '2025-04-07 09:04:49'),
(450, 67, 'Choco Mocha Cold Coffee', NULL, '', 159, NULL, NULL, NULL, 1, 1, NULL, NULL, '2025-04-07 09:04:49'),
(451, 67, 'Cold Coffee With Ice-cream', NULL, '', 179, NULL, NULL, NULL, 1, 1, NULL, NULL, '2025-04-07 09:04:49'),
(452, 67, 'Ice Americano', NULL, '', 119, NULL, NULL, NULL, 1, 1, NULL, NULL, '2025-04-07 09:04:49'),
(453, 67, 'Iced - Latte', NULL, '', 179, NULL, NULL, NULL, 1, 1, NULL, NULL, '2025-04-07 09:04:49'),
(454, 68, 'Choco Frappe Shake', NULL, '', 179, NULL, NULL, NULL, 1, 1, NULL, NULL, '2025-04-07 09:04:49'),
(455, 68, 'Strawberry Shake', NULL, '', 169, NULL, NULL, NULL, 1, 1, NULL, NULL, '2025-04-07 09:04:49'),
(456, 68, 'Chocolate Milk Shake', NULL, '', 169, NULL, NULL, NULL, 1, 1, NULL, NULL, '2025-04-07 09:04:49'),
(457, 68, 'Vanilla Milk Shake', NULL, '', 169, NULL, NULL, NULL, 1, 1, NULL, NULL, '2025-04-07 09:04:49'),
(458, 68, 'Walnut Brownie Shake', NULL, '', 189, NULL, NULL, NULL, 1, 1, NULL, NULL, '2025-04-07 09:04:49'),
(459, 68, 'Satvam Special Shake', NULL, '', 199, NULL, NULL, NULL, 1, 1, NULL, NULL, '2025-04-07 09:04:49'),
(460, 69, 'Roasted Papad', NULL, '', 39, NULL, NULL, NULL, 1, 1, NULL, NULL, '2025-04-07 09:04:49'),
(461, 69, 'Roasted Masala Papad', NULL, '', 49, NULL, NULL, NULL, 1, 1, NULL, NULL, '2025-04-07 09:04:49'),
(462, 69, 'Fried Papad', NULL, '', 49, NULL, NULL, NULL, 1, 1, NULL, NULL, '2025-04-07 09:04:49'),
(463, 69, 'Fried Masala Papad', NULL, '', 59, NULL, NULL, NULL, 1, 1, NULL, NULL, '2025-04-07 09:04:49'),
(464, 69, 'Papad Churi', NULL, '', 79, NULL, NULL, NULL, 1, 1, NULL, NULL, '2025-04-07 09:04:49'),
(465, 69, 'Cheese Masala Papad', NULL, '', 89, NULL, NULL, NULL, 1, 1, NULL, NULL, '2025-04-07 09:04:49'),
(466, 70, 'Burmese Khow Suey Soup', NULL, '', 199, NULL, NULL, NULL, 1, 1, NULL, NULL, '2025-04-07 09:04:49'),
(467, 70, 'Tomato Dhaniya Ka Shorba', NULL, '', 139, NULL, NULL, NULL, 1, 1, NULL, NULL, '2025-04-07 09:04:49'),
(468, 70, 'Asian Mix Green Soup', NULL, '', 179, NULL, NULL, NULL, 1, 1, NULL, NULL, '2025-04-07 09:04:49'),
(469, 70, 'Cappuccino Piccolo Soup', NULL, '', 179, NULL, NULL, NULL, 1, 1, NULL, NULL, '2025-04-07 09:04:49'),
(470, 70, 'Veg Manchow Soup', NULL, '', 129, NULL, NULL, NULL, 1, 1, NULL, NULL, '2025-04-07 09:04:49'),
(471, 70, 'Lemon Coriander Soup', NULL, '', 129, NULL, NULL, NULL, 1, 1, NULL, NULL, '2025-04-07 09:04:49'),
(472, 70, 'Thai Spicy Coconut Soup', NULL, '', 199, NULL, NULL, NULL, 1, 1, NULL, NULL, '2025-04-07 09:04:50'),
(473, 70, 'Broccoli Almond Cappuccino Soup', NULL, '', 219, NULL, NULL, NULL, 1, 1, NULL, NULL, '2025-04-07 09:04:50'),
(474, 70, 'Creamy Italian Tomato Soup', NULL, '', 129, NULL, NULL, NULL, 1, 1, NULL, NULL, '2025-04-07 09:04:50'),
(475, 70, 'Cream Of Mushroom Soup', NULL, '', 219, NULL, NULL, NULL, 1, 1, NULL, NULL, '2025-04-07 09:04:50'),
(476, 70, 'Mexican Tortilla Soup', NULL, '', 169, NULL, NULL, NULL, 1, 1, NULL, NULL, '2025-04-07 09:04:50'),
(477, 70, 'Hot N Sour Sou', NULL, '', 129, NULL, NULL, NULL, 1, 1, NULL, NULL, '2025-04-07 09:04:50'),
(478, 71, 'Hot And Spicy Veg 65', NULL, '', 199, NULL, NULL, NULL, 1, 1, NULL, NULL, '2025-04-07 09:04:50'),
(479, 71, 'Hot And Spicy Gobhi 65', NULL, '', 199, NULL, NULL, NULL, 1, 1, NULL, NULL, '2025-04-07 09:04:50'),
(480, 71, 'Hot And Spicy Paneer 65', NULL, '', 209, NULL, NULL, NULL, 1, 1, NULL, NULL, '2025-04-07 09:04:50'),
(481, 71, 'Sweet Chilli Potato', NULL, '', 199, NULL, NULL, NULL, 1, 1, NULL, NULL, '2025-04-07 09:04:50'),
(482, 71, 'Crispy Corn Salt N Pepper', NULL, '', 199, NULL, NULL, NULL, 1, 1, NULL, NULL, '2025-04-07 09:04:50'),
(483, 71, 'Hot Garlic Mushroom', NULL, '', 249, NULL, NULL, NULL, 1, 1, NULL, NULL, '2025-04-07 09:04:50'),
(484, 71, 'Vegetable Manchurian Dry', NULL, '', 189, NULL, NULL, NULL, 1, 1, NULL, NULL, '2025-04-07 09:04:50');
INSERT INTO `product` (`Id`, `productcetogeryId`, `name`, `image`, `description`, `price`, `halfprice`, `samplenotes`, `realnotes`, `active`, `in_stock`, `orginfoId`, `createdby`, `createddate`) VALUES
(485, 71, 'Thai Spiced Paneer', NULL, '', 289, NULL, NULL, NULL, 1, 1, NULL, NULL, '2025-04-07 09:04:50'),
(486, 71, 'Schezwan Paneer Chilli Dry', NULL, '', 229, NULL, NULL, NULL, 1, 1, NULL, NULL, '2025-04-07 09:04:50'),
(487, 71, 'Paneer Chilli Dry', NULL, '', 229, NULL, NULL, NULL, 1, 1, NULL, NULL, '2025-04-07 09:04:50'),
(488, 71, 'Jalapenos Poppers', NULL, '', 289, NULL, NULL, NULL, 1, 1, NULL, NULL, '2025-04-07 09:04:50'),
(489, 71, 'Crispy Vegetable', NULL, '', 249, NULL, NULL, NULL, 1, 1, NULL, NULL, '2025-04-07 09:04:50'),
(490, 72, 'Peri - Peri Paneer Tikka', NULL, '', 259, NULL, NULL, NULL, 1, 1, NULL, NULL, '2025-04-07 09:04:50'),
(491, 72, 'Malai Paneer Tikka', NULL, '', 229, NULL, NULL, NULL, 1, 1, NULL, NULL, '2025-04-07 09:04:50'),
(492, 72, 'Paneer Methi Ka Seekh', NULL, '', 259, NULL, NULL, NULL, 1, 1, NULL, NULL, '2025-04-07 09:04:50'),
(493, 72, 'Tandoori Fal', NULL, '', 229, NULL, NULL, NULL, 1, 1, NULL, NULL, '2025-04-07 09:04:50'),
(494, 72, 'Bharwan Khumb', NULL, '', 279, NULL, NULL, NULL, 1, 1, NULL, NULL, '2025-04-07 09:04:50'),
(495, 72, 'Dahi Ke Kebab', NULL, '', 249, NULL, NULL, NULL, 1, 1, NULL, NULL, '2025-04-07 09:04:50'),
(496, 72, 'Sarson - De - Phool', NULL, '', 289, NULL, NULL, NULL, 1, 1, NULL, NULL, '2025-04-07 09:04:50'),
(497, 72, 'Nazakat - E Aloo', NULL, '', 275, NULL, NULL, NULL, 1, 1, NULL, NULL, '2025-04-07 09:04:50'),
(498, 72, 'Seekh - Dilruba', NULL, '', 289, NULL, NULL, NULL, 1, 1, NULL, NULL, '2025-04-07 09:04:50'),
(499, 72, 'Kali Mirch Paneer Tikka', NULL, '', 289, NULL, NULL, NULL, 1, 1, NULL, NULL, '2025-04-07 09:04:50'),
(500, 72, 'Ajwaini Paneer Tikka', NULL, '', 299, NULL, NULL, NULL, 1, 1, NULL, NULL, '2025-04-07 09:04:50'),
(501, 72, 'Hara Bhara Kebab', NULL, '', 199, NULL, NULL, NULL, 1, 1, NULL, NULL, '2025-04-07 09:04:50'),
(502, 72, 'Pesto Paneer Tikka', NULL, '', 319, NULL, NULL, NULL, 1, 1, NULL, NULL, '2025-04-07 09:04:50'),
(503, 72, 'Satvam Special Tandoori Platter', NULL, '', 569, NULL, NULL, NULL, 1, 1, NULL, NULL, '2025-04-07 09:04:50'),
(504, 73, 'Italian Margherita Pizza', NULL, '', 249, NULL, NULL, NULL, 1, 1, NULL, NULL, '2025-04-07 09:04:50'),
(505, 73, 'Deshi Subz Bahaar Pizza', NULL, '', 249, NULL, NULL, NULL, 1, 1, NULL, NULL, '2025-04-07 09:04:50'),
(506, 73, 'Deshi Paneer Tikka Pizza', NULL, '', 289, NULL, NULL, NULL, 1, 1, NULL, NULL, '2025-04-07 09:04:50'),
(507, 73, 'Desi Lasooni Mushroom Pizza', NULL, '', 265, NULL, NULL, NULL, 1, 1, NULL, NULL, '2025-04-07 09:04:50'),
(508, 74, 'Toasted Brioche Butter Jam Sandwich', NULL, '', 189, NULL, NULL, NULL, 1, 1, NULL, NULL, '2025-04-07 09:04:50'),
(509, 74, 'Grilled Cheese Brioche Sandwich', NULL, '', 189, NULL, NULL, NULL, 1, 1, NULL, NULL, '2025-04-07 09:04:50'),
(510, 74, 'Toasted Brioche Club Sandwich', NULL, '', 229, NULL, NULL, NULL, 1, 1, NULL, NULL, '2025-04-07 09:04:50'),
(511, 74, 'Garlic Bread', NULL, '', 149, NULL, NULL, NULL, 1, 1, NULL, NULL, '2025-04-07 09:04:50'),
(512, 74, 'Cheese Garlic Bread', NULL, '', 179, NULL, NULL, NULL, 1, 1, NULL, NULL, '2025-04-07 09:04:50'),
(513, 74, 'Chinese Chilli Toast', NULL, '', 179, NULL, NULL, NULL, 1, 1, NULL, NULL, '2025-04-07 09:04:50'),
(514, 74, 'Simple Salted French Fries', NULL, '', 139, NULL, NULL, NULL, 1, 1, NULL, NULL, '2025-04-07 09:04:50'),
(515, 74, 'Peri Peri French Fries', NULL, '', 149, NULL, NULL, NULL, 1, 1, NULL, NULL, '2025-04-07 09:04:50'),
(516, 74, 'French Fries With cheese', NULL, '', 159, NULL, NULL, NULL, 1, 1, NULL, NULL, '2025-04-07 09:04:50'),
(517, 75, 'Fresh Green Salad', NULL, '', 99, NULL, NULL, NULL, 1, 1, NULL, NULL, '2025-04-07 09:04:50'),
(518, 75, 'Bell Pepper Salad', NULL, '', 179, NULL, NULL, NULL, 1, 1, NULL, NULL, '2025-04-07 09:04:50'),
(519, 75, 'Caesar Salad', NULL, '', 179, NULL, NULL, NULL, 1, 1, NULL, NULL, '2025-04-07 09:04:50'),
(520, 75, 'Russian Salad', NULL, '', 149, NULL, NULL, NULL, 1, 1, NULL, NULL, '2025-04-07 09:04:50'),
(521, 76, 'Matka Dahi', NULL, '', 99, NULL, NULL, NULL, 1, 1, NULL, NULL, '2025-04-07 09:04:50'),
(522, 76, 'Mix veg Raita', NULL, '', 139, NULL, NULL, NULL, 1, 1, NULL, NULL, '2025-04-07 09:04:50'),
(523, 76, 'Boondi Raita', NULL, '', 99, NULL, NULL, NULL, 1, 1, NULL, NULL, '2025-04-07 09:04:50'),
(524, 77, 'Dahi Bhalla Ki Chaat', NULL, '', 99, NULL, NULL, NULL, 1, 1, NULL, NULL, '2025-04-07 09:04:50'),
(525, 77, 'Papdi Chaat', NULL, '', 80, NULL, NULL, NULL, 1, 1, NULL, NULL, '2025-04-07 09:04:50'),
(526, 77, 'Palak Patte Ki Chaat', NULL, '', 149, NULL, NULL, NULL, 1, 1, NULL, NULL, '2025-04-07 09:04:50'),
(527, 77, 'Amritsari Chhole Bhature', NULL, '', 149, NULL, NULL, NULL, 1, 1, NULL, NULL, '2025-04-07 09:04:50'),
(528, 78, 'Vegetable Hakka Noodles', NULL, '', 179, NULL, NULL, NULL, 1, 1, NULL, NULL, '2025-04-07 09:04:50'),
(529, 78, 'Schezwan Noodles', NULL, '', 189, NULL, NULL, NULL, 1, 1, NULL, NULL, '2025-04-07 09:04:50'),
(530, 78, 'Chilli Garlic Noodles', NULL, '', 199, NULL, NULL, NULL, 1, 1, NULL, NULL, '2025-04-07 09:04:50'),
(531, 78, 'Singapore- Style Noodles', NULL, '', 209, NULL, NULL, NULL, 1, 1, NULL, NULL, '2025-04-07 09:04:50'),
(532, 79, 'Veg Manchurian Gravy', NULL, '', 249, NULL, NULL, NULL, 1, 1, NULL, NULL, '2025-04-07 09:04:50'),
(533, 79, 'Paneer Chilli Gravy', NULL, '', 299, NULL, NULL, NULL, 1, 1, NULL, NULL, '2025-04-07 09:04:50'),
(534, 79, 'Hot Garlic Vegetables', NULL, '', 299, NULL, NULL, NULL, 1, 1, NULL, NULL, '2025-04-07 09:04:50'),
(535, 79, 'Thai Green Curry With Steamed Rice', NULL, '', 299, NULL, NULL, NULL, 1, 1, NULL, NULL, '2025-04-07 09:04:50'),
(536, 79, 'Thai Red Curry With Steamed Rice', NULL, '', 299, NULL, NULL, NULL, 1, 1, NULL, NULL, '2025-04-07 09:04:50'),
(537, 79, 'Penne Alfredo', NULL, '', 219, NULL, NULL, NULL, 1, 1, NULL, NULL, '2025-04-07 09:04:50'),
(538, 79, 'Penne Arrabita', NULL, '', 219, NULL, NULL, NULL, 1, 1, NULL, NULL, '2025-04-07 09:04:50'),
(539, 79, 'Penne A1 Pesto', NULL, '', 239, NULL, NULL, NULL, 1, 1, NULL, NULL, '2025-04-07 09:04:50'),
(540, 80, 'Vegetable Fried Rice', NULL, '', 149, NULL, NULL, NULL, 1, 1, NULL, NULL, '2025-04-07 09:04:50'),
(541, 80, 'Schezwan Fried Rice', NULL, '', 199, NULL, NULL, NULL, 1, 1, NULL, NULL, '2025-04-07 09:04:50'),
(542, 80, 'Chilli Garlic Fried Rice', NULL, '', 159, NULL, NULL, NULL, 1, 1, NULL, NULL, '2025-04-07 09:04:50'),
(543, 81, 'Paneer Makhan Wala', NULL, '', 299, NULL, NULL, NULL, 1, 1, NULL, NULL, '2025-04-07 09:04:50'),
(544, 81, 'Paneer Tikka Masala', NULL, '', 219, NULL, NULL, NULL, 1, 1, NULL, NULL, '2025-04-07 09:04:50'),
(545, 81, 'Paneer Kurchan', NULL, '', 259, NULL, NULL, NULL, 1, 1, NULL, NULL, '2025-04-07 09:04:50'),
(546, 81, 'Paneer Methi Malai', NULL, '', 209, NULL, NULL, NULL, 1, 1, NULL, NULL, '2025-04-07 09:04:50'),
(547, 81, 'Lasooni Palak Paneer', NULL, '', 229, NULL, NULL, NULL, 1, 1, NULL, NULL, '2025-04-07 09:04:50'),
(548, 81, 'Paneer butter Masala', NULL, '', 209, NULL, NULL, NULL, 1, 1, NULL, NULL, '2025-04-07 09:04:50'),
(549, 81, 'Paneer Pasanda', NULL, '', 299, NULL, NULL, NULL, 1, 1, NULL, NULL, '2025-04-07 09:04:50'),
(550, 81, 'Paneer Chat-Pata', NULL, '', 259, NULL, NULL, NULL, 1, 1, NULL, NULL, '2025-04-07 09:04:50'),
(551, 81, 'Paneer Kadai', NULL, '', 249, NULL, NULL, NULL, 1, 1, NULL, NULL, '2025-04-07 09:04:50'),
(552, 81, 'Paneer - Do Pyaza', NULL, '', 229, NULL, NULL, NULL, 1, 1, NULL, NULL, '2025-04-07 09:04:50'),
(553, 81, 'Paneer Lazeez', NULL, '', 299, NULL, NULL, NULL, 1, 1, NULL, NULL, '2025-04-07 09:04:50'),
(554, 81, 'Dum Aloo Banarasi', NULL, '', 189, NULL, NULL, NULL, 1, 1, NULL, NULL, '2025-04-07 09:04:50'),
(555, 81, 'Punjabi Dum Aloo', NULL, '', 199, NULL, NULL, NULL, 1, 1, NULL, NULL, '2025-04-07 09:04:50'),
(556, 81, 'Paneer Bhurji', NULL, '', 219, NULL, NULL, NULL, 1, 1, NULL, NULL, '2025-04-07 09:04:50'),
(557, 81, 'Cheese Butter Masala', NULL, '', 329, NULL, NULL, NULL, 1, 1, NULL, NULL, '2025-04-07 09:04:50'),
(558, 81, 'Navratan Korma', NULL, '', 319, NULL, NULL, NULL, 1, 1, NULL, NULL, '2025-04-07 09:04:50'),
(559, 82, 'Kaju Curry', NULL, '', 319, NULL, NULL, NULL, 1, 1, NULL, NULL, '2025-04-07 09:04:50'),
(560, 82, 'Kaju Butter Masala', NULL, '', 319, NULL, NULL, NULL, 1, 1, NULL, NULL, '2025-04-07 09:04:50'),
(561, 82, 'Kaju Paneer Masala', NULL, '', 329, NULL, NULL, NULL, 1, 1, NULL, NULL, '2025-04-07 09:04:50'),
(562, 82, 'Khoya Kaju', NULL, '', 319, NULL, NULL, NULL, 1, 1, NULL, NULL, '2025-04-07 09:04:50'),
(563, 82, 'Malai Kofta', NULL, '', 299, NULL, NULL, NULL, 1, 1, NULL, NULL, '2025-04-07 09:04:50'),
(564, 82, 'Veg Kolhapuri', NULL, '', 229, NULL, NULL, NULL, 1, 1, NULL, NULL, '2025-04-07 09:04:50'),
(565, 82, 'Veg Jalfrezi', NULL, '', 229, NULL, NULL, NULL, 1, 1, NULL, NULL, '2025-04-07 09:04:50'),
(566, 82, 'Veg Diwani Handi', NULL, '', 249, NULL, NULL, NULL, 1, 1, NULL, NULL, '2025-04-07 09:04:50'),
(567, 82, 'Veg Jaipuri', NULL, '', 199, NULL, NULL, NULL, 1, 1, NULL, NULL, '2025-04-07 09:04:50'),
(568, 82, 'Mushroom Masala', NULL, '', 259, NULL, NULL, NULL, 1, 1, NULL, NULL, '2025-04-07 09:04:50'),
(569, 82, 'Kumbh Kadai', NULL, '', 249, NULL, NULL, NULL, 1, 1, NULL, NULL, '2025-04-07 09:04:50'),
(570, 82, 'Hing Dhaniya Aloo', NULL, '', 199, NULL, NULL, NULL, 1, 1, NULL, NULL, '2025-04-07 09:04:50'),
(571, 82, 'Aloo Gobhi Adraki', NULL, '', 199, NULL, NULL, NULL, 1, 1, NULL, NULL, '2025-04-07 09:04:50'),
(572, 82, 'Punjabi Chhole', NULL, '', 199, NULL, NULL, NULL, 1, 1, NULL, NULL, '2025-04-07 09:04:50'),
(573, 82, 'Bhindi Do Pyaza', NULL, '', 199, NULL, NULL, NULL, 1, 1, NULL, NULL, '2025-04-07 09:04:50'),
(574, 83, 'Tandoori Whole Wheat Plain Roti', NULL, '', 25, NULL, NULL, NULL, 1, 1, NULL, NULL, '2025-04-07 09:04:50'),
(575, 83, 'Tandoori Whole Wheat Butter Roti', NULL, '', 29, NULL, NULL, NULL, 1, 1, NULL, NULL, '2025-04-07 09:04:50'),
(576, 83, 'Plain Naan', NULL, '', 39, NULL, NULL, NULL, 1, 1, NULL, NULL, '2025-04-07 09:04:50'),
(577, 83, 'Butter Naan', NULL, '', 45, NULL, NULL, NULL, 1, 1, NULL, NULL, '2025-04-07 09:04:50'),
(578, 83, 'Butter Garlic Naan', NULL, '', 69, NULL, NULL, NULL, 1, 1, NULL, NULL, '2025-04-07 09:04:50'),
(579, 83, 'Cheese Garlic Naan', NULL, '', 79, NULL, NULL, NULL, 1, 1, NULL, NULL, '2025-04-07 09:04:50'),
(580, 83, 'Whole Wheat Lachha Paratha Plain', NULL, '', 39, NULL, NULL, NULL, 1, 1, NULL, NULL, '2025-04-07 09:04:50'),
(581, 83, 'Whole Wheat Lachha Paratha Butter', NULL, '', 45, NULL, NULL, NULL, 1, 1, NULL, NULL, '2025-04-07 09:04:50'),
(582, 83, 'Whole Wheat Pudina Paratha Plain', NULL, '', 49, NULL, NULL, NULL, 1, 1, NULL, NULL, '2025-04-07 09:04:50'),
(583, 83, 'Whole Wheat Pudina Paratha Butter', NULL, '', 55, NULL, NULL, NULL, 1, 1, NULL, NULL, '2025-04-07 09:04:50'),
(584, 83, 'Butter Kulcha', NULL, '', 39, NULL, NULL, NULL, 1, 1, NULL, NULL, '2025-04-07 09:04:50'),
(585, 83, 'Plain Kulcha', NULL, '', 45, NULL, NULL, NULL, 1, 1, NULL, NULL, '2025-04-07 09:04:50'),
(586, 83, 'SPL. Stuffed Kulcha', NULL, '', 79, NULL, NULL, NULL, 1, 1, NULL, NULL, '2025-04-07 09:04:50'),
(587, 84, 'Dal Tadka', NULL, '', 149, NULL, NULL, NULL, 1, 1, NULL, NULL, '2025-04-07 09:04:50'),
(588, 84, 'Dal Fry', NULL, '', 140, NULL, NULL, NULL, 1, 1, NULL, NULL, '2025-04-07 09:04:50'),
(589, 84, 'Dal Methi', NULL, '', 149, NULL, NULL, NULL, 1, 1, NULL, NULL, '2025-04-07 09:04:50'),
(590, 84, 'DAL Palak', NULL, '', 149, NULL, NULL, NULL, 1, 1, NULL, NULL, '2025-04-07 09:04:50'),
(591, 84, 'Dal Banjara', NULL, '', 149, NULL, NULL, NULL, 1, 1, NULL, NULL, '2025-04-07 09:04:50'),
(592, 84, 'Moong Ki Karhai', NULL, '', 139, NULL, NULL, NULL, 1, 1, NULL, NULL, '2025-04-07 09:04:50'),
(593, 84, 'Shree Satvam Special Dal Makhani', NULL, '', 219, NULL, NULL, NULL, 1, 1, NULL, NULL, '2025-04-07 09:04:50'),
(594, 85, 'Bhagyanagar Subzi Biryani With Burani Raita', NULL, '', 259, NULL, NULL, NULL, 1, 1, NULL, NULL, '2025-04-07 09:04:50'),
(595, 85, 'Shree Satvam Khichdi Khaas', NULL, '', 199, NULL, NULL, NULL, 1, 1, NULL, NULL, '2025-04-07 09:04:50'),
(596, 85, 'Veg Pulao', NULL, '', 159, NULL, NULL, NULL, 1, 1, NULL, NULL, '2025-04-07 09:04:51'),
(597, 85, 'Ghee Ka Kuska', NULL, '', 198, NULL, NULL, NULL, 1, 1, NULL, NULL, '2025-04-07 09:04:51'),
(598, 85, 'Jeera Rice', NULL, '', 169, NULL, NULL, NULL, 1, 1, NULL, NULL, '2025-04-07 09:04:51'),
(599, 85, 'Steamed Ghee Indrayani Rice', NULL, '', 169, NULL, NULL, NULL, 1, 1, NULL, NULL, '2025-04-07 09:04:51'),
(600, 85, 'Tamilian Curd Rice', NULL, '', 149, NULL, NULL, NULL, 1, 1, NULL, NULL, '2025-04-07 09:04:51'),
(601, 85, 'Matar Pulao', NULL, '', 159, NULL, NULL, NULL, 1, 1, NULL, NULL, '2025-04-07 09:04:51'),
(602, 85, 'Veg Haydrabadi Biryani', NULL, '', 169, NULL, NULL, NULL, 1, 1, NULL, NULL, '2025-04-07 09:04:51'),
(603, 85, 'Masala Khichdi', NULL, '', 189, NULL, NULL, NULL, 1, 1, NULL, NULL, '2025-04-07 09:04:51'),
(604, 85, 'Palak Khichdi', NULL, '', 199, NULL, NULL, NULL, 1, 1, NULL, NULL, '2025-04-07 09:04:51'),
(605, 86, 'Gulab Jamun Saffron Rabdi', NULL, '', 189, NULL, NULL, NULL, 1, 1, NULL, NULL, '2025-04-07 09:04:51'),
(606, 86, 'Kesari Makhana Phirni', NULL, '', 149, NULL, NULL, NULL, 1, 1, NULL, NULL, '2025-04-07 09:04:51'),
(607, 86, 'Ghee wala Shahi Tukda', NULL, '', 169, NULL, NULL, NULL, 1, 1, NULL, NULL, '2025-04-07 09:04:51'),
(608, 86, 'Walnut Brownie With Vanilla ice - cream', NULL, '', 189, NULL, NULL, NULL, 1, 1, NULL, NULL, '2025-04-07 09:04:51'),
(609, 86, 'Walnut Brownie With Hot Chocolate Sauce', NULL, '', 149, NULL, NULL, NULL, 1, 1, NULL, NULL, '2025-04-07 09:04:51'),
(610, 87, 'Pistachio Mawa Cake', NULL, '', 189, NULL, NULL, NULL, 1, 1, NULL, NULL, '2025-04-07 09:04:51'),
(611, 87, 'Apple Raisin Cake', NULL, '', 189, NULL, NULL, NULL, 1, 1, NULL, NULL, '2025-04-07 09:04:51'),
(612, 87, 'Chocolate Date N Walnut Cake', NULL, '', 189, NULL, NULL, NULL, 1, 1, NULL, NULL, '2025-04-07 09:04:51'),
(613, 87, 'Dark Chocolate Truffle Cake', NULL, '', 189, NULL, NULL, NULL, 1, 1, NULL, NULL, '2025-04-07 09:04:51'),
(614, 87, 'Seasonal Cheese Cake', NULL, '', 189, NULL, NULL, NULL, 1, 1, NULL, NULL, '2025-04-07 09:04:51'),
(615, 88, 'Espresso', NULL, '', 79, NULL, NULL, NULL, 1, 1, NULL, NULL, '2025-04-07 09:04:51'),
(616, 88, 'Americano', NULL, '', 79, NULL, NULL, NULL, 1, 1, NULL, NULL, '2025-04-07 09:04:51'),
(617, 88, 'Cappuccino', NULL, '', 119, NULL, NULL, NULL, 1, 1, NULL, NULL, '2025-04-07 09:04:51'),
(618, 88, 'Cappuccino Piccolo', NULL, '', 79, NULL, NULL, NULL, 1, 1, NULL, NULL, '2025-04-07 09:04:51'),
(619, 88, 'Cafe Latte', NULL, '', 119, NULL, NULL, NULL, 1, 1, NULL, NULL, '2025-04-07 09:04:51'),
(620, 88, 'Cafe Mocha', NULL, '', 129, NULL, NULL, NULL, 1, 1, NULL, NULL, '2025-04-07 09:04:51'),
(621, 88, 'Irish Coffee', NULL, '', 129, NULL, NULL, NULL, 1, 1, NULL, NULL, '2025-04-07 09:04:51'),
(622, 88, 'Masala Tea', NULL, '', 29, NULL, NULL, NULL, 1, 1, NULL, NULL, '2025-04-07 09:04:51'),
(623, 88, 'Hot Lemon Ginger Tea', NULL, '', 29, NULL, NULL, NULL, 1, 1, NULL, NULL, '2025-04-07 09:04:51'),
(624, 88, 'Filter Coffee', NULL, '', 29, NULL, NULL, NULL, 1, 1, NULL, NULL, '2025-04-07 09:04:51'),
(625, 88, 'Hot Chocolate', NULL, '', 89, NULL, NULL, NULL, 1, 1, NULL, NULL, '2025-04-07 09:04:51'),
(626, 88, 'Kesar Badam Milk', NULL, '', 59, NULL, NULL, NULL, 1, 1, NULL, NULL, '2025-04-07 09:04:51'),
(627, 64, 'Packaged Drinking Water bottle', NULL, '', 0, NULL, NULL, NULL, 1, 1, NULL, NULL, '2025-04-07 09:07:34'),
(628, 64, 'Fresh Lime Soda Sweet/ Salted', NULL, '', 79, NULL, NULL, NULL, 1, 1, NULL, NULL, '2025-04-07 09:07:34'),
(629, 64, 'Fresh Lime Water Sweet/ Salted', NULL, '', 49, NULL, NULL, NULL, 1, 1, NULL, NULL, '2025-04-07 09:07:34'),
(630, 64, 'Masala Mattha / Butter Milk- Plain', NULL, '', 49, NULL, NULL, NULL, 1, 1, NULL, NULL, '2025-04-07 09:07:34'),
(631, 64, 'Aerated Can Drinks ( Coke - Thums Up - Sprite', NULL, '', 49, NULL, NULL, NULL, 1, 1, NULL, NULL, '2025-04-07 09:07:34'),
(632, 64, 'Masala Cold Drink', NULL, '', 59, NULL, NULL, NULL, 1, 1, NULL, NULL, '2025-04-07 09:07:34'),
(633, 64, 'Fresh Lime Shikanji', NULL, '', 79, NULL, NULL, NULL, 1, 1, NULL, NULL, '2025-04-07 09:07:34'),
(634, 65, 'Watermelon Masti', NULL, '', 89, NULL, NULL, NULL, 1, 1, NULL, NULL, '2025-04-07 09:07:34'),
(635, 65, 'Mithi Mosambi', NULL, '', 89, NULL, NULL, NULL, 1, 1, NULL, NULL, '2025-04-07 09:07:34'),
(636, 65, 'Pineapple Pasand', NULL, '', 89, NULL, NULL, NULL, 1, 1, NULL, NULL, '2025-04-07 09:07:34'),
(637, 65, 'Narangi Orange', NULL, '', 89, NULL, NULL, NULL, 1, 1, NULL, NULL, '2025-04-07 09:07:34'),
(638, 65, 'Pudina Colada', NULL, '', 89, NULL, NULL, NULL, 1, 1, NULL, NULL, '2025-04-07 09:07:34'),
(639, 66, 'Virgin Mojito', NULL, '', 119, NULL, NULL, NULL, 1, 1, NULL, NULL, '2025-04-07 09:07:34'),
(640, 66, 'Blue Lagoon', NULL, '', 119, NULL, NULL, NULL, 1, 1, NULL, NULL, '2025-04-07 09:07:34'),
(641, 66, 'Kokum Tulsi Cooler', NULL, '', 119, NULL, NULL, NULL, 1, 1, NULL, NULL, '2025-04-07 09:07:34'),
(642, 66, 'Gulkand Thandai', NULL, '', 99, NULL, NULL, NULL, 1, 1, NULL, NULL, '2025-04-07 09:07:34'),
(643, 66, 'Watermelon Mojito', NULL, '', 129, NULL, NULL, NULL, 1, 1, NULL, NULL, '2025-04-07 09:07:34'),
(644, 66, 'Cranberry Mojito', NULL, '', 149, NULL, NULL, NULL, 1, 1, NULL, NULL, '2025-04-07 09:07:34'),
(645, 67, 'Old School Cold Coffee', NULL, '', 149, NULL, NULL, NULL, 1, 1, NULL, NULL, '2025-04-07 09:07:34'),
(646, 67, 'Choco Mocha Cold Coffee', NULL, '', 159, NULL, NULL, NULL, 1, 1, NULL, NULL, '2025-04-07 09:07:34'),
(647, 67, 'Cold Coffee With Ice-cream', NULL, '', 179, NULL, NULL, NULL, 1, 1, NULL, NULL, '2025-04-07 09:07:34'),
(648, 67, 'Ice Americano', NULL, '', 119, NULL, NULL, NULL, 1, 1, NULL, NULL, '2025-04-07 09:07:34'),
(649, 67, 'Iced - Latte', NULL, '', 179, NULL, NULL, NULL, 1, 1, NULL, NULL, '2025-04-07 09:07:34'),
(650, 68, 'Choco Frappe Shake', NULL, '', 179, NULL, NULL, NULL, 1, 1, NULL, NULL, '2025-04-07 09:07:34'),
(651, 68, 'Strawberry Shake', NULL, '', 169, NULL, NULL, NULL, 1, 1, NULL, NULL, '2025-04-07 09:07:34'),
(652, 68, 'Chocolate Milk Shake', NULL, '', 169, NULL, NULL, NULL, 1, 1, NULL, NULL, '2025-04-07 09:07:34'),
(653, 68, 'Vanilla Milk Shake', NULL, '', 169, NULL, NULL, NULL, 1, 1, NULL, NULL, '2025-04-07 09:07:34'),
(654, 68, 'Walnut Brownie Shake', NULL, '', 189, NULL, NULL, NULL, 1, 1, NULL, NULL, '2025-04-07 09:07:34'),
(655, 68, 'Satvam Special Shake', NULL, '', 199, NULL, NULL, NULL, 1, 1, NULL, NULL, '2025-04-07 09:07:34'),
(656, 69, 'Roasted Papad', NULL, '', 39, NULL, NULL, NULL, 1, 1, NULL, NULL, '2025-04-07 09:07:34'),
(657, 69, 'Roasted Masala Papad', NULL, '', 49, NULL, NULL, NULL, 1, 1, NULL, NULL, '2025-04-07 09:07:34'),
(658, 69, 'Fried Papad', NULL, '', 49, NULL, NULL, NULL, 1, 1, NULL, NULL, '2025-04-07 09:07:34'),
(659, 69, 'Fried Masala Papad', NULL, '', 59, NULL, NULL, NULL, 1, 1, NULL, NULL, '2025-04-07 09:07:34'),
(660, 69, 'Papad Churi', NULL, '', 79, NULL, NULL, NULL, 1, 1, NULL, NULL, '2025-04-07 09:07:34'),
(661, 69, 'Cheese Masala Papad', NULL, '', 89, NULL, NULL, NULL, 1, 1, NULL, NULL, '2025-04-07 09:07:34'),
(662, 70, 'Burmese Khow Suey Soup', NULL, '', 199, NULL, NULL, NULL, 1, 1, NULL, NULL, '2025-04-07 09:07:34'),
(663, 70, 'Tomato Dhaniya Ka Shorba', NULL, '', 139, NULL, NULL, NULL, 1, 1, NULL, NULL, '2025-04-07 09:07:34'),
(664, 70, 'Asian Mix Green Soup', NULL, '', 179, NULL, NULL, NULL, 1, 1, NULL, NULL, '2025-04-07 09:07:34'),
(665, 70, 'Cappuccino Piccolo Soup', NULL, '', 179, NULL, NULL, NULL, 1, 1, NULL, NULL, '2025-04-07 09:07:34'),
(666, 70, 'Veg Manchow Soup', NULL, '', 129, NULL, NULL, NULL, 1, 1, NULL, NULL, '2025-04-07 09:07:34'),
(667, 70, 'Lemon Coriander Soup', NULL, '', 129, NULL, NULL, NULL, 1, 1, NULL, NULL, '2025-04-07 09:07:34'),
(668, 70, 'Thai Spicy Coconut Soup', NULL, '', 199, NULL, NULL, NULL, 1, 1, NULL, NULL, '2025-04-07 09:07:34'),
(669, 70, 'Broccoli Almond Cappuccino Soup', NULL, '', 219, NULL, NULL, NULL, 1, 1, NULL, NULL, '2025-04-07 09:07:34'),
(670, 70, 'Creamy Italian Tomato Soup', NULL, '', 129, NULL, NULL, NULL, 1, 1, NULL, NULL, '2025-04-07 09:07:34'),
(671, 70, 'Cream Of Mushroom Soup', NULL, '', 219, NULL, NULL, NULL, 1, 1, NULL, NULL, '2025-04-07 09:07:34'),
(672, 70, 'Mexican Tortilla Soup', NULL, '', 169, NULL, NULL, NULL, 1, 1, NULL, NULL, '2025-04-07 09:07:34'),
(673, 70, 'Hot N Sour Sou', NULL, '', 129, NULL, NULL, NULL, 1, 1, NULL, NULL, '2025-04-07 09:07:34'),
(674, 71, 'Hot And Spicy Veg 65', NULL, '', 199, NULL, NULL, NULL, 1, 1, NULL, NULL, '2025-04-07 09:07:34'),
(675, 71, 'Hot And Spicy Gobhi 65', NULL, '', 199, NULL, NULL, NULL, 1, 1, NULL, NULL, '2025-04-07 09:07:34'),
(676, 71, 'Hot And Spicy Paneer 65', NULL, '', 209, NULL, NULL, NULL, 1, 1, NULL, NULL, '2025-04-07 09:07:34'),
(677, 71, 'Sweet Chilli Potato', NULL, '', 199, NULL, NULL, NULL, 1, 1, NULL, NULL, '2025-04-07 09:07:34'),
(678, 71, 'Crispy Corn Salt N Pepper', NULL, '', 199, NULL, NULL, NULL, 1, 1, NULL, NULL, '2025-04-07 09:07:34'),
(679, 71, 'Hot Garlic Mushroom', NULL, '', 249, NULL, NULL, NULL, 1, 1, NULL, NULL, '2025-04-07 09:07:34'),
(680, 71, 'Vegetable Manchurian Dry', NULL, '', 189, NULL, NULL, NULL, 1, 1, NULL, NULL, '2025-04-07 09:07:34'),
(681, 71, 'Thai Spiced Paneer', NULL, '', 289, NULL, NULL, NULL, 1, 1, NULL, NULL, '2025-04-07 09:07:34'),
(682, 71, 'Schezwan Paneer Chilli Dry', NULL, '', 229, NULL, NULL, NULL, 1, 1, NULL, NULL, '2025-04-07 09:07:34'),
(683, 71, 'Paneer Chilli Dry', NULL, '', 229, NULL, NULL, NULL, 1, 1, NULL, NULL, '2025-04-07 09:07:34'),
(684, 71, 'Jalapenos Poppers', NULL, '', 289, NULL, NULL, NULL, 1, 1, NULL, NULL, '2025-04-07 09:07:34'),
(685, 71, 'Crispy Vegetable', NULL, '', 249, NULL, NULL, NULL, 1, 1, NULL, NULL, '2025-04-07 09:07:34'),
(686, 72, 'Peri - Peri Paneer Tikka', NULL, '', 259, NULL, NULL, NULL, 1, 1, NULL, NULL, '2025-04-07 09:07:34'),
(687, 72, 'Malai Paneer Tikka', NULL, '', 229, NULL, NULL, NULL, 1, 1, NULL, NULL, '2025-04-07 09:07:34'),
(688, 72, 'Paneer Methi Ka Seekh', NULL, '', 259, NULL, NULL, NULL, 1, 1, NULL, NULL, '2025-04-07 09:07:34'),
(689, 72, 'Tandoori Fal', NULL, '', 229, NULL, NULL, NULL, 1, 1, NULL, NULL, '2025-04-07 09:07:34'),
(690, 72, 'Bharwan Khumb', NULL, '', 279, NULL, NULL, NULL, 1, 1, NULL, NULL, '2025-04-07 09:07:34'),
(691, 72, 'Dahi Ke Kebab', NULL, '', 249, NULL, NULL, NULL, 1, 1, NULL, NULL, '2025-04-07 09:07:34'),
(692, 72, 'Sarson - De - Phool', NULL, '', 289, NULL, NULL, NULL, 1, 1, NULL, NULL, '2025-04-07 09:07:34'),
(693, 72, 'Nazakat - E Aloo', NULL, '', 275, NULL, NULL, NULL, 1, 1, NULL, NULL, '2025-04-07 09:07:34'),
(694, 72, 'Seekh - Dilruba', NULL, '', 289, NULL, NULL, NULL, 1, 1, NULL, NULL, '2025-04-07 09:07:34'),
(695, 72, 'Kali Mirch Paneer Tikka', NULL, '', 289, NULL, NULL, NULL, 1, 1, NULL, NULL, '2025-04-07 09:07:34'),
(696, 72, 'Ajwaini Paneer Tikka', NULL, '', 299, NULL, NULL, NULL, 1, 1, NULL, NULL, '2025-04-07 09:07:34'),
(697, 72, 'Hara Bhara Kebab', NULL, '', 199, NULL, NULL, NULL, 1, 1, NULL, NULL, '2025-04-07 09:07:34'),
(698, 72, 'Pesto Paneer Tikka', NULL, '', 319, NULL, NULL, NULL, 1, 1, NULL, NULL, '2025-04-07 09:07:34'),
(699, 72, 'Satvam Special Tandoori Platter', NULL, '', 569, NULL, NULL, NULL, 1, 1, NULL, NULL, '2025-04-07 09:07:34'),
(700, 73, 'Italian Margherita Pizza', NULL, '', 249, NULL, NULL, NULL, 1, 1, NULL, NULL, '2025-04-07 09:07:34'),
(701, 73, 'Deshi Subz Bahaar Pizza', NULL, '', 249, NULL, NULL, NULL, 1, 1, NULL, NULL, '2025-04-07 09:07:34'),
(702, 73, 'Deshi Paneer Tikka Pizza', NULL, '', 289, NULL, NULL, NULL, 1, 1, NULL, NULL, '2025-04-07 09:07:34'),
(703, 73, 'Desi Lasooni Mushroom Pizza', NULL, '', 265, NULL, NULL, NULL, 1, 1, NULL, NULL, '2025-04-07 09:07:34'),
(704, 74, 'Toasted Brioche Butter Jam Sandwich', NULL, '', 189, NULL, NULL, NULL, 1, 1, NULL, NULL, '2025-04-07 09:07:34'),
(705, 74, 'Grilled Cheese Brioche Sandwich', NULL, '', 189, NULL, NULL, NULL, 1, 1, NULL, NULL, '2025-04-07 09:07:34'),
(706, 74, 'Toasted Brioche Club Sandwich', NULL, '', 229, NULL, NULL, NULL, 1, 1, NULL, NULL, '2025-04-07 09:07:34'),
(707, 74, 'Garlic Bread', NULL, '', 149, NULL, NULL, NULL, 1, 1, NULL, NULL, '2025-04-07 09:07:34'),
(708, 74, 'Cheese Garlic Bread', NULL, '', 179, NULL, NULL, NULL, 1, 1, NULL, NULL, '2025-04-07 09:07:34'),
(709, 74, 'Chinese Chilli Toast', NULL, '', 179, NULL, NULL, NULL, 1, 1, NULL, NULL, '2025-04-07 09:07:34'),
(710, 74, 'Simple Salted French Fries', NULL, '', 139, NULL, NULL, NULL, 1, 1, NULL, NULL, '2025-04-07 09:07:34'),
(711, 74, 'Peri Peri French Fries', NULL, '', 149, NULL, NULL, NULL, 1, 1, NULL, NULL, '2025-04-07 09:07:34'),
(712, 74, 'French Fries With cheese', NULL, '', 159, NULL, NULL, NULL, 1, 1, NULL, NULL, '2025-04-07 09:07:34'),
(713, 75, 'Fresh Green Salad', NULL, '', 99, NULL, NULL, NULL, 1, 1, NULL, NULL, '2025-04-07 09:07:34'),
(714, 75, 'Bell Pepper Salad', NULL, '', 179, NULL, NULL, NULL, 1, 1, NULL, NULL, '2025-04-07 09:07:34'),
(715, 75, 'Caesar Salad', NULL, '', 179, NULL, NULL, NULL, 1, 1, NULL, NULL, '2025-04-07 09:07:34'),
(716, 75, 'Russian Salad', NULL, '', 149, NULL, NULL, NULL, 1, 1, NULL, NULL, '2025-04-07 09:07:34'),
(717, 76, 'Matka Dahi', NULL, '', 99, NULL, NULL, NULL, 1, 1, NULL, NULL, '2025-04-07 09:07:34'),
(718, 76, 'Mix veg Raita', NULL, '', 139, NULL, NULL, NULL, 1, 1, NULL, NULL, '2025-04-07 09:07:34'),
(719, 76, 'Boondi Raita', NULL, '', 99, NULL, NULL, NULL, 1, 1, NULL, NULL, '2025-04-07 09:07:34'),
(720, 77, 'Dahi Bhalla Ki Chaat', NULL, '', 99, NULL, NULL, NULL, 1, 1, NULL, NULL, '2025-04-07 09:07:34'),
(721, 77, 'Papdi Chaat', NULL, '', 80, NULL, NULL, NULL, 1, 1, NULL, NULL, '2025-04-07 09:07:34'),
(722, 77, 'Palak Patte Ki Chaat', NULL, '', 149, NULL, NULL, NULL, 1, 1, NULL, NULL, '2025-04-07 09:07:34'),
(723, 77, 'Amritsari Chhole Bhature', NULL, '', 149, NULL, NULL, NULL, 1, 1, NULL, NULL, '2025-04-07 09:07:34'),
(724, 78, 'Vegetable Hakka Noodles', NULL, '', 179, NULL, NULL, NULL, 1, 1, NULL, NULL, '2025-04-07 09:07:34'),
(725, 78, 'Schezwan Noodles', NULL, '', 189, NULL, NULL, NULL, 1, 1, NULL, NULL, '2025-04-07 09:07:34'),
(726, 78, 'Chilli Garlic Noodles', NULL, '', 199, NULL, NULL, NULL, 1, 1, NULL, NULL, '2025-04-07 09:07:34'),
(727, 78, 'Singapore- Style Noodles', NULL, '', 209, NULL, NULL, NULL, 1, 1, NULL, NULL, '2025-04-07 09:07:34'),
(728, 79, 'Veg Manchurian Gravy', NULL, '', 249, NULL, NULL, NULL, 1, 1, NULL, NULL, '2025-04-07 09:07:34'),
(729, 79, 'Paneer Chilli Gravy', NULL, '', 299, NULL, NULL, NULL, 1, 1, NULL, NULL, '2025-04-07 09:07:34'),
(730, 79, 'Hot Garlic Vegetables', NULL, '', 299, NULL, NULL, NULL, 1, 1, NULL, NULL, '2025-04-07 09:07:34'),
(731, 79, 'Thai Green Curry With Steamed Rice', NULL, '', 299, NULL, NULL, NULL, 1, 1, NULL, NULL, '2025-04-07 09:07:34'),
(732, 79, 'Thai Red Curry With Steamed Rice', NULL, '', 299, NULL, NULL, NULL, 1, 1, NULL, NULL, '2025-04-07 09:07:34'),
(733, 79, 'Penne Alfredo', NULL, '', 219, NULL, NULL, NULL, 1, 1, NULL, NULL, '2025-04-07 09:07:34'),
(734, 79, 'Penne Arrabita', NULL, '', 219, NULL, NULL, NULL, 1, 1, NULL, NULL, '2025-04-07 09:07:34'),
(735, 79, 'Penne A1 Pesto', NULL, '', 239, NULL, NULL, NULL, 1, 1, NULL, NULL, '2025-04-07 09:07:34'),
(736, 80, 'Vegetable Fried Rice', NULL, '', 149, NULL, NULL, NULL, 1, 1, NULL, NULL, '2025-04-07 09:07:34'),
(737, 80, 'Schezwan Fried Rice', NULL, '', 199, NULL, NULL, NULL, 1, 1, NULL, NULL, '2025-04-07 09:07:34'),
(738, 80, 'Chilli Garlic Fried Rice', NULL, '', 159, NULL, NULL, NULL, 1, 1, NULL, NULL, '2025-04-07 09:07:34'),
(739, 81, 'Paneer Makhan Wala', NULL, '', 299, NULL, NULL, NULL, 1, 1, NULL, NULL, '2025-04-07 09:07:34'),
(740, 81, 'Paneer Tikka Masala', NULL, '', 219, NULL, NULL, NULL, 1, 1, NULL, NULL, '2025-04-07 09:07:34'),
(741, 81, 'Paneer Kurchan', NULL, '', 259, NULL, NULL, NULL, 1, 1, NULL, NULL, '2025-04-07 09:07:34'),
(742, 81, 'Paneer Methi Malai', NULL, '', 209, NULL, NULL, NULL, 1, 1, NULL, NULL, '2025-04-07 09:07:34'),
(743, 81, 'Lasooni Palak Paneer', NULL, '', 229, NULL, NULL, NULL, 1, 1, NULL, NULL, '2025-04-07 09:07:34'),
(744, 81, 'Paneer butter Masala', NULL, '', 209, NULL, NULL, NULL, 1, 1, NULL, NULL, '2025-04-07 09:07:34'),
(745, 81, 'Paneer Pasanda', NULL, '', 299, NULL, NULL, NULL, 1, 1, NULL, NULL, '2025-04-07 09:07:34'),
(746, 81, 'Paneer Chat-Pata', NULL, '', 259, NULL, NULL, NULL, 1, 1, NULL, NULL, '2025-04-07 09:07:34'),
(747, 81, 'Paneer Kadai', NULL, '', 249, NULL, NULL, NULL, 1, 1, NULL, NULL, '2025-04-07 09:07:34'),
(748, 81, 'Paneer - Do Pyaza', NULL, '', 229, NULL, NULL, NULL, 1, 1, NULL, NULL, '2025-04-07 09:07:34'),
(749, 81, 'Paneer Lazeez', NULL, '', 299, NULL, NULL, NULL, 1, 1, NULL, NULL, '2025-04-07 09:07:34'),
(750, 81, 'Dum Aloo Banarasi', NULL, '', 189, NULL, NULL, NULL, 1, 1, NULL, NULL, '2025-04-07 09:07:34'),
(751, 81, 'Punjabi Dum Aloo', NULL, '', 199, NULL, NULL, NULL, 1, 1, NULL, NULL, '2025-04-07 09:07:34'),
(752, 81, 'Paneer Bhurji', NULL, '', 219, NULL, NULL, NULL, 1, 1, NULL, NULL, '2025-04-07 09:07:34'),
(753, 81, 'Cheese Butter Masala', NULL, '', 329, NULL, NULL, NULL, 1, 1, NULL, NULL, '2025-04-07 09:07:34'),
(754, 81, 'Navratan Korma', NULL, '', 319, NULL, NULL, NULL, 1, 1, NULL, NULL, '2025-04-07 09:07:34'),
(755, 82, 'Kaju Curry', NULL, '', 319, NULL, NULL, NULL, 1, 1, NULL, NULL, '2025-04-07 09:07:34'),
(756, 82, 'Kaju Butter Masala', NULL, '', 319, NULL, NULL, NULL, 1, 1, NULL, NULL, '2025-04-07 09:07:34'),
(757, 82, 'Kaju Paneer Masala', NULL, '', 329, NULL, NULL, NULL, 1, 1, NULL, NULL, '2025-04-07 09:07:34'),
(758, 82, 'Khoya Kaju', NULL, '', 319, NULL, NULL, NULL, 1, 1, NULL, NULL, '2025-04-07 09:07:34'),
(759, 82, 'Malai Kofta', NULL, '', 299, NULL, NULL, NULL, 1, 1, NULL, NULL, '2025-04-07 09:07:34'),
(760, 82, 'Veg Kolhapuri', NULL, '', 229, NULL, NULL, NULL, 1, 1, NULL, NULL, '2025-04-07 09:07:34'),
(761, 82, 'Veg Jalfrezi', NULL, '', 229, NULL, NULL, NULL, 1, 1, NULL, NULL, '2025-04-07 09:07:34'),
(762, 82, 'Veg Diwani Handi', NULL, '', 249, NULL, NULL, NULL, 1, 1, NULL, NULL, '2025-04-07 09:07:34'),
(763, 82, 'Veg Jaipuri', NULL, '', 199, NULL, NULL, NULL, 1, 1, NULL, NULL, '2025-04-07 09:07:34'),
(764, 82, 'Mushroom Masala', NULL, '', 259, NULL, NULL, NULL, 1, 1, NULL, NULL, '2025-04-07 09:07:34'),
(765, 82, 'Kumbh Kadai', NULL, '', 249, NULL, NULL, NULL, 1, 1, NULL, NULL, '2025-04-07 09:07:34'),
(766, 82, 'Hing Dhaniya Aloo', NULL, '', 199, NULL, NULL, NULL, 1, 1, NULL, NULL, '2025-04-07 09:07:34'),
(767, 82, 'Aloo Gobhi Adraki', NULL, '', 199, NULL, NULL, NULL, 1, 1, NULL, NULL, '2025-04-07 09:07:34'),
(768, 82, 'Punjabi Chhole', NULL, '', 199, NULL, NULL, NULL, 1, 1, NULL, NULL, '2025-04-07 09:07:34'),
(769, 82, 'Bhindi Do Pyaza', NULL, '', 199, NULL, NULL, NULL, 1, 1, NULL, NULL, '2025-04-07 09:07:34'),
(770, 83, 'Tandoori Whole Wheat Plain Roti', NULL, '', 25, NULL, NULL, NULL, 1, 1, NULL, NULL, '2025-04-07 09:07:34'),
(771, 83, 'Tandoori Whole Wheat Butter Roti', NULL, '', 29, NULL, NULL, NULL, 1, 1, NULL, NULL, '2025-04-07 09:07:34'),
(772, 83, 'Plain Naan', NULL, '', 39, NULL, NULL, NULL, 1, 1, NULL, NULL, '2025-04-07 09:07:34'),
(773, 83, 'Butter Naan', NULL, '', 45, NULL, NULL, NULL, 1, 1, NULL, NULL, '2025-04-07 09:07:34'),
(774, 83, 'Butter Garlic Naan', NULL, '', 69, NULL, NULL, NULL, 1, 1, NULL, NULL, '2025-04-07 09:07:34'),
(775, 83, 'Cheese Garlic Naan', NULL, '', 79, NULL, NULL, NULL, 1, 1, NULL, NULL, '2025-04-07 09:07:34'),
(776, 83, 'Whole Wheat Lachha Paratha Plain', NULL, '', 39, NULL, NULL, NULL, 1, 1, NULL, NULL, '2025-04-07 09:07:34'),
(777, 83, 'Whole Wheat Lachha Paratha Butter', NULL, '', 45, NULL, NULL, NULL, 1, 1, NULL, NULL, '2025-04-07 09:07:34'),
(778, 83, 'Whole Wheat Pudina Paratha Plain', NULL, '', 49, NULL, NULL, NULL, 1, 1, NULL, NULL, '2025-04-07 09:07:34'),
(779, 83, 'Whole Wheat Pudina Paratha Butter', NULL, '', 55, NULL, NULL, NULL, 1, 1, NULL, NULL, '2025-04-07 09:07:34'),
(780, 83, 'Butter Kulcha', NULL, '', 39, NULL, NULL, NULL, 1, 1, NULL, NULL, '2025-04-07 09:07:34'),
(781, 83, 'Plain Kulcha', NULL, '', 45, NULL, NULL, NULL, 1, 1, NULL, NULL, '2025-04-07 09:07:34'),
(782, 83, 'SPL. Stuffed Kulcha', NULL, '', 79, NULL, NULL, NULL, 1, 1, NULL, NULL, '2025-04-07 09:07:34'),
(783, 84, 'Dal Tadka', NULL, '', 149, NULL, NULL, NULL, 1, 1, NULL, NULL, '2025-04-07 09:07:34'),
(784, 84, 'Dal Fry', NULL, '', 140, NULL, NULL, NULL, 1, 1, NULL, NULL, '2025-04-07 09:07:34'),
(785, 84, 'Dal Methi', NULL, '', 149, NULL, NULL, NULL, 1, 1, NULL, NULL, '2025-04-07 09:07:34'),
(786, 84, 'DAL Palak', NULL, '', 149, NULL, NULL, NULL, 1, 1, NULL, NULL, '2025-04-07 09:07:34'),
(787, 84, 'Dal Banjara', NULL, '', 149, NULL, NULL, NULL, 1, 1, NULL, NULL, '2025-04-07 09:07:34'),
(788, 84, 'Moong Ki Karhai', NULL, '', 139, NULL, NULL, NULL, 1, 1, NULL, NULL, '2025-04-07 09:07:34'),
(789, 84, 'Shree Satvam Special Dal Makhani', NULL, '', 219, NULL, NULL, NULL, 1, 1, NULL, NULL, '2025-04-07 09:07:34'),
(790, 85, 'Bhagyanagar Subzi Biryani With Burani Raita', NULL, '', 259, NULL, NULL, NULL, 1, 1, NULL, NULL, '2025-04-07 09:07:34'),
(791, 85, 'Shree Satvam Khichdi Khaas', NULL, '', 199, NULL, NULL, NULL, 1, 1, NULL, NULL, '2025-04-07 09:07:34'),
(792, 85, 'Veg Pulao', NULL, '', 159, NULL, NULL, NULL, 1, 1, NULL, NULL, '2025-04-07 09:07:34'),
(793, 85, 'Ghee Ka Kuska', NULL, '', 198, NULL, NULL, NULL, 1, 1, NULL, NULL, '2025-04-07 09:07:34'),
(794, 85, 'Jeera Rice', NULL, '', 169, NULL, NULL, NULL, 1, 1, NULL, NULL, '2025-04-07 09:07:34'),
(795, 85, 'Steamed Ghee Indrayani Rice', NULL, '', 169, NULL, NULL, NULL, 1, 1, NULL, NULL, '2025-04-07 09:07:34'),
(796, 85, 'Tamilian Curd Rice', NULL, '', 149, NULL, NULL, NULL, 1, 1, NULL, NULL, '2025-04-07 09:07:34'),
(797, 85, 'Matar Pulao', NULL, '', 159, NULL, NULL, NULL, 1, 1, NULL, NULL, '2025-04-07 09:07:34'),
(798, 85, 'Veg Haydrabadi Biryani', NULL, '', 169, NULL, NULL, NULL, 1, 1, NULL, NULL, '2025-04-07 09:07:34'),
(799, 85, 'Masala Khichdi', NULL, '', 189, NULL, NULL, NULL, 1, 1, NULL, NULL, '2025-04-07 09:07:34'),
(800, 85, 'Palak Khichdi', NULL, '', 199, NULL, NULL, NULL, 1, 1, NULL, NULL, '2025-04-07 09:07:34'),
(801, 86, 'Gulab Jamun Saffron Rabdi', NULL, '', 189, NULL, NULL, NULL, 1, 1, NULL, NULL, '2025-04-07 09:07:34'),
(802, 86, 'Kesari Makhana Phirni', NULL, '', 149, NULL, NULL, NULL, 1, 1, NULL, NULL, '2025-04-07 09:07:34'),
(803, 86, 'Ghee wala Shahi Tukda', NULL, '', 169, NULL, NULL, NULL, 1, 1, NULL, NULL, '2025-04-07 09:07:34'),
(804, 86, 'Walnut Brownie With Vanilla ice - cream', NULL, '', 189, NULL, NULL, NULL, 1, 1, NULL, NULL, '2025-04-07 09:07:34'),
(805, 86, 'Walnut Brownie With Hot Chocolate Sauce', NULL, '', 149, NULL, NULL, NULL, 1, 1, NULL, NULL, '2025-04-07 09:07:34'),
(806, 87, 'Pistachio Mawa Cake', NULL, '', 189, NULL, NULL, NULL, 1, 1, NULL, NULL, '2025-04-07 09:07:34'),
(807, 87, 'Apple Raisin Cake', NULL, '', 189, NULL, NULL, NULL, 1, 1, NULL, NULL, '2025-04-07 09:07:34'),
(808, 87, 'Chocolate Date N Walnut Cake', NULL, '', 189, NULL, NULL, NULL, 1, 1, NULL, NULL, '2025-04-07 09:07:34'),
(809, 87, 'Dark Chocolate Truffle Cake', NULL, '', 189, NULL, NULL, NULL, 1, 1, NULL, NULL, '2025-04-07 09:07:34'),
(810, 87, 'Seasonal Cheese Cake', NULL, '', 189, NULL, NULL, NULL, 1, 1, NULL, NULL, '2025-04-07 09:07:34'),
(811, 88, 'Espresso', NULL, '', 79, NULL, NULL, NULL, 1, 1, NULL, NULL, '2025-04-07 09:07:34'),
(812, 88, 'Americano', NULL, '', 79, NULL, NULL, NULL, 1, 1, NULL, NULL, '2025-04-07 09:07:34'),
(813, 88, 'Cappuccino', NULL, '', 119, NULL, NULL, NULL, 1, 1, NULL, NULL, '2025-04-07 09:07:34'),
(814, 88, 'Cappuccino Piccolo', NULL, '', 79, NULL, NULL, NULL, 1, 1, NULL, NULL, '2025-04-07 09:07:34'),
(815, 88, 'Cafe Latte', NULL, '', 119, NULL, NULL, NULL, 1, 1, NULL, NULL, '2025-04-07 09:07:34'),
(816, 88, 'Cafe Mocha', NULL, '', 129, NULL, NULL, NULL, 1, 1, NULL, NULL, '2025-04-07 09:07:34'),
(817, 88, 'Irish Coffee', NULL, '', 129, NULL, NULL, NULL, 1, 1, NULL, NULL, '2025-04-07 09:07:34'),
(818, 88, 'Masala Tea', NULL, '', 29, NULL, NULL, NULL, 1, 1, NULL, NULL, '2025-04-07 09:07:34'),
(819, 88, 'Hot Lemon Ginger Tea', NULL, '', 29, NULL, NULL, NULL, 1, 1, NULL, NULL, '2025-04-07 09:07:34'),
(820, 88, 'Filter Coffee', NULL, '', 29, NULL, NULL, NULL, 1, 1, NULL, NULL, '2025-04-07 09:07:34'),
(821, 88, 'Hot Chocolate', NULL, '', 89, NULL, NULL, NULL, 1, 1, NULL, NULL, '2025-04-07 09:07:34'),
(822, 88, 'Kesar Badam Milk', NULL, '', 59, NULL, NULL, NULL, 1, 1, NULL, NULL, '2025-04-07 09:07:34'),
(823, 64, 'Packaged Drinking Water bottle', NULL, '', 0, NULL, NULL, NULL, 1, 1, NULL, NULL, '2025-04-07 09:08:21'),
(824, 64, 'Fresh Lime Soda Sweet/ Salted', NULL, '', 79, NULL, NULL, NULL, 1, 1, NULL, NULL, '2025-04-07 09:08:21'),
(825, 64, 'Fresh Lime Water Sweet/ Salted', NULL, '', 49, NULL, NULL, NULL, 1, 1, NULL, NULL, '2025-04-07 09:08:21'),
(826, 64, 'Masala Mattha / Butter Milk- Plain', NULL, '', 49, NULL, NULL, NULL, 1, 1, NULL, NULL, '2025-04-07 09:08:21'),
(827, 64, 'Aerated Can Drinks ( Coke - Thums Up - Sprite', NULL, '', 49, NULL, NULL, NULL, 1, 1, NULL, NULL, '2025-04-07 09:08:21'),
(828, 64, 'Masala Cold Drink', NULL, '', 59, NULL, NULL, NULL, 1, 1, NULL, NULL, '2025-04-07 09:08:21'),
(829, 64, 'Fresh Lime Shikanji', NULL, '', 79, NULL, NULL, NULL, 1, 1, NULL, NULL, '2025-04-07 09:08:21'),
(830, 65, 'Watermelon Masti', NULL, '', 89, NULL, NULL, NULL, 1, 1, NULL, NULL, '2025-04-07 09:08:21'),
(831, 65, 'Mithi Mosambi', NULL, '', 89, NULL, NULL, NULL, 1, 1, NULL, NULL, '2025-04-07 09:08:21'),
(832, 65, 'Pineapple Pasand', NULL, '', 89, NULL, NULL, NULL, 1, 1, NULL, NULL, '2025-04-07 09:08:21'),
(833, 65, 'Narangi Orange', NULL, '', 89, NULL, NULL, NULL, 1, 1, NULL, NULL, '2025-04-07 09:08:21'),
(834, 65, 'Pudina Colada', NULL, '', 89, NULL, NULL, NULL, 1, 1, NULL, NULL, '2025-04-07 09:08:21'),
(835, 66, 'Virgin Mojito', NULL, '', 119, NULL, NULL, NULL, 1, 1, NULL, NULL, '2025-04-07 09:08:21'),
(836, 66, 'Blue Lagoon', NULL, '', 119, NULL, NULL, NULL, 1, 1, NULL, NULL, '2025-04-07 09:08:21'),
(837, 66, 'Kokum Tulsi Cooler', NULL, '', 119, NULL, NULL, NULL, 1, 1, NULL, NULL, '2025-04-07 09:08:21'),
(838, 66, 'Gulkand Thandai', NULL, '', 99, NULL, NULL, NULL, 1, 1, NULL, NULL, '2025-04-07 09:08:21'),
(839, 66, 'Watermelon Mojito', NULL, '', 129, NULL, NULL, NULL, 1, 1, NULL, NULL, '2025-04-07 09:08:21'),
(840, 66, 'Cranberry Mojito', NULL, '', 149, NULL, NULL, NULL, 1, 1, NULL, NULL, '2025-04-07 09:08:21'),
(841, 67, 'Old School Cold Coffee', NULL, '', 149, NULL, NULL, NULL, 1, 1, NULL, NULL, '2025-04-07 09:08:21'),
(842, 67, 'Choco Mocha Cold Coffee', NULL, '', 159, NULL, NULL, NULL, 1, 1, NULL, NULL, '2025-04-07 09:08:21'),
(843, 67, 'Cold Coffee With Ice-cream', NULL, '', 179, NULL, NULL, NULL, 1, 1, NULL, NULL, '2025-04-07 09:08:21'),
(844, 67, 'Ice Americano', NULL, '', 119, NULL, NULL, NULL, 1, 1, NULL, NULL, '2025-04-07 09:08:21'),
(845, 67, 'Iced - Latte', NULL, '', 179, NULL, NULL, NULL, 1, 1, NULL, NULL, '2025-04-07 09:08:21'),
(846, 68, 'Choco Frappe Shake', NULL, '', 179, NULL, NULL, NULL, 1, 1, NULL, NULL, '2025-04-07 09:08:21'),
(847, 68, 'Strawberry Shake', NULL, '', 169, NULL, NULL, NULL, 1, 1, NULL, NULL, '2025-04-07 09:08:21'),
(848, 68, 'Chocolate Milk Shake', NULL, '', 169, NULL, NULL, NULL, 1, 1, NULL, NULL, '2025-04-07 09:08:21'),
(849, 68, 'Vanilla Milk Shake', NULL, '', 169, NULL, NULL, NULL, 1, 1, NULL, NULL, '2025-04-07 09:08:21'),
(850, 68, 'Walnut Brownie Shake', NULL, '', 189, NULL, NULL, NULL, 1, 1, NULL, NULL, '2025-04-07 09:08:21'),
(851, 68, 'Satvam Special Shake', NULL, '', 199, NULL, NULL, NULL, 1, 1, NULL, NULL, '2025-04-07 09:08:21'),
(852, 69, 'Roasted Papad', NULL, '', 39, NULL, NULL, NULL, 1, 1, NULL, NULL, '2025-04-07 09:08:21'),
(853, 69, 'Roasted Masala Papad', NULL, '', 49, NULL, NULL, NULL, 1, 1, NULL, NULL, '2025-04-07 09:08:21'),
(854, 69, 'Fried Papad', NULL, '', 49, NULL, NULL, NULL, 1, 1, NULL, NULL, '2025-04-07 09:08:21'),
(855, 69, 'Fried Masala Papad', NULL, '', 59, NULL, NULL, NULL, 1, 1, NULL, NULL, '2025-04-07 09:08:21'),
(856, 69, 'Papad Churi', NULL, '', 79, NULL, NULL, NULL, 1, 1, NULL, NULL, '2025-04-07 09:08:21'),
(857, 69, 'Cheese Masala Papad', NULL, '', 89, NULL, NULL, NULL, 1, 1, NULL, NULL, '2025-04-07 09:08:21'),
(858, 70, 'Burmese Khow Suey Soup', NULL, '', 199, NULL, NULL, NULL, 1, 1, NULL, NULL, '2025-04-07 09:08:21'),
(859, 70, 'Tomato Dhaniya Ka Shorba', NULL, '', 139, NULL, NULL, NULL, 1, 1, NULL, NULL, '2025-04-07 09:08:21'),
(860, 70, 'Asian Mix Green Soup', NULL, '', 179, NULL, NULL, NULL, 1, 1, NULL, NULL, '2025-04-07 09:08:21'),
(861, 70, 'Cappuccino Piccolo Soup', NULL, '', 179, NULL, NULL, NULL, 1, 1, NULL, NULL, '2025-04-07 09:08:21'),
(862, 70, 'Veg Manchow Soup', NULL, '', 129, NULL, NULL, NULL, 1, 1, NULL, NULL, '2025-04-07 09:08:21'),
(863, 70, 'Lemon Coriander Soup', NULL, '', 129, NULL, NULL, NULL, 1, 1, NULL, NULL, '2025-04-07 09:08:21'),
(864, 70, 'Thai Spicy Coconut Soup', NULL, '', 199, NULL, NULL, NULL, 1, 1, NULL, NULL, '2025-04-07 09:08:21'),
(865, 70, 'Broccoli Almond Cappuccino Soup', NULL, '', 219, NULL, NULL, NULL, 1, 1, NULL, NULL, '2025-04-07 09:08:21'),
(866, 70, 'Creamy Italian Tomato Soup', NULL, '', 129, NULL, NULL, NULL, 1, 1, NULL, NULL, '2025-04-07 09:08:21'),
(867, 70, 'Cream Of Mushroom Soup', NULL, '', 219, NULL, NULL, NULL, 1, 1, NULL, NULL, '2025-04-07 09:08:21'),
(868, 70, 'Mexican Tortilla Soup', NULL, '', 169, NULL, NULL, NULL, 1, 1, NULL, NULL, '2025-04-07 09:08:21'),
(869, 70, 'Hot N Sour Sou', NULL, '', 129, NULL, NULL, NULL, 1, 1, NULL, NULL, '2025-04-07 09:08:21'),
(870, 71, 'Hot And Spicy Veg 65', NULL, '', 199, NULL, NULL, NULL, 1, 1, NULL, NULL, '2025-04-07 09:08:21'),
(871, 71, 'Hot And Spicy Gobhi 65', NULL, '', 199, NULL, NULL, NULL, 1, 1, NULL, NULL, '2025-04-07 09:08:21'),
(872, 71, 'Hot And Spicy Paneer 65', NULL, '', 209, NULL, NULL, NULL, 1, 1, NULL, NULL, '2025-04-07 09:08:21'),
(873, 71, 'Sweet Chilli Potato', NULL, '', 199, NULL, NULL, NULL, 1, 1, NULL, NULL, '2025-04-07 09:08:21'),
(874, 71, 'Crispy Corn Salt N Pepper', NULL, '', 199, NULL, NULL, NULL, 1, 1, NULL, NULL, '2025-04-07 09:08:21'),
(875, 71, 'Hot Garlic Mushroom', NULL, '', 249, NULL, NULL, NULL, 1, 1, NULL, NULL, '2025-04-07 09:08:21'),
(876, 71, 'Vegetable Manchurian Dry', NULL, '', 189, NULL, NULL, NULL, 1, 1, NULL, NULL, '2025-04-07 09:08:21'),
(877, 71, 'Thai Spiced Paneer', NULL, '', 289, NULL, NULL, NULL, 1, 1, NULL, NULL, '2025-04-07 09:08:21'),
(878, 71, 'Schezwan Paneer Chilli Dry', NULL, '', 229, NULL, NULL, NULL, 1, 1, NULL, NULL, '2025-04-07 09:08:21'),
(879, 71, 'Paneer Chilli Dry', NULL, '', 229, NULL, NULL, NULL, 1, 1, NULL, NULL, '2025-04-07 09:08:21'),
(880, 71, 'Jalapenos Poppers', NULL, '', 289, NULL, NULL, NULL, 1, 1, NULL, NULL, '2025-04-07 09:08:21'),
(881, 71, 'Crispy Vegetable', NULL, '', 249, NULL, NULL, NULL, 1, 1, NULL, NULL, '2025-04-07 09:08:21'),
(882, 72, 'Peri - Peri Paneer Tikka', NULL, '', 259, NULL, NULL, NULL, 1, 1, NULL, NULL, '2025-04-07 09:08:21'),
(883, 72, 'Malai Paneer Tikka', NULL, '', 229, NULL, NULL, NULL, 1, 1, NULL, NULL, '2025-04-07 09:08:21'),
(884, 72, 'Paneer Methi Ka Seekh', NULL, '', 259, NULL, NULL, NULL, 1, 1, NULL, NULL, '2025-04-07 09:08:21'),
(885, 72, 'Tandoori Fal', NULL, '', 229, NULL, NULL, NULL, 1, 1, NULL, NULL, '2025-04-07 09:08:21'),
(886, 72, 'Bharwan Khumb', NULL, '', 279, NULL, NULL, NULL, 1, 1, NULL, NULL, '2025-04-07 09:08:21'),
(887, 72, 'Dahi Ke Kebab', NULL, '', 249, NULL, NULL, NULL, 1, 1, NULL, NULL, '2025-04-07 09:08:21'),
(888, 72, 'Sarson - De - Phool', NULL, '', 289, NULL, NULL, NULL, 1, 1, NULL, NULL, '2025-04-07 09:08:21'),
(889, 72, 'Nazakat - E Aloo', NULL, '', 275, NULL, NULL, NULL, 1, 1, NULL, NULL, '2025-04-07 09:08:21'),
(890, 72, 'Seekh - Dilruba', NULL, '', 289, NULL, NULL, NULL, 1, 1, NULL, NULL, '2025-04-07 09:08:21'),
(891, 72, 'Kali Mirch Paneer Tikka', NULL, '', 289, NULL, NULL, NULL, 1, 1, NULL, NULL, '2025-04-07 09:08:21'),
(892, 72, 'Ajwaini Paneer Tikka', NULL, '', 299, NULL, NULL, NULL, 1, 1, NULL, NULL, '2025-04-07 09:08:21'),
(893, 72, 'Hara Bhara Kebab', NULL, '', 199, NULL, NULL, NULL, 1, 1, NULL, NULL, '2025-04-07 09:08:21'),
(894, 72, 'Pesto Paneer Tikka', NULL, '', 319, NULL, NULL, NULL, 1, 1, NULL, NULL, '2025-04-07 09:08:21'),
(895, 72, 'Satvam Special Tandoori Platter', NULL, '', 569, NULL, NULL, NULL, 1, 1, NULL, NULL, '2025-04-07 09:08:21'),
(896, 73, 'Italian Margherita Pizza', NULL, '', 249, NULL, NULL, NULL, 1, 1, NULL, NULL, '2025-04-07 09:08:21'),
(897, 73, 'Deshi Subz Bahaar Pizza', NULL, '', 249, NULL, NULL, NULL, 1, 1, NULL, NULL, '2025-04-07 09:08:21'),
(898, 73, 'Deshi Paneer Tikka Pizza', NULL, '', 289, NULL, NULL, NULL, 1, 1, NULL, NULL, '2025-04-07 09:08:21'),
(899, 73, 'Desi Lasooni Mushroom Pizza', NULL, '', 265, NULL, NULL, NULL, 1, 1, NULL, NULL, '2025-04-07 09:08:21'),
(900, 74, 'Toasted Brioche Butter Jam Sandwich', NULL, '', 189, NULL, NULL, NULL, 1, 1, NULL, NULL, '2025-04-07 09:08:21'),
(901, 74, 'Grilled Cheese Brioche Sandwich', NULL, '', 189, NULL, NULL, NULL, 1, 1, NULL, NULL, '2025-04-07 09:08:21'),
(902, 74, 'Toasted Brioche Club Sandwich', NULL, '', 229, NULL, NULL, NULL, 1, 1, NULL, NULL, '2025-04-07 09:08:21'),
(903, 74, 'Garlic Bread', NULL, '', 149, NULL, NULL, NULL, 1, 1, NULL, NULL, '2025-04-07 09:08:21'),
(904, 74, 'Cheese Garlic Bread', NULL, '', 179, NULL, NULL, NULL, 1, 1, NULL, NULL, '2025-04-07 09:08:21'),
(905, 74, 'Chinese Chilli Toast', NULL, '', 179, NULL, NULL, NULL, 1, 1, NULL, NULL, '2025-04-07 09:08:21'),
(906, 74, 'Simple Salted French Fries', NULL, '', 139, NULL, NULL, NULL, 1, 1, NULL, NULL, '2025-04-07 09:08:21'),
(907, 74, 'Peri Peri French Fries', NULL, '', 149, NULL, NULL, NULL, 1, 1, NULL, NULL, '2025-04-07 09:08:21'),
(908, 74, 'French Fries With cheese', NULL, '', 159, NULL, NULL, NULL, 1, 1, NULL, NULL, '2025-04-07 09:08:21'),
(909, 75, 'Fresh Green Salad', NULL, '', 99, NULL, NULL, NULL, 1, 1, NULL, NULL, '2025-04-07 09:08:21'),
(910, 75, 'Bell Pepper Salad', NULL, '', 179, NULL, NULL, NULL, 1, 1, NULL, NULL, '2025-04-07 09:08:21'),
(911, 75, 'Caesar Salad', NULL, '', 179, NULL, NULL, NULL, 1, 1, NULL, NULL, '2025-04-07 09:08:21'),
(912, 75, 'Russian Salad', NULL, '', 149, NULL, NULL, NULL, 1, 1, NULL, NULL, '2025-04-07 09:08:21'),
(913, 76, 'Matka Dahi', NULL, '', 99, NULL, NULL, NULL, 1, 1, NULL, NULL, '2025-04-07 09:08:21'),
(914, 76, 'Mix veg Raita', NULL, '', 139, NULL, NULL, NULL, 1, 1, NULL, NULL, '2025-04-07 09:08:21'),
(915, 76, 'Boondi Raita', NULL, '', 99, NULL, NULL, NULL, 1, 1, NULL, NULL, '2025-04-07 09:08:21'),
(916, 77, 'Dahi Bhalla Ki Chaat', NULL, '', 99, NULL, NULL, NULL, 1, 1, NULL, NULL, '2025-04-07 09:08:21'),
(917, 77, 'Papdi Chaat', NULL, '', 80, NULL, NULL, NULL, 1, 1, NULL, NULL, '2025-04-07 09:08:21'),
(918, 77, 'Palak Patte Ki Chaat', NULL, '', 149, NULL, NULL, NULL, 1, 1, NULL, NULL, '2025-04-07 09:08:21'),
(919, 77, 'Amritsari Chhole Bhature', NULL, '', 149, NULL, NULL, NULL, 1, 1, NULL, NULL, '2025-04-07 09:08:21'),
(920, 78, 'Vegetable Hakka Noodles', NULL, '', 179, NULL, NULL, NULL, 1, 1, NULL, NULL, '2025-04-07 09:08:21'),
(921, 78, 'Schezwan Noodles', NULL, '', 189, NULL, NULL, NULL, 1, 1, NULL, NULL, '2025-04-07 09:08:21'),
(922, 78, 'Chilli Garlic Noodles', NULL, '', 199, NULL, NULL, NULL, 1, 1, NULL, NULL, '2025-04-07 09:08:21'),
(923, 78, 'Singapore- Style Noodles', NULL, '', 209, NULL, NULL, NULL, 1, 1, NULL, NULL, '2025-04-07 09:08:21'),
(924, 79, 'Veg Manchurian Gravy', NULL, '', 249, NULL, NULL, NULL, 1, 1, NULL, NULL, '2025-04-07 09:08:21'),
(925, 79, 'Paneer Chilli Gravy', NULL, '', 299, NULL, NULL, NULL, 1, 1, NULL, NULL, '2025-04-07 09:08:21'),
(926, 79, 'Hot Garlic Vegetables', NULL, '', 299, NULL, NULL, NULL, 1, 1, NULL, NULL, '2025-04-07 09:08:21'),
(927, 79, 'Thai Green Curry With Steamed Rice', NULL, '', 299, NULL, NULL, NULL, 1, 1, NULL, NULL, '2025-04-07 09:08:21'),
(928, 79, 'Thai Red Curry With Steamed Rice', NULL, '', 299, NULL, NULL, NULL, 1, 1, NULL, NULL, '2025-04-07 09:08:21'),
(929, 79, 'Penne Alfredo', NULL, '', 219, NULL, NULL, NULL, 1, 1, NULL, NULL, '2025-04-07 09:08:21'),
(930, 79, 'Penne Arrabita', NULL, '', 219, NULL, NULL, NULL, 1, 1, NULL, NULL, '2025-04-07 09:08:21'),
(931, 79, 'Penne A1 Pesto', NULL, '', 239, NULL, NULL, NULL, 1, 1, NULL, NULL, '2025-04-07 09:08:21'),
(932, 80, 'Vegetable Fried Rice', NULL, '', 149, NULL, NULL, NULL, 1, 1, NULL, NULL, '2025-04-07 09:08:21'),
(933, 80, 'Schezwan Fried Rice', NULL, '', 199, NULL, NULL, NULL, 1, 1, NULL, NULL, '2025-04-07 09:08:21'),
(934, 80, 'Chilli Garlic Fried Rice', NULL, '', 159, NULL, NULL, NULL, 1, 1, NULL, NULL, '2025-04-07 09:08:21'),
(935, 81, 'Paneer Makhan Wala', NULL, '', 299, NULL, NULL, NULL, 1, 1, NULL, NULL, '2025-04-07 09:08:21'),
(936, 81, 'Paneer Tikka Masala', NULL, '', 219, NULL, NULL, NULL, 1, 1, NULL, NULL, '2025-04-07 09:08:21'),
(937, 81, 'Paneer Kurchan', NULL, '', 259, NULL, NULL, NULL, 1, 1, NULL, NULL, '2025-04-07 09:08:21'),
(938, 81, 'Paneer Methi Malai', NULL, '', 209, NULL, NULL, NULL, 1, 1, NULL, NULL, '2025-04-07 09:08:21'),
(939, 81, 'Lasooni Palak Paneer', NULL, '', 229, NULL, NULL, NULL, 1, 1, NULL, NULL, '2025-04-07 09:08:21'),
(940, 81, 'Paneer butter Masala', NULL, '', 209, NULL, NULL, NULL, 1, 1, NULL, NULL, '2025-04-07 09:08:21'),
(941, 81, 'Paneer Pasanda', NULL, '', 299, NULL, NULL, NULL, 1, 1, NULL, NULL, '2025-04-07 09:08:21'),
(942, 81, 'Paneer Chat-Pata', NULL, '', 259, NULL, NULL, NULL, 1, 1, NULL, NULL, '2025-04-07 09:08:21'),
(943, 81, 'Paneer Kadai', NULL, '', 249, NULL, NULL, NULL, 1, 1, NULL, NULL, '2025-04-07 09:08:21'),
(944, 81, 'Paneer - Do Pyaza', NULL, '', 229, NULL, NULL, NULL, 1, 1, NULL, NULL, '2025-04-07 09:08:21'),
(945, 81, 'Paneer Lazeez', NULL, '', 299, NULL, NULL, NULL, 1, 1, NULL, NULL, '2025-04-07 09:08:21'),
(946, 81, 'Dum Aloo Banarasi', NULL, '', 189, NULL, NULL, NULL, 1, 1, NULL, NULL, '2025-04-07 09:08:21'),
(947, 81, 'Punjabi Dum Aloo', NULL, '', 199, NULL, NULL, NULL, 1, 1, NULL, NULL, '2025-04-07 09:08:21'),
(948, 81, 'Paneer Bhurji', NULL, '', 219, NULL, NULL, NULL, 1, 1, NULL, NULL, '2025-04-07 09:08:21'),
(949, 81, 'Cheese Butter Masala', NULL, '', 329, NULL, NULL, NULL, 1, 1, NULL, NULL, '2025-04-07 09:08:21'),
(950, 81, 'Navratan Korma', NULL, '', 319, NULL, NULL, NULL, 1, 1, NULL, NULL, '2025-04-07 09:08:21'),
(951, 82, 'Kaju Curry', NULL, '', 319, NULL, NULL, NULL, 1, 1, NULL, NULL, '2025-04-07 09:08:21'),
(952, 82, 'Kaju Butter Masala', NULL, '', 319, NULL, NULL, NULL, 1, 1, NULL, NULL, '2025-04-07 09:08:21'),
(953, 82, 'Kaju Paneer Masala', NULL, '', 329, NULL, NULL, NULL, 1, 1, NULL, NULL, '2025-04-07 09:08:21'),
(954, 82, 'Khoya Kaju', NULL, '', 319, NULL, NULL, NULL, 1, 1, NULL, NULL, '2025-04-07 09:08:21'),
(955, 82, 'Malai Kofta', NULL, '', 299, NULL, NULL, NULL, 1, 1, NULL, NULL, '2025-04-07 09:08:21');
INSERT INTO `product` (`Id`, `productcetogeryId`, `name`, `image`, `description`, `price`, `halfprice`, `samplenotes`, `realnotes`, `active`, `in_stock`, `orginfoId`, `createdby`, `createddate`) VALUES
(956, 82, 'Veg Kolhapuri', NULL, '', 229, NULL, NULL, NULL, 1, 1, NULL, NULL, '2025-04-07 09:08:21'),
(957, 82, 'Veg Jalfrezi', NULL, '', 229, NULL, NULL, NULL, 1, 1, NULL, NULL, '2025-04-07 09:08:21'),
(958, 82, 'Veg Diwani Handi', NULL, '', 249, NULL, NULL, NULL, 1, 1, NULL, NULL, '2025-04-07 09:08:21'),
(959, 82, 'Veg Jaipuri', NULL, '', 199, NULL, NULL, NULL, 1, 1, NULL, NULL, '2025-04-07 09:08:21'),
(960, 82, 'Mushroom Masala', NULL, '', 259, NULL, NULL, NULL, 1, 1, NULL, NULL, '2025-04-07 09:08:21'),
(961, 82, 'Kumbh Kadai', NULL, '', 249, NULL, NULL, NULL, 1, 1, NULL, NULL, '2025-04-07 09:08:21'),
(962, 82, 'Hing Dhaniya Aloo', NULL, '', 199, NULL, NULL, NULL, 1, 1, NULL, NULL, '2025-04-07 09:08:21'),
(963, 82, 'Aloo Gobhi Adraki', NULL, '', 199, NULL, NULL, NULL, 1, 1, NULL, NULL, '2025-04-07 09:08:21'),
(964, 82, 'Punjabi Chhole', NULL, '', 199, NULL, NULL, NULL, 1, 1, NULL, NULL, '2025-04-07 09:08:21'),
(965, 82, 'Bhindi Do Pyaza', NULL, '', 199, NULL, NULL, NULL, 1, 1, NULL, NULL, '2025-04-07 09:08:21'),
(966, 83, 'Tandoori Whole Wheat Plain Roti', NULL, '', 25, NULL, NULL, NULL, 1, 1, NULL, NULL, '2025-04-07 09:08:21'),
(967, 83, 'Tandoori Whole Wheat Butter Roti', NULL, '', 29, NULL, NULL, NULL, 1, 1, NULL, NULL, '2025-04-07 09:08:21'),
(968, 83, 'Plain Naan', NULL, '', 39, NULL, NULL, NULL, 1, 1, NULL, NULL, '2025-04-07 09:08:21'),
(969, 83, 'Butter Naan', NULL, '', 45, NULL, NULL, NULL, 1, 1, NULL, NULL, '2025-04-07 09:08:21'),
(970, 83, 'Butter Garlic Naan', NULL, '', 69, NULL, NULL, NULL, 1, 1, NULL, NULL, '2025-04-07 09:08:21'),
(971, 83, 'Cheese Garlic Naan', NULL, '', 79, NULL, NULL, NULL, 1, 1, NULL, NULL, '2025-04-07 09:08:21'),
(972, 83, 'Whole Wheat Lachha Paratha Plain', NULL, '', 39, NULL, NULL, NULL, 1, 1, NULL, NULL, '2025-04-07 09:08:21'),
(973, 83, 'Whole Wheat Lachha Paratha Butter', NULL, '', 45, NULL, NULL, NULL, 1, 1, NULL, NULL, '2025-04-07 09:08:21'),
(974, 83, 'Whole Wheat Pudina Paratha Plain', NULL, '', 49, NULL, NULL, NULL, 1, 1, NULL, NULL, '2025-04-07 09:08:21'),
(975, 83, 'Whole Wheat Pudina Paratha Butter', NULL, '', 55, NULL, NULL, NULL, 1, 1, NULL, NULL, '2025-04-07 09:08:21'),
(976, 83, 'Butter Kulcha', NULL, '', 39, NULL, NULL, NULL, 1, 1, NULL, NULL, '2025-04-07 09:08:21'),
(977, 83, 'Plain Kulcha', NULL, '', 45, NULL, NULL, NULL, 1, 1, NULL, NULL, '2025-04-07 09:08:21'),
(978, 83, 'SPL. Stuffed Kulcha', NULL, '', 79, NULL, NULL, NULL, 1, 1, NULL, NULL, '2025-04-07 09:08:21'),
(979, 84, 'Dal Tadka', NULL, '', 149, NULL, NULL, NULL, 1, 1, NULL, NULL, '2025-04-07 09:08:21'),
(980, 84, 'Dal Fry', NULL, '', 140, NULL, NULL, NULL, 1, 1, NULL, NULL, '2025-04-07 09:08:21'),
(981, 84, 'Dal Methi', NULL, '', 149, NULL, NULL, NULL, 1, 1, NULL, NULL, '2025-04-07 09:08:21'),
(982, 84, 'DAL Palak', NULL, '', 149, NULL, NULL, NULL, 1, 1, NULL, NULL, '2025-04-07 09:08:21'),
(983, 84, 'Dal Banjara', NULL, '', 149, NULL, NULL, NULL, 1, 1, NULL, NULL, '2025-04-07 09:08:21'),
(984, 84, 'Moong Ki Karhai', NULL, '', 139, NULL, NULL, NULL, 1, 1, NULL, NULL, '2025-04-07 09:08:21'),
(985, 84, 'Shree Satvam Special Dal Makhani', NULL, '', 219, NULL, NULL, NULL, 1, 1, NULL, NULL, '2025-04-07 09:08:21'),
(986, 85, 'Bhagyanagar Subzi Biryani With Burani Raita', NULL, '', 259, NULL, NULL, NULL, 1, 1, NULL, NULL, '2025-04-07 09:08:21'),
(987, 85, 'Shree Satvam Khichdi Khaas', NULL, '', 199, NULL, NULL, NULL, 1, 1, NULL, NULL, '2025-04-07 09:08:21'),
(988, 85, 'Veg Pulao', NULL, '', 159, NULL, NULL, NULL, 1, 1, NULL, NULL, '2025-04-07 09:08:21'),
(989, 85, 'Ghee Ka Kuska', NULL, '', 198, NULL, NULL, NULL, 1, 1, NULL, NULL, '2025-04-07 09:08:21'),
(990, 85, 'Jeera Rice', NULL, '', 169, NULL, NULL, NULL, 1, 1, NULL, NULL, '2025-04-07 09:08:21'),
(991, 85, 'Steamed Ghee Indrayani Rice', NULL, '', 169, NULL, NULL, NULL, 1, 1, NULL, NULL, '2025-04-07 09:08:21'),
(992, 85, 'Tamilian Curd Rice', NULL, '', 149, NULL, NULL, NULL, 1, 1, NULL, NULL, '2025-04-07 09:08:21'),
(993, 85, 'Matar Pulao', NULL, '', 159, NULL, NULL, NULL, 1, 1, NULL, NULL, '2025-04-07 09:08:21'),
(994, 85, 'Veg Haydrabadi Biryani', NULL, '', 169, NULL, NULL, NULL, 1, 1, NULL, NULL, '2025-04-07 09:08:21'),
(995, 85, 'Masala Khichdi', NULL, '', 189, NULL, NULL, NULL, 1, 1, NULL, NULL, '2025-04-07 09:08:21'),
(996, 85, 'Palak Khichdi', NULL, '', 199, NULL, NULL, NULL, 1, 1, NULL, NULL, '2025-04-07 09:08:21'),
(997, 86, 'Gulab Jamun Saffron Rabdi', NULL, '', 189, NULL, NULL, NULL, 1, 1, NULL, NULL, '2025-04-07 09:08:21'),
(998, 86, 'Kesari Makhana Phirni', NULL, '', 149, NULL, NULL, NULL, 1, 1, NULL, NULL, '2025-04-07 09:08:21'),
(999, 86, 'Ghee wala Shahi Tukda', NULL, '', 169, NULL, NULL, NULL, 1, 1, NULL, NULL, '2025-04-07 09:08:21'),
(1000, 86, 'Walnut Brownie With Vanilla ice - cream', NULL, '', 189, NULL, NULL, NULL, 1, 1, NULL, NULL, '2025-04-07 09:08:21'),
(1001, 86, 'Walnut Brownie With Hot Chocolate Sauce', NULL, '', 149, NULL, NULL, NULL, 1, 1, NULL, NULL, '2025-04-07 09:08:21'),
(1002, 87, 'Pistachio Mawa Cake', NULL, '', 189, NULL, NULL, NULL, 1, 1, NULL, NULL, '2025-04-07 09:08:21'),
(1003, 87, 'Apple Raisin Cake', NULL, '', 189, NULL, NULL, NULL, 1, 1, NULL, NULL, '2025-04-07 09:08:21'),
(1004, 87, 'Chocolate Date N Walnut Cake', NULL, '', 189, NULL, NULL, NULL, 1, 1, NULL, NULL, '2025-04-07 09:08:21'),
(1005, 87, 'Dark Chocolate Truffle Cake', NULL, '', 189, NULL, NULL, NULL, 1, 1, NULL, NULL, '2025-04-07 09:08:21'),
(1006, 87, 'Seasonal Cheese Cake', NULL, '', 189, NULL, NULL, NULL, 1, 1, NULL, NULL, '2025-04-07 09:08:21'),
(1007, 88, 'Espresso', NULL, '', 79, NULL, NULL, NULL, 1, 1, NULL, NULL, '2025-04-07 09:08:21'),
(1008, 88, 'Americano', NULL, '', 79, NULL, NULL, NULL, 1, 1, NULL, NULL, '2025-04-07 09:08:21'),
(1009, 88, 'Cappuccino', NULL, '', 119, NULL, NULL, NULL, 1, 1, NULL, NULL, '2025-04-07 09:08:21'),
(1010, 88, 'Cappuccino Piccolo', NULL, '', 79, NULL, NULL, NULL, 1, 1, NULL, NULL, '2025-04-07 09:08:21'),
(1011, 88, 'Cafe Latte', NULL, '', 119, NULL, NULL, NULL, 1, 1, NULL, NULL, '2025-04-07 09:08:21'),
(1012, 88, 'Cafe Mocha', NULL, '', 129, NULL, NULL, NULL, 1, 1, NULL, NULL, '2025-04-07 09:08:21'),
(1013, 88, 'Irish Coffee', NULL, '', 129, NULL, NULL, NULL, 1, 1, NULL, NULL, '2025-04-07 09:08:21'),
(1014, 88, 'Masala Tea', NULL, '', 29, NULL, NULL, NULL, 1, 1, NULL, NULL, '2025-04-07 09:08:21'),
(1015, 88, 'Hot Lemon Ginger Tea', NULL, '', 29, NULL, NULL, NULL, 1, 1, NULL, NULL, '2025-04-07 09:08:21'),
(1016, 88, 'Filter Coffee', NULL, '', 29, NULL, NULL, NULL, 1, 1, NULL, NULL, '2025-04-07 09:08:21'),
(1017, 88, 'Hot Chocolate', NULL, '', 89, NULL, NULL, NULL, 1, 1, NULL, NULL, '2025-04-07 09:08:21'),
(1018, 88, 'Kesar Badam Milk', NULL, '', 59, NULL, NULL, NULL, 1, 1, NULL, NULL, '2025-04-07 09:08:21'),
(1019, 215, 'Packaged Drinking Water bottle', NULL, '', 0, NULL, NULL, NULL, 1, 1, NULL, NULL, '2025-04-07 09:10:07'),
(1020, 215, 'Fresh Lime Soda Sweet/ Salted', NULL, '', 79, NULL, NULL, NULL, 1, 1, NULL, NULL, '2025-04-07 09:10:07'),
(1021, 215, 'Fresh Lime Water Sweet/ Salted', NULL, '', 49, NULL, NULL, NULL, 1, 1, NULL, NULL, '2025-04-07 09:10:07'),
(1022, 215, 'Masala Mattha / Butter Milk- Plain', NULL, '', 49, NULL, NULL, NULL, 1, 1, NULL, NULL, '2025-04-07 09:10:07'),
(1023, 215, 'Aerated Can Drinks ( Coke - Thums Up - Sprite', NULL, '', 49, NULL, NULL, NULL, 1, 1, NULL, NULL, '2025-04-07 09:10:07'),
(1024, 215, 'Masala Cold Drink', NULL, '', 59, NULL, NULL, NULL, 1, 1, NULL, NULL, '2025-04-07 09:10:07'),
(1025, 215, 'Fresh Lime Shikanji', NULL, '', 79, NULL, NULL, NULL, 1, 1, NULL, NULL, '2025-04-07 09:10:07'),
(1026, 216, 'Watermelon Masti', NULL, '', 89, NULL, NULL, NULL, 1, 1, NULL, NULL, '2025-04-07 09:10:07'),
(1027, 216, 'Mithi Mosambi', NULL, '', 89, NULL, NULL, NULL, 1, 1, NULL, NULL, '2025-04-07 09:10:07'),
(1028, 216, 'Pineapple Pasand', NULL, '', 89, NULL, NULL, NULL, 1, 1, NULL, NULL, '2025-04-07 09:10:07'),
(1029, 216, 'Narangi Orange', NULL, '', 89, NULL, NULL, NULL, 1, 1, NULL, NULL, '2025-04-07 09:10:07'),
(1030, 216, 'Pudina Colada', NULL, '', 89, NULL, NULL, NULL, 1, 1, NULL, NULL, '2025-04-07 09:10:07'),
(1031, 217, 'Virgin Mojito', NULL, '', 119, NULL, NULL, NULL, 1, 1, NULL, NULL, '2025-04-07 09:10:07'),
(1032, 217, 'Blue Lagoon', NULL, '', 119, NULL, NULL, NULL, 1, 1, NULL, NULL, '2025-04-07 09:10:07'),
(1033, 217, 'Kokum Tulsi Cooler', NULL, '', 119, NULL, NULL, NULL, 1, 1, NULL, NULL, '2025-04-07 09:10:07'),
(1034, 217, 'Gulkand Thandai', NULL, '', 99, NULL, NULL, NULL, 1, 1, NULL, NULL, '2025-04-07 09:10:07'),
(1035, 217, 'Watermelon Mojito', NULL, '', 129, NULL, NULL, NULL, 1, 1, NULL, NULL, '2025-04-07 09:10:07'),
(1036, 217, 'Cranberry Mojito', NULL, '', 149, NULL, NULL, NULL, 1, 1, NULL, NULL, '2025-04-07 09:10:07'),
(1037, 218, 'Old School Cold Coffee', NULL, '', 149, NULL, NULL, NULL, 1, 1, NULL, NULL, '2025-04-07 09:10:07'),
(1038, 218, 'Choco Mocha Cold Coffee', NULL, '', 159, NULL, NULL, NULL, 1, 1, NULL, NULL, '2025-04-07 09:10:07'),
(1039, 218, 'Cold Coffee With Ice-cream', NULL, '', 179, NULL, NULL, NULL, 1, 1, NULL, NULL, '2025-04-07 09:10:07'),
(1040, 218, 'Ice Americano', NULL, '', 119, NULL, NULL, NULL, 1, 1, NULL, NULL, '2025-04-07 09:10:07'),
(1041, 218, 'Iced - Latte', NULL, '', 179, NULL, NULL, NULL, 1, 1, NULL, NULL, '2025-04-07 09:10:07'),
(1042, 219, 'Choco Frappe Shake', NULL, '', 179, NULL, NULL, NULL, 1, 1, NULL, NULL, '2025-04-07 09:10:07'),
(1043, 219, 'Strawberry Shake', NULL, '', 169, NULL, NULL, NULL, 1, 1, NULL, NULL, '2025-04-07 09:10:07'),
(1044, 219, 'Chocolate Milk Shake', NULL, '', 169, NULL, NULL, NULL, 1, 1, NULL, NULL, '2025-04-07 09:10:07'),
(1045, 219, 'Vanilla Milk Shake', NULL, '', 169, NULL, NULL, NULL, 1, 1, NULL, NULL, '2025-04-07 09:10:07'),
(1046, 219, 'Walnut Brownie Shake', NULL, '', 189, NULL, NULL, NULL, 1, 1, NULL, NULL, '2025-04-07 09:10:07'),
(1047, 219, 'Satvam Special Shake', NULL, '', 199, NULL, NULL, NULL, 1, 1, NULL, NULL, '2025-04-07 09:10:07'),
(1048, 220, 'Roasted Papad', NULL, '', 39, NULL, NULL, NULL, 1, 1, NULL, NULL, '2025-04-07 09:10:07'),
(1049, 220, 'Roasted Masala Papad', NULL, '', 49, NULL, NULL, NULL, 1, 1, NULL, NULL, '2025-04-07 09:10:07'),
(1050, 220, 'Fried Papad', NULL, '', 49, NULL, NULL, NULL, 1, 1, NULL, NULL, '2025-04-07 09:10:07'),
(1051, 220, 'Fried Masala Papad', NULL, '', 59, NULL, NULL, NULL, 1, 1, NULL, NULL, '2025-04-07 09:10:07'),
(1052, 220, 'Papad Churi', NULL, '', 79, NULL, NULL, NULL, 1, 1, NULL, NULL, '2025-04-07 09:10:07'),
(1053, 220, 'Cheese Masala Papad', NULL, '', 89, NULL, NULL, NULL, 1, 1, NULL, NULL, '2025-04-07 09:10:07'),
(1054, 221, 'Burmese Khow Suey Soup', NULL, '', 199, NULL, NULL, NULL, 1, 1, NULL, NULL, '2025-04-07 09:10:07'),
(1055, 221, 'Tomato Dhaniya Ka Shorba', NULL, '', 139, NULL, NULL, NULL, 1, 1, NULL, NULL, '2025-04-07 09:10:07'),
(1056, 221, 'Asian Mix Green Soup', NULL, '', 179, NULL, NULL, NULL, 1, 1, NULL, NULL, '2025-04-07 09:10:07'),
(1057, 221, 'Cappuccino Piccolo Soup', NULL, '', 179, NULL, NULL, NULL, 1, 1, NULL, NULL, '2025-04-07 09:10:07'),
(1058, 221, 'Veg Manchow Soup', NULL, '', 129, NULL, NULL, NULL, 1, 1, NULL, NULL, '2025-04-07 09:10:07'),
(1059, 221, 'Lemon Coriander Soup', NULL, '', 129, NULL, NULL, NULL, 1, 1, NULL, NULL, '2025-04-07 09:10:07'),
(1060, 221, 'Thai Spicy Coconut Soup', NULL, '', 199, NULL, NULL, NULL, 1, 1, NULL, NULL, '2025-04-07 09:10:07'),
(1061, 221, 'Broccoli Almond Cappuccino Soup', NULL, '', 219, NULL, NULL, NULL, 1, 1, NULL, NULL, '2025-04-07 09:10:07'),
(1062, 221, 'Creamy Italian Tomato Soup', NULL, '', 129, NULL, NULL, NULL, 1, 1, NULL, NULL, '2025-04-07 09:10:07'),
(1063, 221, 'Cream Of Mushroom Soup', NULL, '', 219, NULL, NULL, NULL, 1, 1, NULL, NULL, '2025-04-07 09:10:07'),
(1064, 221, 'Mexican Tortilla Soup', NULL, '', 169, NULL, NULL, NULL, 1, 1, NULL, NULL, '2025-04-07 09:10:07'),
(1065, 221, 'Hot N Sour Sou', NULL, '', 129, NULL, NULL, NULL, 1, 1, NULL, NULL, '2025-04-07 09:10:07'),
(1066, 222, 'Hot And Spicy Veg 65', NULL, '', 199, NULL, NULL, NULL, 1, 1, NULL, NULL, '2025-04-07 09:10:07'),
(1067, 222, 'Hot And Spicy Gobhi 65', NULL, '', 199, NULL, NULL, NULL, 1, 1, NULL, NULL, '2025-04-07 09:10:07'),
(1068, 222, 'Hot And Spicy Paneer 65', NULL, '', 209, NULL, NULL, NULL, 1, 1, NULL, NULL, '2025-04-07 09:10:07'),
(1069, 222, 'Sweet Chilli Potato', NULL, '', 199, NULL, NULL, NULL, 1, 1, NULL, NULL, '2025-04-07 09:10:07'),
(1070, 222, 'Crispy Corn Salt N Pepper', NULL, '', 199, NULL, NULL, NULL, 1, 1, NULL, NULL, '2025-04-07 09:10:07'),
(1071, 222, 'Hot Garlic Mushroom', NULL, '', 249, NULL, NULL, NULL, 1, 1, NULL, NULL, '2025-04-07 09:10:07'),
(1072, 222, 'Vegetable Manchurian Dry', NULL, '', 189, NULL, NULL, NULL, 1, 1, NULL, NULL, '2025-04-07 09:10:07'),
(1073, 222, 'Thai Spiced Paneer', NULL, '', 289, NULL, NULL, NULL, 1, 1, NULL, NULL, '2025-04-07 09:10:07'),
(1074, 222, 'Schezwan Paneer Chilli Dry', NULL, '', 229, NULL, NULL, NULL, 1, 1, NULL, NULL, '2025-04-07 09:10:07'),
(1075, 222, 'Paneer Chilli Dry', NULL, '', 229, NULL, NULL, NULL, 1, 1, NULL, NULL, '2025-04-07 09:10:07'),
(1076, 222, 'Jalapenos Poppers', NULL, '', 289, NULL, NULL, NULL, 1, 1, NULL, NULL, '2025-04-07 09:10:07'),
(1077, 222, 'Crispy Vegetable', NULL, '', 249, NULL, NULL, NULL, 1, 1, NULL, NULL, '2025-04-07 09:10:07'),
(1078, 223, 'Peri - Peri Paneer Tikka', NULL, '', 259, NULL, NULL, NULL, 1, 1, NULL, NULL, '2025-04-07 09:10:07'),
(1079, 223, 'Malai Paneer Tikka', NULL, '', 229, NULL, NULL, NULL, 1, 1, NULL, NULL, '2025-04-07 09:10:07'),
(1080, 223, 'Paneer Methi Ka Seekh', NULL, '', 259, NULL, NULL, NULL, 1, 1, NULL, NULL, '2025-04-07 09:10:07'),
(1081, 223, 'Tandoori Fal', NULL, '', 229, NULL, NULL, NULL, 1, 1, NULL, NULL, '2025-04-07 09:10:07'),
(1082, 223, 'Bharwan Khumb', NULL, '', 279, NULL, NULL, NULL, 1, 1, NULL, NULL, '2025-04-07 09:10:07'),
(1083, 223, 'Dahi Ke Kebab', NULL, '', 249, NULL, NULL, NULL, 1, 1, NULL, NULL, '2025-04-07 09:10:07'),
(1084, 223, 'Sarson - De - Phool', NULL, '', 289, NULL, NULL, NULL, 1, 1, NULL, NULL, '2025-04-07 09:10:07'),
(1085, 223, 'Nazakat - E Aloo', NULL, '', 275, NULL, NULL, NULL, 1, 1, NULL, NULL, '2025-04-07 09:10:07'),
(1086, 223, 'Seekh - Dilruba', NULL, '', 289, NULL, NULL, NULL, 1, 1, NULL, NULL, '2025-04-07 09:10:07'),
(1087, 223, 'Kali Mirch Paneer Tikka', NULL, '', 289, NULL, NULL, NULL, 1, 1, NULL, NULL, '2025-04-07 09:10:07'),
(1088, 223, 'Ajwaini Paneer Tikka', NULL, '', 299, NULL, NULL, NULL, 1, 1, NULL, NULL, '2025-04-07 09:10:07'),
(1089, 223, 'Hara Bhara Kebab', NULL, '', 199, NULL, NULL, NULL, 1, 1, NULL, NULL, '2025-04-07 09:10:07'),
(1090, 223, 'Pesto Paneer Tikka', NULL, '', 319, NULL, NULL, NULL, 1, 1, NULL, NULL, '2025-04-07 09:10:07'),
(1091, 223, 'Satvam Special Tandoori Platter', NULL, '', 569, NULL, NULL, NULL, 1, 1, NULL, NULL, '2025-04-07 09:10:07'),
(1092, 224, 'Italian Margherita Pizza', NULL, '', 249, NULL, NULL, NULL, 1, 1, NULL, NULL, '2025-04-07 09:10:07'),
(1093, 224, 'Deshi Subz Bahaar Pizza', NULL, '', 249, NULL, NULL, NULL, 1, 1, NULL, NULL, '2025-04-07 09:10:07'),
(1094, 224, 'Deshi Paneer Tikka Pizza', NULL, '', 289, NULL, NULL, NULL, 1, 1, NULL, NULL, '2025-04-07 09:10:07'),
(1095, 224, 'Desi Lasooni Mushroom Pizza', NULL, '', 265, NULL, NULL, NULL, 1, 1, NULL, NULL, '2025-04-07 09:10:07'),
(1096, 225, 'Toasted Brioche Butter Jam Sandwich', NULL, '', 189, NULL, NULL, NULL, 1, 1, NULL, NULL, '2025-04-07 09:10:07'),
(1097, 225, 'Grilled Cheese Brioche Sandwich', NULL, '', 189, NULL, NULL, NULL, 1, 1, NULL, NULL, '2025-04-07 09:10:07'),
(1098, 225, 'Toasted Brioche Club Sandwich', NULL, '', 229, NULL, NULL, NULL, 1, 1, NULL, NULL, '2025-04-07 09:10:07'),
(1099, 225, 'Garlic Bread', NULL, '', 149, NULL, NULL, NULL, 1, 1, NULL, NULL, '2025-04-07 09:10:07'),
(1100, 225, 'Cheese Garlic Bread', NULL, '', 179, NULL, NULL, NULL, 1, 1, NULL, NULL, '2025-04-07 09:10:07'),
(1101, 225, 'Chinese Chilli Toast', NULL, '', 179, NULL, NULL, NULL, 1, 1, NULL, NULL, '2025-04-07 09:10:07'),
(1102, 225, 'Simple Salted French Fries', NULL, '', 139, NULL, NULL, NULL, 1, 1, NULL, NULL, '2025-04-07 09:10:07'),
(1103, 225, 'Peri Peri French Fries', NULL, '', 149, NULL, NULL, NULL, 1, 1, NULL, NULL, '2025-04-07 09:10:07'),
(1104, 225, 'French Fries With cheese', NULL, '', 159, NULL, NULL, NULL, 1, 1, NULL, NULL, '2025-04-07 09:10:07'),
(1105, 226, 'Fresh Green Salad', NULL, '', 99, NULL, NULL, NULL, 1, 1, NULL, NULL, '2025-04-07 09:10:07'),
(1106, 226, 'Bell Pepper Salad', NULL, '', 179, NULL, NULL, NULL, 1, 1, NULL, NULL, '2025-04-07 09:10:07'),
(1107, 226, 'Caesar Salad', NULL, '', 179, NULL, NULL, NULL, 1, 1, NULL, NULL, '2025-04-07 09:10:07'),
(1108, 226, 'Russian Salad', NULL, '', 149, NULL, NULL, NULL, 1, 1, NULL, NULL, '2025-04-07 09:10:07'),
(1109, 227, 'Matka Dahi', NULL, '', 99, NULL, NULL, NULL, 1, 1, NULL, NULL, '2025-04-07 09:10:07'),
(1110, 227, 'Mix veg Raita', NULL, '', 139, NULL, NULL, NULL, 1, 1, NULL, NULL, '2025-04-07 09:10:07'),
(1111, 227, 'Boondi Raita', NULL, '', 99, NULL, NULL, NULL, 1, 1, NULL, NULL, '2025-04-07 09:10:07'),
(1112, 228, 'Dahi Bhalla Ki Chaat', NULL, '', 99, NULL, NULL, NULL, 1, 1, NULL, NULL, '2025-04-07 09:10:07'),
(1113, 228, 'Papdi Chaat', NULL, '', 80, NULL, NULL, NULL, 1, 1, NULL, NULL, '2025-04-07 09:10:07'),
(1114, 228, 'Palak Patte Ki Chaat', NULL, '', 149, NULL, NULL, NULL, 1, 1, NULL, NULL, '2025-04-07 09:10:07'),
(1115, 228, 'Amritsari Chhole Bhature', NULL, '', 149, NULL, NULL, NULL, 1, 1, NULL, NULL, '2025-04-07 09:10:07'),
(1116, 229, 'Vegetable Hakka Noodles', NULL, '', 179, NULL, NULL, NULL, 1, 1, NULL, NULL, '2025-04-07 09:10:07'),
(1117, 229, 'Schezwan Noodles', NULL, '', 189, NULL, NULL, NULL, 1, 1, NULL, NULL, '2025-04-07 09:10:07'),
(1118, 229, 'Chilli Garlic Noodles', NULL, '', 199, NULL, NULL, NULL, 1, 1, NULL, NULL, '2025-04-07 09:10:07'),
(1119, 229, 'Singapore- Style Noodles', NULL, '', 209, NULL, NULL, NULL, 1, 1, NULL, NULL, '2025-04-07 09:10:07'),
(1120, 230, 'Veg Manchurian Gravy', NULL, '', 249, NULL, NULL, NULL, 1, 1, NULL, NULL, '2025-04-07 09:10:07'),
(1121, 230, 'Paneer Chilli Gravy', NULL, '', 299, NULL, NULL, NULL, 1, 1, NULL, NULL, '2025-04-07 09:10:07'),
(1122, 230, 'Hot Garlic Vegetables', NULL, '', 299, NULL, NULL, NULL, 1, 1, NULL, NULL, '2025-04-07 09:10:07'),
(1123, 230, 'Thai Green Curry With Steamed Rice', NULL, '', 299, NULL, NULL, NULL, 1, 1, NULL, NULL, '2025-04-07 09:10:07'),
(1124, 230, 'Thai Red Curry With Steamed Rice', NULL, '', 299, NULL, NULL, NULL, 1, 1, NULL, NULL, '2025-04-07 09:10:07'),
(1125, 230, 'Penne Alfredo', NULL, '', 219, NULL, NULL, NULL, 1, 1, NULL, NULL, '2025-04-07 09:10:07'),
(1126, 230, 'Penne Arrabita', NULL, '', 219, NULL, NULL, NULL, 1, 1, NULL, NULL, '2025-04-07 09:10:07'),
(1127, 230, 'Penne A1 Pesto', NULL, '', 239, NULL, NULL, NULL, 1, 1, NULL, NULL, '2025-04-07 09:10:07'),
(1128, 231, 'Vegetable Fried Rice', NULL, '', 149, NULL, NULL, NULL, 1, 1, NULL, NULL, '2025-04-07 09:10:07'),
(1129, 231, 'Schezwan Fried Rice', NULL, '', 199, NULL, NULL, NULL, 1, 1, NULL, NULL, '2025-04-07 09:10:07'),
(1130, 231, 'Chilli Garlic Fried Rice', NULL, '', 159, NULL, NULL, NULL, 1, 1, NULL, NULL, '2025-04-07 09:10:07'),
(1131, 232, 'Paneer Makhan Wala', NULL, '', 299, NULL, NULL, NULL, 1, 1, NULL, NULL, '2025-04-07 09:10:07'),
(1132, 232, 'Paneer Tikka Masala', NULL, '', 219, NULL, NULL, NULL, 1, 1, NULL, NULL, '2025-04-07 09:10:07'),
(1133, 232, 'Paneer Kurchan', NULL, '', 259, NULL, NULL, NULL, 1, 1, NULL, NULL, '2025-04-07 09:10:07'),
(1134, 232, 'Paneer Methi Malai', NULL, '', 209, NULL, NULL, NULL, 1, 1, NULL, NULL, '2025-04-07 09:10:07'),
(1135, 232, 'Lasooni Palak Paneer', NULL, '', 229, NULL, NULL, NULL, 1, 1, NULL, NULL, '2025-04-07 09:10:07'),
(1136, 232, 'Paneer butter Masala', NULL, '', 209, NULL, NULL, NULL, 1, 1, NULL, NULL, '2025-04-07 09:10:07'),
(1137, 232, 'Paneer Pasanda', NULL, '', 299, NULL, NULL, NULL, 1, 1, NULL, NULL, '2025-04-07 09:10:07'),
(1138, 232, 'Paneer Chat-Pata', NULL, '', 259, NULL, NULL, NULL, 1, 1, NULL, NULL, '2025-04-07 09:10:07'),
(1139, 232, 'Paneer Kadai', NULL, '', 249, NULL, NULL, NULL, 1, 1, NULL, NULL, '2025-04-07 09:10:07'),
(1140, 232, 'Paneer - Do Pyaza', NULL, '', 229, NULL, NULL, NULL, 1, 1, NULL, NULL, '2025-04-07 09:10:07'),
(1141, 232, 'Paneer Lazeez', NULL, '', 299, NULL, NULL, NULL, 1, 1, NULL, NULL, '2025-04-07 09:10:07'),
(1142, 232, 'Dum Aloo Banarasi', NULL, '', 189, NULL, NULL, NULL, 1, 1, NULL, NULL, '2025-04-07 09:10:07'),
(1143, 232, 'Punjabi Dum Aloo', NULL, '', 199, NULL, NULL, NULL, 1, 1, NULL, NULL, '2025-04-07 09:10:07'),
(1144, 232, 'Paneer Bhurji', NULL, '', 219, NULL, NULL, NULL, 1, 1, NULL, NULL, '2025-04-07 09:10:07'),
(1145, 232, 'Cheese Butter Masala', NULL, '', 329, NULL, NULL, NULL, 1, 1, NULL, NULL, '2025-04-07 09:10:07'),
(1146, 232, 'Navratan Korma', NULL, '', 319, NULL, NULL, NULL, 1, 1, NULL, NULL, '2025-04-07 09:10:07'),
(1147, 233, 'Kaju Curry', NULL, '', 319, NULL, NULL, NULL, 1, 1, NULL, NULL, '2025-04-07 09:10:07'),
(1148, 233, 'Kaju Butter Masala', NULL, '', 319, NULL, NULL, NULL, 1, 1, NULL, NULL, '2025-04-07 09:10:07'),
(1149, 233, 'Kaju Paneer Masala', NULL, '', 329, NULL, NULL, NULL, 1, 1, NULL, NULL, '2025-04-07 09:10:07'),
(1150, 233, 'Khoya Kaju', NULL, '', 319, NULL, NULL, NULL, 1, 1, NULL, NULL, '2025-04-07 09:10:07'),
(1151, 233, 'Malai Kofta', NULL, '', 299, NULL, NULL, NULL, 1, 1, NULL, NULL, '2025-04-07 09:10:07'),
(1152, 233, 'Veg Kolhapuri', NULL, '', 229, NULL, NULL, NULL, 1, 1, NULL, NULL, '2025-04-07 09:10:07'),
(1153, 233, 'Veg Jalfrezi', NULL, '', 229, NULL, NULL, NULL, 1, 1, NULL, NULL, '2025-04-07 09:10:07'),
(1154, 233, 'Veg Diwani Handi', NULL, '', 249, NULL, NULL, NULL, 1, 1, NULL, NULL, '2025-04-07 09:10:07'),
(1155, 233, 'Veg Jaipuri', NULL, '', 199, NULL, NULL, NULL, 1, 1, NULL, NULL, '2025-04-07 09:10:07'),
(1156, 233, 'Mushroom Masala', NULL, '', 259, NULL, NULL, NULL, 1, 1, NULL, NULL, '2025-04-07 09:10:07'),
(1157, 233, 'Kumbh Kadai', NULL, '', 249, NULL, NULL, NULL, 1, 1, NULL, NULL, '2025-04-07 09:10:07'),
(1158, 233, 'Hing Dhaniya Aloo', NULL, '', 199, NULL, NULL, NULL, 1, 1, NULL, NULL, '2025-04-07 09:10:07'),
(1159, 233, 'Aloo Gobhi Adraki', NULL, '', 199, NULL, NULL, NULL, 1, 1, NULL, NULL, '2025-04-07 09:10:07'),
(1160, 233, 'Punjabi Chhole', NULL, '', 199, NULL, NULL, NULL, 1, 1, NULL, NULL, '2025-04-07 09:10:07'),
(1161, 233, 'Bhindi Do Pyaza', NULL, '', 199, NULL, NULL, NULL, 1, 1, NULL, NULL, '2025-04-07 09:10:07'),
(1162, 234, 'Tandoori Whole Wheat Plain Roti', NULL, '', 25, NULL, NULL, NULL, 1, 1, NULL, NULL, '2025-04-07 09:10:07'),
(1163, 234, 'Tandoori Whole Wheat Butter Roti', NULL, '', 29, NULL, NULL, NULL, 1, 1, NULL, NULL, '2025-04-07 09:10:07'),
(1164, 234, 'Plain Naan', NULL, '', 39, NULL, NULL, NULL, 1, 1, NULL, NULL, '2025-04-07 09:10:07'),
(1165, 234, 'Butter Naan', NULL, '', 45, NULL, NULL, NULL, 1, 1, NULL, NULL, '2025-04-07 09:10:08'),
(1166, 234, 'Butter Garlic Naan', NULL, '', 69, NULL, NULL, NULL, 1, 1, NULL, NULL, '2025-04-07 09:10:08'),
(1167, 234, 'Cheese Garlic Naan', NULL, '', 79, NULL, NULL, NULL, 1, 1, NULL, NULL, '2025-04-07 09:10:08'),
(1168, 234, 'Whole Wheat Lachha Paratha Plain', NULL, '', 39, NULL, NULL, NULL, 1, 1, NULL, NULL, '2025-04-07 09:10:08'),
(1169, 234, 'Whole Wheat Lachha Paratha Butter', NULL, '', 45, NULL, NULL, NULL, 1, 1, NULL, NULL, '2025-04-07 09:10:08'),
(1170, 234, 'Whole Wheat Pudina Paratha Plain', NULL, '', 49, NULL, NULL, NULL, 1, 1, NULL, NULL, '2025-04-07 09:10:08'),
(1171, 234, 'Whole Wheat Pudina Paratha Butter', NULL, '', 55, NULL, NULL, NULL, 1, 1, NULL, NULL, '2025-04-07 09:10:08'),
(1172, 234, 'Butter Kulcha', NULL, '', 39, NULL, NULL, NULL, 1, 1, NULL, NULL, '2025-04-07 09:10:08'),
(1173, 234, 'Plain Kulcha', NULL, '', 45, NULL, NULL, NULL, 1, 1, NULL, NULL, '2025-04-07 09:10:08'),
(1174, 234, 'SPL. Stuffed Kulcha', NULL, '', 79, NULL, NULL, NULL, 1, 1, NULL, NULL, '2025-04-07 09:10:08'),
(1175, 235, 'Dal Tadka', NULL, '', 149, NULL, NULL, NULL, 1, 1, NULL, NULL, '2025-04-07 09:10:08'),
(1176, 235, 'Dal Fry', NULL, '', 140, NULL, NULL, NULL, 1, 1, NULL, NULL, '2025-04-07 09:10:08'),
(1177, 235, 'Dal Methi', NULL, '', 149, NULL, NULL, NULL, 1, 1, NULL, NULL, '2025-04-07 09:10:08'),
(1178, 235, 'DAL Palak', NULL, '', 149, NULL, NULL, NULL, 1, 1, NULL, NULL, '2025-04-07 09:10:08'),
(1179, 235, 'Dal Banjara', NULL, '', 149, NULL, NULL, NULL, 1, 1, NULL, NULL, '2025-04-07 09:10:08'),
(1180, 235, 'Moong Ki Karhai', NULL, '', 139, NULL, NULL, NULL, 1, 1, NULL, NULL, '2025-04-07 09:10:08'),
(1181, 235, 'Shree Satvam Special Dal Makhani', NULL, '', 219, NULL, NULL, NULL, 1, 1, NULL, NULL, '2025-04-07 09:10:08'),
(1182, 236, 'Bhagyanagar Subzi Biryani With Burani Raita', NULL, '', 259, NULL, NULL, NULL, 1, 1, NULL, NULL, '2025-04-07 09:10:08'),
(1183, 236, 'Shree Satvam Khichdi Khaas', NULL, '', 199, NULL, NULL, NULL, 1, 1, NULL, NULL, '2025-04-07 09:10:08'),
(1184, 236, 'Veg Pulao', NULL, '', 159, NULL, NULL, NULL, 1, 1, NULL, NULL, '2025-04-07 09:10:08'),
(1185, 236, 'Ghee Ka Kuska', NULL, '', 198, NULL, NULL, NULL, 1, 1, NULL, NULL, '2025-04-07 09:10:08'),
(1186, 236, 'Jeera Rice', NULL, '', 169, NULL, NULL, NULL, 1, 1, NULL, NULL, '2025-04-07 09:10:08'),
(1187, 236, 'Steamed Ghee Indrayani Rice', NULL, '', 169, NULL, NULL, NULL, 1, 1, NULL, NULL, '2025-04-07 09:10:08'),
(1188, 236, 'Tamilian Curd Rice', NULL, '', 149, NULL, NULL, NULL, 1, 1, NULL, NULL, '2025-04-07 09:10:08'),
(1189, 236, 'Matar Pulao', NULL, '', 159, NULL, NULL, NULL, 1, 1, NULL, NULL, '2025-04-07 09:10:08'),
(1190, 236, 'Veg Haydrabadi Biryani', NULL, '', 169, NULL, NULL, NULL, 1, 1, NULL, NULL, '2025-04-07 09:10:08'),
(1191, 236, 'Masala Khichdi', NULL, '', 189, NULL, NULL, NULL, 1, 1, NULL, NULL, '2025-04-07 09:10:08'),
(1192, 236, 'Palak Khichdi', NULL, '', 199, NULL, NULL, NULL, 1, 1, NULL, NULL, '2025-04-07 09:10:08'),
(1193, 237, 'Gulab Jamun Saffron Rabdi', NULL, '', 189, NULL, NULL, NULL, 1, 1, NULL, NULL, '2025-04-07 09:10:08'),
(1194, 237, 'Kesari Makhana Phirni', NULL, '', 149, NULL, NULL, NULL, 1, 1, NULL, NULL, '2025-04-07 09:10:08'),
(1195, 237, 'Ghee wala Shahi Tukda', NULL, '', 169, NULL, NULL, NULL, 1, 1, NULL, NULL, '2025-04-07 09:10:08'),
(1196, 237, 'Walnut Brownie With Vanilla ice - cream', NULL, '', 189, NULL, NULL, NULL, 1, 1, NULL, NULL, '2025-04-07 09:10:08'),
(1197, 237, 'Walnut Brownie With Hot Chocolate Sauce', NULL, '', 149, NULL, NULL, NULL, 1, 1, NULL, NULL, '2025-04-07 09:10:08'),
(1198, 238, 'Pistachio Mawa Cake', NULL, '', 189, NULL, NULL, NULL, 1, 1, NULL, NULL, '2025-04-07 09:10:08'),
(1199, 238, 'Apple Raisin Cake', NULL, '', 189, NULL, NULL, NULL, 1, 1, NULL, NULL, '2025-04-07 09:10:08'),
(1200, 238, 'Chocolate Date N Walnut Cake', NULL, '', 189, NULL, NULL, NULL, 1, 1, NULL, NULL, '2025-04-07 09:10:08'),
(1201, 238, 'Dark Chocolate Truffle Cake', NULL, '', 189, NULL, NULL, NULL, 1, 1, NULL, NULL, '2025-04-07 09:10:08'),
(1202, 238, 'Seasonal Cheese Cake', NULL, '', 189, NULL, NULL, NULL, 1, 1, NULL, NULL, '2025-04-07 09:10:08'),
(1203, 239, 'Espresso', NULL, '', 79, NULL, NULL, NULL, 1, 1, NULL, NULL, '2025-04-07 09:10:08'),
(1204, 239, 'Americano', NULL, '', 79, NULL, NULL, NULL, 1, 1, NULL, NULL, '2025-04-07 09:10:08'),
(1205, 239, 'Cappuccino', NULL, '', 119, NULL, NULL, NULL, 1, 1, NULL, NULL, '2025-04-07 09:10:08'),
(1206, 239, 'Cappuccino Piccolo', NULL, '', 79, NULL, NULL, NULL, 1, 1, NULL, NULL, '2025-04-07 09:10:08'),
(1207, 239, 'Cafe Latte', NULL, '', 119, NULL, NULL, NULL, 1, 1, NULL, NULL, '2025-04-07 09:10:08'),
(1208, 239, 'Cafe Mocha', NULL, '', 129, NULL, NULL, NULL, 1, 1, NULL, NULL, '2025-04-07 09:10:08'),
(1209, 239, 'Irish Coffee', NULL, '', 129, NULL, NULL, NULL, 1, 1, NULL, NULL, '2025-04-07 09:10:08'),
(1210, 239, 'Masala Tea', NULL, '', 29, NULL, NULL, NULL, 1, 1, NULL, NULL, '2025-04-07 09:10:08'),
(1211, 239, 'Hot Lemon Ginger Tea', NULL, '', 29, NULL, NULL, NULL, 1, 1, NULL, NULL, '2025-04-07 09:10:08'),
(1212, 239, 'Filter Coffee', NULL, '', 29, NULL, NULL, NULL, 1, 1, NULL, NULL, '2025-04-07 09:10:08'),
(1213, 239, 'Hot Chocolate', NULL, '', 89, NULL, NULL, NULL, 1, 1, NULL, NULL, '2025-04-07 09:10:08'),
(1214, 239, 'Kesar Badam Milk', NULL, '', 59, NULL, NULL, NULL, 1, 1, NULL, NULL, '2025-04-07 09:10:08'),
(1215, 6, 'omkar', '3807502149d9e0cbde4b30d96d1c9fda.png', '<p>asdfggh</p>\r\n', 545, 0, NULL, NULL, 1, 1, NULL, 1, '2025-05-04 05:47:39'),
(1216, 6, 'test', '5c3d74be588026f36b2b6d670132f1b9.png', '<p>45646468768</p>\r\n', 545, 245, NULL, NULL, 1, 1, NULL, 1, '2025-09-07 11:48:17'),
(1217, 240, 'Mutton Tandoori Raan Mandi', NULL, '', 1500, 0, NULL, NULL, 1, 1, NULL, NULL, '2025-05-04 12:53:47'),
(1218, 240, 'Mutton Zutbiyan Raan Mandi', NULL, '', 1300, 0, NULL, NULL, 1, 1, NULL, NULL, '2025-05-04 12:53:47'),
(1219, 240, 'Mutton champ mandi', NULL, '', 1500, 750, NULL, NULL, 1, 1, NULL, NULL, '2025-05-04 12:53:47'),
(1220, 240, 'Mutton Golden Plate Mandi', NULL, 'Served with mutton paper dry, mutton kalhopuri, 2 butter Naan, 1 Zurbiyan & Complimentaru juice for 6 person', 3500, 0, NULL, NULL, 1, 1, NULL, NULL, '2025-05-04 12:53:47'),
(1221, 240, 'Mutton Maharaja Plate', NULL, 'Served with Mutton Haleem Mutton, Mutton Tandoori Raan,  Complimentaru juice for 6 person', 3500, 0, NULL, NULL, 1, 1, NULL, NULL, '2025-05-04 12:53:47'),
(1222, 241, 'Chicken Alfaham Mandi', NULL, '', 950, 550, NULL, NULL, 1, 1, NULL, NULL, '2025-05-04 12:53:47'),
(1223, 241, 'Tandoori chicken mandi', NULL, '', 950, 550, NULL, NULL, 1, 1, NULL, NULL, '2025-05-04 12:53:47'),
(1224, 241, 'Grilled Chicken Mandi', NULL, '', 1000, 550, NULL, NULL, 1, 1, NULL, NULL, '2025-05-04 12:53:47'),
(1225, 241, 'Tangdi chicken mandi', NULL, '', 1200, 600, NULL, NULL, 1, 1, NULL, NULL, '2025-05-04 12:53:47'),
(1226, 241, 'Chicken Tikka Mandi', NULL, '', 1200, 850, NULL, NULL, 1, 1, NULL, NULL, '2025-05-04 12:53:47'),
(1227, 241, 'Broasted Chicken Mandi', NULL, '', 1200, 850, NULL, NULL, 1, 1, NULL, NULL, '2025-05-04 12:53:47'),
(1228, 241, 'Chicken mix mandi', NULL, '', 1300, 700, NULL, NULL, 1, 1, NULL, NULL, '2025-05-04 12:53:47'),
(1229, 241, 'Golden Plate Mandi', NULL, 'Served with 1 plate wings kolhapuri chicken 2 butter noom, mix chicken off all tandoori chicken 6 complimentary juice served for 6 person', 2200, 0, NULL, NULL, 1, 1, NULL, NULL, '2025-05-04 12:53:47'),
(1230, 241, 'Maharaja Chicken Mandi', NULL, 'Served with 2 seek kebab, mix tandoori chiken 1 plate chicken 65 boneless, Complimentary 6 juice served for 6 person', 2500, 0, NULL, NULL, 1, 1, NULL, NULL, '2025-05-04 12:53:47'),
(1231, 242, 'Mutton Haleem', NULL, '', 250, 0, NULL, NULL, 1, 1, NULL, NULL, '2025-05-04 12:53:47'),
(1232, 242, 'Mutton Haleem', NULL, '', 300, 0, NULL, NULL, 1, 1, NULL, NULL, '2025-05-04 12:53:47'),
(1233, 242, 'Mutton Haleem', NULL, '', 350, 0, NULL, NULL, 1, 1, NULL, NULL, '2025-05-04 12:53:47'),
(1234, 243, 'Kohinoori seek kebab', NULL, '', 0, 399, NULL, NULL, 1, 1, NULL, NULL, '2025-05-04 12:53:47'),
(1235, 243, 'Murg chatniwala', NULL, '', 0, 290, NULL, NULL, 1, 1, NULL, NULL, '2025-05-04 12:53:47'),
(1236, 243, 'Alishan Murg Tikka', NULL, '', 0, 299, NULL, NULL, 1, 1, NULL, NULL, '2025-05-04 12:53:47'),
(1237, 243, 'Iohori murg tikka', NULL, '', 0, 299, NULL, NULL, 1, 1, NULL, NULL, '2025-05-04 12:53:47'),
(1238, 243, 'Chicken tikka', NULL, '', 0, 299, NULL, NULL, 1, 1, NULL, NULL, '2025-05-04 12:53:47'),
(1239, 243, 'Murg Angara kebab', NULL, '', 0, 299, NULL, NULL, 1, 1, NULL, NULL, '2025-05-04 12:53:47'),
(1240, 243, 'Malai kebab', NULL, '', 0, 299, NULL, NULL, 1, 1, NULL, NULL, '2025-05-04 12:53:47'),
(1241, 243, 'Reshmi kebab', NULL, '', 0, 349, NULL, NULL, 1, 1, NULL, NULL, '2025-05-04 12:53:47'),
(1242, 243, 'Lehsooni tikka', NULL, '', 0, 349, NULL, NULL, 1, 1, NULL, NULL, '2025-05-04 12:53:47'),
(1243, 243, 'Harabhara kebab', NULL, '', 0, 299, NULL, NULL, 1, 1, NULL, NULL, '2025-05-04 12:53:47'),
(1244, 243, 'Khota Mitha Kebab', NULL, '', 0, 299, NULL, NULL, 1, 1, NULL, NULL, '2025-05-04 12:53:47'),
(1245, 243, 'Tangadi kebab', NULL, '', 0, 349, NULL, NULL, 1, 1, NULL, NULL, '2025-05-04 12:53:47'),
(1246, 243, 'Tandoori chicken', NULL, '', 399, 249, NULL, NULL, 1, 1, NULL, NULL, '2025-05-04 12:53:47'),
(1247, 243, 'Tandoori chicken juicy', NULL, '', 449, 299, NULL, NULL, 1, 1, NULL, NULL, '2025-05-04 12:53:47'),
(1248, 243, 'Grilled chicken', NULL, '', 449, 249, NULL, NULL, 1, 1, NULL, NULL, '2025-05-04 12:53:47'),
(1249, 243, 'Alfaham Chicken', NULL, '', 499, 249, NULL, NULL, 1, 1, NULL, NULL, '2025-05-04 12:53:47'),
(1250, 243, 'Turkish Red Chilli', NULL, '', 499, 249, NULL, NULL, 1, 1, NULL, NULL, '2025-05-04 12:53:47'),
(1251, 243, 'Irani Mutton seek', NULL, '', 0, 399, NULL, NULL, 1, 1, NULL, NULL, '2025-05-04 12:53:47'),
(1252, 243, 'Mutton boti kebab', NULL, '', 0, 499, NULL, NULL, 1, 1, NULL, NULL, '2025-05-04 12:53:47'),
(1253, 243, 'Paneer chukendri tikka', NULL, '', 0, 299, NULL, NULL, 1, 1, NULL, NULL, '2025-05-04 12:53:47'),
(1254, 243, 'Akbari paneer tikka', NULL, '', 0, 310, NULL, NULL, 1, 1, NULL, NULL, '2025-05-04 12:53:47'),
(1255, 243, 'Neelgiti seek kebab', NULL, '', 0, 310, NULL, NULL, 1, 1, NULL, NULL, '2025-05-04 12:53:47'),
(1256, 243, 'Achari paneer tikka', NULL, '', 0, 310, NULL, NULL, 1, 1, NULL, NULL, '2025-05-04 12:53:47'),
(1257, 243, 'Paneer Lehsooni tikka', NULL, '', 0, 310, NULL, NULL, 1, 1, NULL, NULL, '2025-05-04 12:53:47'),
(1258, 243, 'Paplet Fish', NULL, '', 0, 310, NULL, NULL, 1, 1, NULL, NULL, '2025-05-04 12:53:47'),
(1259, 243, 'Fish Tikka', NULL, '', 0, 310, NULL, NULL, 1, 1, NULL, NULL, '2025-05-04 12:53:47'),
(1260, 243, 'Tandoori Prowns', NULL, '', 0, 399, NULL, NULL, 1, 1, NULL, NULL, '2025-05-04 12:53:47'),
(1261, 243, 'Mix platter', NULL, '', 0, 999, NULL, NULL, 1, 1, NULL, NULL, '2025-05-04 12:53:47'),
(1262, 244, 'Raj bhog', NULL, '', 99, 0, NULL, NULL, 1, 1, NULL, NULL, '2025-05-04 12:53:47'),
(1263, 244, 'Zafrani Pista', NULL, '', 99, 0, NULL, NULL, 1, 1, NULL, NULL, '2025-05-04 12:53:47'),
(1264, 244, 'Anjeer Honey', NULL, '', 99, 0, NULL, NULL, 1, 1, NULL, NULL, '2025-05-04 12:53:47'),
(1265, 244, 'Oreo Mud', NULL, '', 99, 0, NULL, NULL, 1, 1, NULL, NULL, '2025-05-04 12:53:47'),
(1266, 244, 'Chocolate', NULL, '', 99, 0, NULL, NULL, 1, 1, NULL, NULL, '2025-05-04 12:53:47'),
(1267, 244, 'Butter Scotch', NULL, '', 99, 0, NULL, NULL, 1, 1, NULL, NULL, '2025-05-04 12:53:47'),
(1268, 244, 'Oreo', NULL, '', 79, 0, NULL, NULL, 1, 1, NULL, NULL, '2025-05-04 12:53:47'),
(1269, 244, 'Cold Coffee', NULL, '', 79, 0, NULL, NULL, 1, 1, NULL, NULL, '2025-05-04 12:53:47'),
(1270, 245, 'Pina Coloda', NULL, '', 99, 0, NULL, NULL, 1, 1, NULL, NULL, '2025-05-04 12:53:47'),
(1271, 245, 'Peach Sun Rise', NULL, '', 99, 0, NULL, NULL, 1, 1, NULL, NULL, '2025-05-04 12:53:47'),
(1272, 245, 'Fruit Punch', NULL, '', 99, 0, NULL, NULL, 1, 1, NULL, NULL, '2025-05-04 12:53:47'),
(1273, 245, 'Mint', NULL, '', 79, 0, NULL, NULL, 1, 1, NULL, NULL, '2025-05-04 12:53:47'),
(1274, 245, 'Blue Lagoon', NULL, '', 79, 0, NULL, NULL, 1, 1, NULL, NULL, '2025-05-04 12:53:47'),
(1275, 245, 'Green Apple', NULL, '', 79, 0, NULL, NULL, 1, 1, NULL, NULL, '2025-05-04 12:53:47'),
(1276, 245, 'Water Melon', NULL, '', 79, 0, NULL, NULL, 1, 1, NULL, NULL, '2025-05-04 12:53:47'),
(1277, 245, 'Blueberry', NULL, '', 79, 0, NULL, NULL, 1, 1, NULL, NULL, '2025-05-04 12:53:47'),
(1278, 246, 'Full Jaar', NULL, '', 99, 0, NULL, NULL, 1, 1, NULL, NULL, '2025-05-04 12:53:47'),
(1279, 246, 'Mint Lime', NULL, '', 99, 0, NULL, NULL, 1, 1, NULL, NULL, '2025-05-04 12:53:47'),
(1280, 246, 'Ginger Lime', NULL, '', 99, 0, NULL, NULL, 1, 1, NULL, NULL, '2025-05-04 12:53:47'),
(1281, 246, 'Sweet Lime', NULL, '', 69, 0, NULL, NULL, 1, 1, NULL, NULL, '2025-05-04 12:53:47'),
(1282, 246, 'Kulki Sharbat', NULL, '', 49, 0, NULL, NULL, 1, 1, NULL, NULL, '2025-05-04 12:53:47'),
(1283, 247, 'Butter Chicken', NULL, '', 299, 199, NULL, NULL, 1, 1, NULL, NULL, '2025-05-04 12:53:47'),
(1284, 247, 'Rara Chicken', NULL, '', 399, 249, NULL, NULL, 1, 1, NULL, NULL, '2025-05-04 12:53:47'),
(1285, 247, 'Chicken Lababdar', NULL, '', 399, 249, NULL, NULL, 1, 1, NULL, NULL, '2025-05-04 12:53:47'),
(1286, 247, 'Patiaya!a Chicken', NULL, '', 399, 245, NULL, NULL, 1, 1, NULL, NULL, '2025-05-04 12:53:47'),
(1287, 247, 'Kadai Chicken', NULL, '', 399, 249, NULL, NULL, 1, 1, NULL, NULL, '2025-05-04 12:53:47'),
(1288, 247, 'Dopyaza Chicken', NULL, '', 349, 249, NULL, NULL, 1, 1, NULL, NULL, '2025-05-04 12:53:47'),
(1289, 247, 'Mughlai Chicken', NULL, '', 349, 249, NULL, NULL, 1, 1, NULL, NULL, '2025-05-04 12:53:47'),
(1290, 247, 'Afghani Chicken', NULL, '', 399, 299, NULL, NULL, 1, 1, NULL, NULL, '2025-05-04 12:53:47'),
(1291, 247, 'Murg Musallam', NULL, '', 449, 249, NULL, NULL, 1, 1, NULL, NULL, '2025-05-04 12:53:47'),
(1292, 247, 'Punjabi Chicken', NULL, '', 349, 249, NULL, NULL, 1, 1, NULL, NULL, '2025-05-04 12:53:47'),
(1293, 247, 'Chicken Arabian Knights', NULL, '', 399, 249, NULL, NULL, 1, 1, NULL, NULL, '2025-05-04 12:53:47'),
(1294, 247, 'Hyderabadi Chicken', NULL, '', 399, 249, NULL, NULL, 1, 1, NULL, NULL, '2025-05-04 12:53:47'),
(1295, 247, 'Matka Chicken', NULL, '', 399, 249, NULL, NULL, 1, 1, NULL, NULL, '2025-05-04 12:53:47'),
(1296, 248, 'Matko Mutton', NULL, '', 549, 349, NULL, NULL, 1, 1, NULL, NULL, '2025-05-04 12:53:47'),
(1297, 248, 'Kolhapuri Mutton', NULL, '', 549, 349, NULL, NULL, 1, 1, NULL, NULL, '2025-05-04 12:53:47'),
(1298, 248, 'Mutton Rogan Josh', NULL, '', 549, 349, NULL, NULL, 1, 1, NULL, NULL, '2025-05-04 12:53:47'),
(1299, 248, 'Mutton Kadai', NULL, '', 559, 330, NULL, NULL, 1, 1, NULL, NULL, '2025-05-04 12:53:47'),
(1300, 248, 'Mutton Masala', NULL, '', 499, 299, NULL, NULL, 1, 1, NULL, NULL, '2025-05-04 12:53:47'),
(1301, 248, 'Mutton Dopyaza', NULL, '', 499, 349, NULL, NULL, 1, 1, NULL, NULL, '2025-05-04 12:53:47'),
(1302, 248, 'Mutton Kalimirchi', NULL, '', 449, 399, NULL, NULL, 1, 1, NULL, NULL, '2025-05-04 12:53:47'),
(1303, 248, 'Mutton Makhnwala', NULL, '', 449, 0, NULL, NULL, 1, 1, NULL, NULL, '2025-05-04 12:53:47'),
(1304, 248, 'Mutton Lababdar', NULL, '', 499, 0, NULL, NULL, 1, 1, NULL, NULL, '2025-05-04 12:53:47'),
(1305, 248, 'Punjabi Mutton', NULL, '', 499, 399, NULL, NULL, 1, 1, NULL, NULL, '2025-05-04 12:53:47'),
(1306, 248, 'Mutton Sukka', NULL, '', 499, 399, NULL, NULL, 1, 1, NULL, NULL, '2025-05-04 12:53:47'),
(1307, 248, 'Mutton Maharaja', NULL, '', 349, 299, NULL, NULL, 1, 1, NULL, NULL, '2025-05-04 12:53:47'),
(1308, 249, 'Rumali Chicken Shawarma', NULL, '', 100, 0, NULL, NULL, 1, 1, NULL, NULL, '2025-05-04 12:53:47'),
(1309, 249, 'Spl Rumali Shawarma', NULL, '', 160, 0, NULL, NULL, 1, 1, NULL, NULL, '2025-05-04 12:53:47'),
(1310, 249, 'Kurkure Chicken Shawarma', NULL, '', 150, 0, NULL, NULL, 1, 1, NULL, NULL, '2025-05-04 12:53:47'),
(1311, 249, 'Cheesy Rumali Shawarma', NULL, '', 160, 0, NULL, NULL, 1, 1, NULL, NULL, '2025-05-04 12:53:47'),
(1312, 249, 'Cheesy Kurkure Shawarma', NULL, '', 210, 0, NULL, NULL, 1, 1, NULL, NULL, '2025-05-04 12:53:47'),
(1313, 249, 'Seek Kebab Shawarma', NULL, '', 150, 0, NULL, NULL, 1, 1, NULL, NULL, '2025-05-04 12:53:47'),
(1314, 249, 'Cheesy Seek Kebab Shawarma', NULL, '', 210, 0, NULL, NULL, 1, 1, NULL, NULL, '2025-05-04 12:53:47'),
(1315, 249, 'Khubus Shawarma', NULL, '', 120, 0, NULL, NULL, 1, 1, NULL, NULL, '2025-05-04 12:53:47'),
(1316, 249, 'Spl Khubus Shawarma', NULL, '', 180, 0, NULL, NULL, 1, 1, NULL, NULL, '2025-05-04 12:53:47'),
(1317, 249, 'Cheesy Khubus Shawarma', NULL, '', 180, 0, NULL, NULL, 1, 1, NULL, NULL, '2025-05-04 12:53:47'),
(1318, 249, 'Khubus Packet Shawarma', NULL, '', 200, 0, NULL, NULL, 1, 1, NULL, NULL, '2025-05-04 12:53:47'),
(1319, 249, 'Arabian Shawarma', NULL, '', 180, 0, NULL, NULL, 1, 1, NULL, NULL, '2025-05-04 12:53:47'),
(1320, 249, 'Samoli Shawarma', NULL, '', 150, 0, NULL, NULL, 1, 1, NULL, NULL, '2025-05-04 12:53:47'),
(1321, 249, 'Cheesy Samoii', NULL, '', 200, 0, NULL, NULL, 1, 1, NULL, NULL, '2025-05-04 12:53:47'),
(1322, 249, 'Spl Samoli', NULL, '', 200, 0, NULL, NULL, 1, 1, NULL, NULL, '2025-05-04 12:53:47'),
(1323, 249, 'Samoli Kurkure', NULL, '', 230, 0, NULL, NULL, 1, 1, NULL, NULL, '2025-05-04 12:53:47'),
(1324, 249, 'Samoli with seek kebab', NULL, '', 250, 0, NULL, NULL, 1, 1, NULL, NULL, '2025-05-04 12:53:47'),
(1325, 249, 'Semoli Egg super charger', NULL, '', 120, 0, NULL, NULL, 1, 1, NULL, NULL, '2025-05-04 12:53:47'),
(1326, 249, 'Samoli chicken super charger', NULL, '', 250, 0, NULL, NULL, 1, 1, NULL, NULL, '2025-05-04 12:53:47'),
(1327, 250, 'Gobi Manchurian', NULL, '', 149, 0, NULL, NULL, 1, 1, NULL, NULL, '2025-05-04 12:53:47'),
(1328, 250, 'Veg Manchurian', NULL, '', 149, 0, NULL, NULL, 1, 1, NULL, NULL, '2025-05-04 12:53:47'),
(1329, 250, 'Gobi chilli', NULL, '', 149, 0, NULL, NULL, 1, 1, NULL, NULL, '2025-05-04 12:53:47'),
(1330, 250, 'Paneer chilli', NULL, '', 170, 0, NULL, NULL, 1, 1, NULL, NULL, '2025-05-04 12:53:47'),
(1331, 250, 'Gobi 65', NULL, '', 149, 0, NULL, NULL, 1, 1, NULL, NULL, '2025-05-04 12:53:47'),
(1332, 250, 'Chicken Lilipop', NULL, '', 249, 0, NULL, NULL, 1, 1, NULL, NULL, '2025-05-04 12:53:47'),
(1333, 250, 'Chicken Drumstick', NULL, '', 249, 0, NULL, NULL, 1, 1, NULL, NULL, '2025-05-04 12:53:47'),
(1334, 250, 'Chicken Manchururian', NULL, '', 210, 0, NULL, NULL, 1, 1, NULL, NULL, '2025-05-04 12:53:47'),
(1335, 250, 'Majestic Chicken', NULL, '', 249, 0, NULL, NULL, 1, 1, NULL, NULL, '2025-05-04 12:53:47'),
(1336, 250, 'Dragon Chicken', NULL, '', 249, 0, NULL, NULL, 1, 1, NULL, NULL, '2025-05-04 12:53:47'),
(1337, 250, 'Chicken Schewzan', NULL, '', 249, 0, NULL, NULL, 1, 1, NULL, NULL, '2025-05-04 12:53:47'),
(1338, 250, 'Green Dragon chicken', NULL, '', 299, 0, NULL, NULL, 1, 1, NULL, NULL, '2025-05-04 12:53:47'),
(1339, 250, 'Chicken Popper Dry', NULL, '', 249, 0, NULL, NULL, 1, 1, NULL, NULL, '2025-05-04 12:53:47'),
(1340, 250, 'Chicken lemon honeydew', NULL, '', 249, 0, NULL, NULL, 1, 1, NULL, NULL, '2025-05-04 12:53:47'),
(1341, 250, 'Chicken Wings', NULL, '', 249, 0, NULL, NULL, 1, 1, NULL, NULL, '2025-05-04 12:53:47'),
(1342, 250, 'Chicken 65', NULL, '', 249, 0, NULL, NULL, 1, 1, NULL, NULL, '2025-05-04 12:53:47'),
(1343, 250, 'Ginger Chicken', NULL, '', 249, 0, NULL, NULL, 1, 1, NULL, NULL, '2025-05-04 12:53:47'),
(1344, 250, 'Diamond Chicken', NULL, '', 299, 0, NULL, NULL, 1, 1, NULL, NULL, '2025-05-04 12:53:47'),
(1345, 250, 'Mix Plater', NULL, '', 245, 0, NULL, NULL, 1, 1, NULL, NULL, '2025-05-04 12:53:47'),
(1346, 251, 'Veg Manchow Soup', NULL, '', 90, 0, NULL, NULL, 1, 1, NULL, NULL, '2025-05-04 12:53:47'),
(1347, 251, 'Veg hot and Sour Soup', NULL, '', 90, 0, NULL, NULL, 1, 1, NULL, NULL, '2025-05-04 12:53:47'),
(1348, 251, 'Veg Clear Soup', NULL, '', 90, 0, NULL, NULL, 1, 1, NULL, NULL, '2025-05-04 12:53:47'),
(1349, 251, 'Mushroom', NULL, '', 99, 0, NULL, NULL, 1, 1, NULL, NULL, '2025-05-04 12:53:47'),
(1350, 251, 'Sweet Corn Soup', NULL, '', 99, 0, NULL, NULL, 1, 1, NULL, NULL, '2025-05-04 12:53:47'),
(1351, 251, 'Tomato Soup', NULL, '', 99, 0, NULL, NULL, 1, 1, NULL, NULL, '2025-05-04 12:53:47'),
(1352, 251, 'Chicken Manchow Soup', NULL, '', 99, 0, NULL, NULL, 1, 1, NULL, NULL, '2025-05-04 12:53:47'),
(1353, 251, 'Chicken hot & Sovr Soup', NULL, '', 99, 0, NULL, NULL, 1, 1, NULL, NULL, '2025-05-04 12:53:47'),
(1354, 251, 'Chicken hot Garlic Soup', NULL, '', 99, 0, NULL, NULL, 1, 1, NULL, NULL, '2025-05-04 12:53:47'),
(1355, 251, 'Chicken Lemon Coriander', NULL, '', 99, 0, NULL, NULL, 1, 1, NULL, NULL, '2025-05-04 12:53:47'),
(1356, 251, 'Chicken Clear Soup', NULL, '', 99, 0, NULL, NULL, 1, 1, NULL, NULL, '2025-05-04 12:53:47'),
(1357, 252, 'peri peri French Fries', NULL, '', 0, 99, NULL, NULL, 1, 1, NULL, NULL, '2025-05-04 12:53:47'),
(1358, 252, 'Chicken Nuggets', NULL, '', 0, 149, NULL, NULL, 1, 1, NULL, NULL, '2025-05-04 12:53:47'),
(1359, 252, 'Chicken Strip', NULL, '', 0, 149, NULL, NULL, 1, 1, NULL, NULL, '2025-05-04 12:53:47'),
(1360, 252, 'Broasted Chicken', NULL, '', 699, 350, NULL, NULL, 1, 1, NULL, NULL, '2025-05-04 12:53:47'),
(1361, 252, 'Peri Peri Chicken Popcorn', NULL, '', 0, 149, NULL, NULL, 1, 1, NULL, NULL, '2025-05-04 12:53:47'),
(1362, 252, 'Crispy Honey Chicken wings', NULL, '', 0, 199, NULL, NULL, 1, 1, NULL, NULL, '2025-05-04 12:53:47'),
(1363, 252, 'Hot buffalo Chicken wings', NULL, '', 0, 199, NULL, NULL, 1, 1, NULL, NULL, '2025-05-04 12:53:47'),
(1364, 252, 'Spicy BBQ Chicken wings', NULL, '', 0, 199, NULL, NULL, 1, 1, NULL, NULL, '2025-05-04 12:53:47'),
(1365, 253, 'Jeera Rice', NULL, '', 120, 0, NULL, NULL, 1, 1, NULL, NULL, '2025-05-04 12:53:47'),
(1366, 253, 'Ghee Rice', NULL, '', 160, 0, NULL, NULL, 1, 1, NULL, NULL, '2025-05-04 12:53:47'),
(1367, 253, 'Lemon Rice', NULL, '', 120, 0, NULL, NULL, 1, 1, NULL, NULL, '2025-05-04 12:53:47'),
(1368, 253, 'Kaju Fried Rice', NULL, '', 160, 0, NULL, NULL, 1, 1, NULL, NULL, '2025-05-04 12:53:47'),
(1369, 253, 'DAI Kuchadi', NULL, '', 120, 0, NULL, NULL, 1, 1, NULL, NULL, '2025-05-04 12:53:47'),
(1370, 253, 'Veg Pu!ao', NULL, '', 140, 0, NULL, NULL, 1, 1, NULL, NULL, '2025-05-04 12:53:47'),
(1371, 253, 'Kashmiri Pulao', NULL, '', 190, 0, NULL, NULL, 1, 1, NULL, NULL, '2025-05-04 12:53:47'),
(1372, 254, 'Butter Naan', NULL, '', 45, 0, NULL, NULL, 1, 1, NULL, NULL, '2025-05-04 12:53:47'),
(1373, 254, 'Plain Naan', NULL, '', 40, 0, NULL, NULL, 1, 1, NULL, NULL, '2025-05-04 12:53:47'),
(1374, 254, 'Kotmeer Naan', NULL, '', 50, 0, NULL, NULL, 1, 1, NULL, NULL, '2025-05-04 12:53:47'),
(1375, 254, 'Garlic Naan', NULL, '', 50, 0, NULL, NULL, 1, 1, NULL, NULL, '2025-05-04 12:53:47'),
(1376, 254, 'Pudina Naan', NULL, '', 50, 0, NULL, NULL, 1, 1, NULL, NULL, '2025-05-04 12:53:47'),
(1377, 254, 'Cheese Naan', NULL, '', 80, 0, NULL, NULL, 1, 1, NULL, NULL, '2025-05-04 12:53:47'),
(1378, 254, 'Cheese Garlic Naan', NULL, '', 90, 0, NULL, NULL, 1, 1, NULL, NULL, '2025-05-04 12:53:47'),
(1379, 254, 'Tandoor Roti', NULL, '', 20, 0, NULL, NULL, 1, 1, NULL, NULL, '2025-05-04 12:53:47'),
(1380, 254, 'Butter Roti', NULL, '', 30, 0, NULL, NULL, 1, 1, NULL, NULL, '2025-05-04 12:53:47'),
(1381, 254, 'Butter Kulcha', NULL, '', 45, 0, NULL, NULL, 1, 1, NULL, NULL, '2025-05-04 12:53:47'),
(1382, 254, 'Plain Kulcha', NULL, '', 40, 0, NULL, NULL, 1, 1, NULL, NULL, '2025-05-04 12:53:47'),
(1383, 254, 'Stuffed Kulcha', NULL, '', 50, 0, NULL, NULL, 1, 1, NULL, NULL, '2025-05-04 12:53:47'),
(1384, 254, 'Chicken Kheema Paratha', NULL, '', 120, 0, NULL, NULL, 1, 1, NULL, NULL, '2025-05-04 12:53:47'),
(1385, 254, 'Lacha Paratha', NULL, '', 50, 0, NULL, NULL, 1, 1, NULL, NULL, '2025-05-04 12:53:47'),
(1386, 254, 'Masala Papad', NULL, '', 50, 0, NULL, NULL, 1, 1, NULL, NULL, '2025-05-04 12:53:47'),
(1387, 254, 'tandoori Papad', NULL, '', 30, 0, NULL, NULL, 1, 1, NULL, NULL, '2025-05-04 12:53:47'),
(1388, 254, 'Fried Papad', NULL, '', 30, 0, NULL, NULL, 1, 1, NULL, NULL, '2025-05-04 12:53:47'),
(1389, 254, 'Aloo Paratha', NULL, '', 60, 0, NULL, NULL, 1, 1, NULL, NULL, '2025-05-04 12:53:47'),
(1390, 255, 'Kadai Paneer', NULL, '', 199, 0, NULL, NULL, 1, 1, NULL, NULL, '2025-05-04 12:53:47'),
(1391, 255, 'Masala Paneer', NULL, '', 199, 0, NULL, NULL, 1, 1, NULL, NULL, '2025-05-04 12:53:47'),
(1392, 255, 'Kaju Paneer', NULL, '', 299, 0, NULL, NULL, 1, 1, NULL, NULL, '2025-05-04 12:53:47'),
(1393, 255, 'Dal Fry', NULL, '', 99, 0, NULL, NULL, 1, 1, NULL, NULL, '2025-05-04 12:53:47'),
(1394, 255, 'Dal Tadka', NULL, '', 149, 0, NULL, NULL, 1, 1, NULL, NULL, '2025-05-04 12:53:47'),
(1395, 255, 'Dal Punjabi Tadka', NULL, '', 149, 0, NULL, NULL, 1, 1, NULL, NULL, '2025-05-04 12:53:47'),
(1396, 255, 'Dal Kolahapuri', NULL, '', 149, 0, NULL, NULL, 1, 1, NULL, NULL, '2025-05-04 12:53:47'),
(1397, 255, 'Dal Makhni', NULL, '', 199, 0, NULL, NULL, 1, 1, NULL, NULL, '2025-05-04 12:53:47'),
(1398, 255, 'Mjx Veg Curry', NULL, '', 190, 0, NULL, NULL, 1, 1, NULL, NULL, '2025-05-04 12:53:47'),
(1399, 255, 'Veg Jai Puri', NULL, '', 230, 0, NULL, NULL, 1, 1, NULL, NULL, '2025-05-04 12:53:47'),
(1400, 255, 'Veg Kadai', NULL, '', 210, 0, NULL, NULL, 1, 1, NULL, NULL, '2025-05-04 12:53:47'),
(1401, 255, 'Kalu Masala', NULL, '', 310, 0, NULL, NULL, 1, 1, NULL, NULL, '2025-05-04 12:53:47'),
(1482, 286, 'white sauce', NULL, '', 200, 0, NULL, NULL, 1, 1, NULL, NULL, '2025-06-18 09:10:21'),
(1483, 286, 'Red sauce', NULL, '', 200, 0, NULL, NULL, 1, 1, NULL, NULL, '2025-06-18 09:10:21'),
(1484, 286, 'Italian', NULL, '', 200, 0, NULL, NULL, 1, 1, NULL, NULL, '2025-06-18 09:10:21'),
(1485, 286, 'Mexican', NULL, '', 200, 0, NULL, NULL, 1, 1, NULL, NULL, '2025-06-18 09:10:21'),
(1486, 286, 'Mashroom', NULL, '', 230, 0, NULL, NULL, 1, 1, NULL, NULL, '2025-06-18 09:10:21'),
(1487, 287, 'Veg', NULL, '', 100, 0, NULL, NULL, 1, 1, NULL, NULL, '2025-06-18 09:10:21'),
(1488, 287, 'Paneer', NULL, '', 120, 0, NULL, NULL, 1, 1, NULL, NULL, '2025-06-18 09:10:21'),
(1489, 287, 'Bread Jam', NULL, '', 50, 0, NULL, NULL, 1, 1, NULL, NULL, '2025-06-18 09:10:21'),
(1490, 287, 'Gralic Bread', NULL, '', 80, 0, NULL, NULL, 1, 1, NULL, NULL, '2025-06-18 09:10:21'),
(1491, 287, 'chees gralic Bread', NULL, '', 100, 0, NULL, NULL, 1, 1, NULL, NULL, '2025-06-18 09:10:21'),
(1492, 288, 'Strawberry', NULL, '', 100, 0, NULL, NULL, 1, 1, NULL, NULL, '2025-06-18 09:10:21'),
(1493, 288, 'Mint Mojito', NULL, '', 100, 0, NULL, NULL, 1, 1, NULL, NULL, '2025-06-18 09:10:21'),
(1494, 288, 'blue berry', NULL, '', 100, 0, NULL, NULL, 1, 1, NULL, NULL, '2025-06-18 09:10:21'),
(1495, 288, 'Q Berry', NULL, '', 100, 0, NULL, NULL, 1, 1, NULL, NULL, '2025-06-18 09:10:21'),
(1496, 289, 'Strawberry', NULL, '', 100, 0, NULL, NULL, 1, 1, NULL, NULL, '2025-06-18 09:10:21'),
(1497, 289, 'Chocolate', NULL, '', 100, 0, NULL, NULL, 1, 1, NULL, NULL, '2025-06-18 09:10:21'),
(1498, 289, 'Oreo', NULL, '', 100, 0, NULL, NULL, 1, 1, NULL, NULL, '2025-06-18 09:10:21'),
(1499, 289, 'cold coffee', NULL, '', 100, 0, NULL, NULL, 1, 1, NULL, NULL, '2025-06-18 09:10:21'),
(1500, 290, 'Veg', NULL, '', 100, 0, NULL, NULL, 1, 1, NULL, NULL, '2025-06-18 09:10:21'),
(1501, 290, 'kolkatta Veg', NULL, '', 120, 0, NULL, NULL, 1, 1, NULL, NULL, '2025-06-18 09:10:21'),
(1502, 290, 'Paneer', NULL, '', 130, 0, NULL, NULL, 1, 1, NULL, NULL, '2025-06-18 09:10:21'),
(1503, 291, 'Tea', NULL, '', 20, 0, NULL, NULL, 1, 1, NULL, NULL, '2025-06-18 09:10:21'),
(1504, 291, 'Lemon', NULL, '', 30, 0, NULL, NULL, 1, 1, NULL, NULL, '2025-06-18 09:10:21'),
(1505, 291, 'Jinger', NULL, '', 30, 0, NULL, NULL, 1, 1, NULL, NULL, '2025-06-18 09:10:21'),
(1506, 291, 'Elachi', NULL, '', 30, 0, NULL, NULL, 1, 1, NULL, NULL, '2025-06-18 09:10:21'),
(1507, 291, 'Green', NULL, '', 30, 0, NULL, NULL, 1, 1, NULL, NULL, '2025-06-18 09:10:21'),
(1508, 291, 'Boost', NULL, '', 40, 0, NULL, NULL, 1, 1, NULL, NULL, '2025-06-18 09:10:21');
INSERT INTO `product` (`Id`, `productcetogeryId`, `name`, `image`, `description`, `price`, `halfprice`, `samplenotes`, `realnotes`, `active`, `in_stock`, `orginfoId`, `createdby`, `createddate`) VALUES
(1509, 291, 'Badam Milk', NULL, '', 40, 0, NULL, NULL, 1, 1, NULL, NULL, '2025-06-18 09:10:21'),
(1510, 291, 'Hott Cffee', NULL, '', 50, 0, NULL, NULL, 1, 1, NULL, NULL, '2025-06-18 09:10:21'),
(1511, 291, 'Special Tea', NULL, '', 50, 0, NULL, NULL, 1, 1, NULL, NULL, '2025-06-18 09:10:21'),
(1512, 292, 'Haif ', NULL, '', 50, 0, NULL, NULL, 1, 1, NULL, NULL, '2025-06-18 09:10:21'),
(1513, 292, 'full', NULL, '', 80, 0, NULL, NULL, 1, 1, NULL, NULL, '2025-06-18 09:10:21'),
(1514, 292, 'Fry Ice Cream', NULL, '', 220, 0, NULL, NULL, 1, 1, NULL, NULL, '2025-06-18 09:10:21'),
(1515, 292, 'Brawny', NULL, '', 250, 0, NULL, NULL, 1, 1, NULL, NULL, '2025-06-18 09:10:21'),
(1516, 292, 'Kolkatta Spe. Cake', NULL, '', 100, 0, NULL, NULL, 1, 1, NULL, NULL, '2025-06-18 09:10:21'),
(1517, 293, 'Water', NULL, '', 20, 0, NULL, NULL, 1, 1, NULL, NULL, '2025-06-18 09:10:21'),
(1518, 293, 'Cheese', NULL, '', 20, 0, NULL, NULL, 1, 1, NULL, NULL, '2025-06-18 09:10:21'),
(1519, 293, 'Mayonnaise', NULL, '', 20, 0, NULL, NULL, 1, 1, NULL, NULL, '2025-06-18 09:10:21'),
(1520, 293, 'Parcel', NULL, '', 10, 0, NULL, NULL, 1, 1, NULL, NULL, '2025-06-18 09:10:21'),
(1521, 294, 'Special Pizza', NULL, '', 300, 0, NULL, NULL, 1, 1, NULL, NULL, '2025-06-18 09:10:21'),
(1522, 294, 'Paneer stick/satay', NULL, '', 150, 0, NULL, NULL, 1, 1, NULL, NULL, '2025-06-18 09:10:21'),
(1523, 294, 'MausomDiwana', NULL, '', 160, 0, NULL, NULL, 1, 1, NULL, NULL, '2025-06-18 09:10:21'),
(1524, 294, 'Nuggets', NULL, '', 180, 0, NULL, NULL, 1, 1, NULL, NULL, '2025-06-18 09:10:21'),
(1525, 294, 'Special Paneer', NULL, '', 200, 0, NULL, NULL, 1, 1, NULL, NULL, '2025-06-18 09:10:21'),
(1526, 294, 'Tomato Coclate', NULL, '', 150, 0, NULL, NULL, 1, 1, NULL, NULL, '2025-06-18 09:10:21'),
(1527, 294, 'Gobi Roll', NULL, '', 150, 0, NULL, NULL, 1, 1, NULL, NULL, '2025-06-18 09:10:21'),
(1528, 295, 'Gobi Chilli', NULL, '', 110, 0, NULL, NULL, 1, 1, NULL, NULL, '2025-06-18 09:10:21'),
(1529, 295, 'Gobi 65', NULL, '', 100, 0, NULL, NULL, 1, 1, NULL, NULL, '2025-06-18 09:10:21'),
(1530, 295, 'Gobi Dray', NULL, '', 100, 0, NULL, NULL, 1, 1, NULL, NULL, '2025-06-18 09:10:21'),
(1531, 295, 'Gobi Manchuri', NULL, '', 100, 0, NULL, NULL, 1, 1, NULL, NULL, '2025-06-18 09:10:21'),
(1532, 296, 'Chilli', NULL, '', 130, 0, NULL, NULL, 1, 1, NULL, NULL, '2025-06-18 09:10:21'),
(1533, 296, 'Manchuri', NULL, '', 120, 0, NULL, NULL, 1, 1, NULL, NULL, '2025-06-18 09:10:21'),
(1534, 296, '65', NULL, '', 120, 0, NULL, NULL, 1, 1, NULL, NULL, '2025-06-18 09:10:21'),
(1535, 296, '65 Dray', NULL, '', 120, 0, NULL, NULL, 1, 1, NULL, NULL, '2025-06-18 09:10:21'),
(1536, 296, 'Crispy corn', NULL, '', 100, 0, NULL, NULL, 1, 1, NULL, NULL, '2025-06-18 09:10:21'),
(1537, 297, 'chilli', NULL, '', 130, 0, NULL, NULL, 1, 1, NULL, NULL, '2025-06-18 09:10:21'),
(1538, 297, 'Manchuri', NULL, '', 120, 0, NULL, NULL, 1, 1, NULL, NULL, '2025-06-18 09:10:21'),
(1539, 297, '65', NULL, '', 120, 0, NULL, NULL, 1, 1, NULL, NULL, '2025-06-18 09:10:21'),
(1540, 297, '65 Dray', NULL, '', 120, 0, NULL, NULL, 1, 1, NULL, NULL, '2025-06-18 09:10:21'),
(1541, 297, 'Hot Pan', NULL, '', 130, 0, NULL, NULL, 1, 1, NULL, NULL, '2025-06-18 09:10:21'),
(1542, 298, 'chilli', NULL, '', 140, 0, NULL, NULL, 1, 1, NULL, NULL, '2025-06-18 09:10:21'),
(1543, 298, '65', NULL, '', 130, 0, NULL, NULL, 1, 1, NULL, NULL, '2025-06-18 09:10:21'),
(1544, 298, '65 Dray', NULL, '', 130, 0, NULL, NULL, 1, 1, NULL, NULL, '2025-06-18 09:10:21'),
(1545, 298, 'Manchuri', NULL, '', 130, 0, NULL, NULL, 1, 1, NULL, NULL, '2025-06-18 09:10:21'),
(1546, 299, 'Peri Peri', NULL, '', 100, 0, NULL, NULL, 1, 1, NULL, NULL, '2025-06-18 09:10:21'),
(1547, 299, 'Salty', NULL, '', 100, 0, NULL, NULL, 1, 1, NULL, NULL, '2025-06-18 09:10:21'),
(1548, 299, 'Cheesy', NULL, '', 120, 0, NULL, NULL, 1, 1, NULL, NULL, '2025-06-18 09:10:21'),
(1549, 299, 'Sweet Chilli Potato', NULL, '', 110, 0, NULL, NULL, 1, 1, NULL, NULL, '2025-06-18 09:10:21'),
(1550, 300, 'Margherita', NULL, '', 200, 0, NULL, NULL, 1, 1, NULL, NULL, '2025-06-18 09:10:21'),
(1551, 300, 'Garden ', NULL, '', 200, 0, NULL, NULL, 1, 1, NULL, NULL, '2025-06-18 09:10:21'),
(1552, 300, 'Paneer', NULL, '', 200, 0, NULL, NULL, 1, 1, NULL, NULL, '2025-06-18 09:10:21'),
(1553, 300, 'Corn', NULL, '', 200, 0, NULL, NULL, 1, 1, NULL, NULL, '2025-06-18 09:10:21'),
(1554, 300, 'Tobasco', NULL, '', 200, 0, NULL, NULL, 1, 1, NULL, NULL, '2025-06-18 09:10:21'),
(1555, 301, 'Hakka', NULL, '', 100, 0, NULL, NULL, 1, 1, NULL, NULL, '2025-06-18 09:10:21'),
(1556, 301, 'Butter Chilly Garlic', NULL, '', 110, 0, NULL, NULL, 1, 1, NULL, NULL, '2025-06-18 09:10:21'),
(1557, 301, 'schezwan', NULL, '', 100, 0, NULL, NULL, 1, 1, NULL, NULL, '2025-06-18 09:10:21'),
(1558, 301, 'Hong Kong', NULL, '', 100, 0, NULL, NULL, 1, 1, NULL, NULL, '2025-06-18 09:10:21'),
(1559, 301, 'Singapori', NULL, '', 100, 0, NULL, NULL, 1, 1, NULL, NULL, '2025-06-18 09:10:21'),
(1560, 301, 'Chawmin', NULL, '', 100, 0, NULL, NULL, 1, 1, NULL, NULL, '2025-06-18 09:10:21'),
(1561, 301, 'Mexican', NULL, '', 120, 0, NULL, NULL, 1, 1, NULL, NULL, '2025-06-18 09:10:21'),
(1563, 6, 'first name', NULL, '4654', 400, 200, NULL, NULL, 1, 1, NULL, NULL, '2025-09-07 11:56:13'),
(1564, 6, 'second Name', NULL, '44', 100, 50, NULL, NULL, 1, 1, NULL, NULL, '2025-09-07 11:56:13'),
(1565, 6, 'thired Name', NULL, '46', 150, 100, NULL, NULL, 1, 1, NULL, NULL, '2025-09-07 11:56:13');

-- --------------------------------------------------------

--
-- Table structure for table `productcetogery`
--

CREATE TABLE `productcetogery` (
  `Id` int(15) NOT NULL,
  `name` varchar(255) DEFAULT NULL,
  `image` varchar(255) DEFAULT NULL,
  `active` int(10) NOT NULL DEFAULT 1,
  `orderBy` int(255) DEFAULT NULL,
  `orginfoId` int(15) DEFAULT NULL,
  `createdBy` int(15) DEFAULT NULL,
  `createddate` timestamp NOT NULL DEFAULT current_timestamp() ON UPDATE current_timestamp()
) ENGINE=InnoDB DEFAULT CHARSET=utf8mb4 COLLATE=utf8mb4_general_ci;

--
-- Dumping data for table `productcetogery`
--

INSERT INTO `productcetogery` (`Id`, `name`, `image`, `active`, `orderBy`, `orginfoId`, `createdBy`, `createddate`) VALUES
(5, 'Test', '2a39a701ae976675471ce93d7f122ff5.png', 1, 0, NULL, 1, '2024-09-06 03:45:34'),
(6, 'Breakfast', '', 1, 0, 1, 1, '2025-02-27 11:37:37'),
(7, 'Lunch', '', 1, 0, 1, 1, '2025-02-27 11:37:42'),
(8, 'Punjabi Dishes', '', 1, 0, NULL, 1, '2025-02-21 09:32:39'),
(9, 'Chinese', '', 1, 0, NULL, 1, '2025-02-21 09:33:00'),
(10, 'DEESER', '', 1, 0, 0, 1, '2025-02-27 13:43:08'),
(11, 'testlunch', '', 1, 0, 0, 1, '2025-02-27 13:45:04'),
(12, 'testssd', '', 1, 0, 1, 1, '2025-02-27 13:46:08'),
(13, 'testt 2', '', 1, 0, 1, 1, '2025-02-28 09:46:32'),
(64, 'SURUAAT', NULL, 1, 1, 1, 1, '2025-04-07 08:00:53'),
(65, 'Fresh Fruit Juice', NULL, 1, 2, 1, 1, '2025-04-07 08:00:53'),
(66, 'Mocktails', NULL, 1, 3, 1, 1, '2025-04-07 08:00:53'),
(67, 'COLD COFFEE', NULL, 1, 4, 1, 1, '2025-04-07 08:00:53'),
(68, 'Milk - Shake', NULL, 1, 5, 1, 1, '2025-04-07 08:00:53'),
(69, 'Saath - Saath', NULL, 1, 6, 1, 1, '2025-04-07 08:00:53'),
(70, 'SOUPS & SHORBAS', NULL, 1, 7, 1, 1, '2025-04-07 08:00:53'),
(71, 'CHINESE & CONTINENTAL', NULL, 1, 8, 1, 1, '2025-04-07 08:00:53'),
(72, 'TANDOORI - KHAZANA', NULL, 1, 9, 1, 1, '2025-04-07 08:00:53'),
(73, 'WHOLE WHEAT STONE BASE PIZZA IO\"IN', NULL, 1, 10, 1, 1, '2025-04-07 08:00:53'),
(74, 'SANDWICHES', NULL, 1, 11, 1, 1, '2025-04-07 08:00:53'),
(75, 'SALADS', NULL, 1, 12, 1, 1, '2025-04-07 08:00:53'),
(76, 'CURD - PREPARATION', NULL, 1, 13, 1, 1, '2025-04-07 08:00:53'),
(77, 'INDIAN - CHAAT', NULL, 1, 14, 1, 1, '2025-04-07 08:00:53'),
(78, 'NOODLES', NULL, 1, 15, 1, 1, '2025-04-07 08:00:53'),
(79, 'ASIAN AND CONTINENTAL EUROPEAN', NULL, 1, 16, 1, 1, '2025-04-07 08:00:53'),
(80, 'Chinese Wok Rice', NULL, 1, 17, 1, 1, '2025-04-07 08:00:53'),
(81, 'INDIAN - MAI COURSE', NULL, 1, 18, 1, 1, '2025-04-07 08:00:53'),
(82, 'INDIAN - MAIN COURSE', NULL, 1, 19, 1, 1, '2025-04-07 08:00:53'),
(83, 'INDIAN - BREADS', NULL, 1, 20, 1, 1, '2025-04-07 08:00:53'),
(84, 'DAL - PREPARATION', NULL, 1, 21, 1, 1, '2025-04-07 08:00:53'),
(85, 'RICE - PREPARATION', NULL, 1, 22, 1, 1, '2025-04-07 08:00:53'),
(86, 'DESSERTS', NULL, 1, 23, 1, 1, '2025-04-07 08:00:53'),
(87, 'CAKES', NULL, 1, 24, 1, 1, '2025-04-07 08:00:53'),
(88, 'HOT - BEVERAGES', NULL, 1, 25, 1, 1, '2025-04-07 08:00:53'),
(215, 'SURUAAT', NULL, 1, 1, 7, 7, '2025-04-07 08:58:40'),
(216, 'Fresh Fruit Juice', NULL, 1, 2, 7, 7, '2025-04-07 08:58:40'),
(217, 'Mocktails', NULL, 1, 3, 7, 7, '2025-04-07 08:58:40'),
(218, 'COLD COFFEE', NULL, 1, 4, 7, 7, '2025-04-07 08:58:40'),
(219, 'Milk - Shake', NULL, 1, 5, 7, 7, '2025-04-07 08:58:40'),
(220, 'Saath - Saath', NULL, 1, 6, 7, 7, '2025-04-07 08:58:40'),
(221, 'SOUPS & SHORBAS', NULL, 1, 7, 7, 7, '2025-04-07 08:58:40'),
(222, 'CHINESE & CONTINENTAL', NULL, 1, 8, 7, 7, '2025-04-07 08:58:40'),
(223, 'TANDOORI - KHAZANA', NULL, 1, 9, 7, 7, '2025-04-07 08:58:40'),
(224, 'WHOLE WHEAT STONE BASE PIZZA IO\"IN', NULL, 1, 10, 7, 7, '2025-04-07 08:58:40'),
(225, 'SANDWICHES', NULL, 1, 11, 7, 7, '2025-04-07 08:58:40'),
(226, 'SALADS', NULL, 1, 12, 7, 7, '2025-04-07 08:58:40'),
(227, 'CURD - PREPARATION', NULL, 1, 13, 7, 7, '2025-04-07 08:58:40'),
(228, 'INDIAN - CHAAT', NULL, 1, 14, 7, 7, '2025-04-07 08:58:40'),
(229, 'NOODLES', NULL, 1, 15, 7, 7, '2025-04-07 08:58:40'),
(230, 'ASIAN AND CONTINENTAL EUROPEAN', NULL, 1, 16, 7, 7, '2025-04-07 08:58:40'),
(231, 'Chinese Wok Rice', NULL, 1, 17, 7, 7, '2025-04-07 08:58:40'),
(232, 'INDIAN - MAI COURSE', NULL, 1, 18, 7, 7, '2025-04-07 08:58:40'),
(233, 'INDIAN - MAIN COURSE', NULL, 1, 19, 7, 7, '2025-04-07 08:58:40'),
(234, 'INDIAN - BREADS', NULL, 1, 20, 7, 7, '2025-04-07 08:58:40'),
(235, 'DAL - PREPARATION', NULL, 1, 21, 7, 7, '2025-04-07 08:58:40'),
(236, 'RICE - PREPARATION', NULL, 1, 22, 7, 7, '2025-04-07 08:58:40'),
(237, 'DESSERTS', NULL, 1, 23, 7, 7, '2025-04-07 08:58:40'),
(238, 'CAKES', NULL, 1, 24, 7, 7, '2025-04-07 08:58:40'),
(239, 'HOT - BEVERAGES', NULL, 1, 25, 7, 7, '2025-04-07 08:58:40'),
(240, 'Mandi Mutton', NULL, 1, 1, 13, 13, '2025-05-04 12:53:27'),
(241, 'Mandi Chicken', NULL, 1, 2, 13, 13, '2025-05-04 12:53:27'),
(242, 'Mutton Haleem', NULL, 1, 3, 13, 13, '2025-05-04 12:53:27'),
(243, 'Tandoori Appelizer', NULL, 1, 4, 13, 13, '2025-05-04 12:53:27'),
(244, 'lce Cream Mulkshake', NULL, 1, 5, 13, 13, '2025-05-04 12:53:27'),
(245, 'Mojito', NULL, 1, 6, 13, 13, '2025-05-04 12:53:27'),
(246, 'Soda', NULL, 1, 7, 13, 13, '2025-05-04 12:53:27'),
(247, 'Chicken', NULL, 1, 8, 13, 13, '2025-05-04 12:53:27'),
(248, 'Mutton', NULL, 1, 9, 13, 13, '2025-05-04 12:53:27'),
(249, 'Rocking Shawarma', NULL, 1, 10, 13, 13, '2025-05-04 12:53:27'),
(250, 'Chinese Appelizer', NULL, 1, 11, 13, 13, '2025-05-04 12:53:27'),
(251, 'Soup', NULL, 1, 12, 13, 13, '2025-05-04 12:53:27'),
(252, 'Appelizers', NULL, 1, 13, 13, 13, '2025-05-04 12:53:27'),
(253, 'Indian Rice', NULL, 1, 14, 13, 13, '2025-05-04 12:53:27'),
(254, 'Roti Papad Parala', NULL, 1, 15, 13, 13, '2025-05-04 12:53:27'),
(255, 'Veg', NULL, 1, 16, 13, 13, '2025-05-04 12:53:27'),
(286, 'pasta', NULL, 1, 5, 14, 14, '2025-06-18 09:07:23'),
(287, 'Burger/Sandwich', NULL, 1, 10, 14, 14, '2025-06-18 09:07:23'),
(288, 'Mocktails', NULL, 1, 15, 14, 14, '2025-06-18 09:07:23'),
(289, 'Milk shake', NULL, 1, 20, 14, 14, '2025-06-18 09:07:23'),
(290, 'Rools', NULL, 1, 25, 14, 14, '2025-06-18 09:07:23'),
(291, 'Tea', NULL, 1, 30, 14, 14, '2025-06-18 09:07:23'),
(292, 'Ice Cream', NULL, 1, 35, 14, 14, '2025-06-18 09:07:23'),
(293, 'Extras', NULL, 1, 40, 14, 14, '2025-06-18 09:07:23'),
(294, 'Karma Specials', NULL, 1, 45, 14, 14, '2025-06-18 09:07:23'),
(295, 'Gobi', NULL, 1, 50, 14, 14, '2025-06-18 09:07:23'),
(296, 'Baby Corn', NULL, 1, 55, 14, 14, '2025-06-18 09:07:23'),
(297, 'Paneer', NULL, 1, 60, 14, 14, '2025-06-18 09:07:23'),
(298, 'Mashroom', NULL, 1, 65, 14, 14, '2025-06-18 09:07:23'),
(299, 'Fries', NULL, 1, 70, 14, 14, '2025-06-18 09:07:23'),
(300, 'Plzza', NULL, 1, 75, 14, 14, '2025-06-18 09:07:23'),
(301, 'Noodles', NULL, 1, 80, 14, 14, '2025-06-18 09:07:23'),
(304, 'omkar', NULL, 1, 30, 1, 1, '2025-09-07 11:18:03'),
(305, 'shlok', NULL, 1, 35, 1, 1, '2025-09-07 11:18:03');

-- --------------------------------------------------------

--
-- Table structure for table `profitloss`
--

CREATE TABLE `profitloss` (
  `Id` int(15) NOT NULL,
  `GroupName` varchar(255) DEFAULT NULL,
  `GroupNameOtherLang` varchar(255) DEFAULT NULL,
  `Expenditure` int(10) NOT NULL DEFAULT 0,
  `Income` int(10) NOT NULL DEFAULT 0,
  `SortOrder` int(10) NOT NULL,
  `GroupNameOtherLanguNoUniCode` varchar(255) NOT NULL
) ENGINE=InnoDB DEFAULT CHARSET=utf8mb4 COLLATE=utf8mb4_general_ci;

--
-- Dumping data for table `profitloss`
--

INSERT INTO `profitloss` (`Id`, `GroupName`, `GroupNameOtherLang`, `Expenditure`, `Income`, `SortOrder`, `GroupNameOtherLanguNoUniCode`) VALUES
(1, 'Purchase Account', NULL, 1, 0, 5, ''),
(2, 'Sales Account', NULL, 0, 1, 5, ''),
(3, 'Direct Expenses', NULL, 1, 0, 10, ''),
(4, 'Indirect Expenses', NULL, 1, 0, 15, ''),
(5, 'Indirect Incomes', NULL, 0, 1, 20, '');

-- --------------------------------------------------------

--
-- Table structure for table `purchase`
--

CREATE TABLE `purchase` (
  `Id` int(15) NOT NULL,
  `vendorId` int(10) DEFAULT NULL,
  `purchaseDate` date DEFAULT NULL,
  `purchaseInvoice` varchar(1000) DEFAULT NULL,
  `totalAmount` decimal(60,0) DEFAULT NULL,
  `SgstTotal` decimal(60,0) DEFAULT NULL,
  `CgstTotal` decimal(60,0) DEFAULT NULL,
  `IgstTotal` decimal(60,0) DEFAULT NULL,
  `DiscountPercentage` decimal(60,0) NOT NULL,
  `DiscountAmount` decimal(60,0) DEFAULT NULL,
  `PurchaseCredit` decimal(60,0) DEFAULT NULL,
  `grandTotal` decimal(60,0) DEFAULT NULL,
  `createddate` timestamp NOT NULL DEFAULT current_timestamp() ON UPDATE current_timestamp(),
  `createdby` int(15) DEFAULT NULL,
  `orgId` int(15) DEFAULT NULL
) ENGINE=InnoDB DEFAULT CHARSET=utf8mb4 COLLATE=utf8mb4_general_ci;

-- --------------------------------------------------------

--
-- Table structure for table `role`
--

CREATE TABLE `role` (
  `Id` int(15) NOT NULL,
  `name` varchar(255) DEFAULT NULL,
  `rolecode` varchar(255) DEFAULT NULL,
  `description` varchar(255) DEFAULT NULL
) ENGINE=InnoDB DEFAULT CHARSET=utf8mb4 COLLATE=utf8mb4_general_ci;

--
-- Dumping data for table `role`
--

INSERT INTO `role` (`Id`, `name`, `rolecode`, `description`) VALUES
(1, 'Admin', 'AMD', 'sass4654'),
(3, 'Teacher', 'Teach', 'sass');

-- --------------------------------------------------------

--
-- Table structure for table `room`
--

CREATE TABLE `room` (
  `Id` int(15) NOT NULL,
  `number` int(15) DEFAULT NULL,
  `room_type` int(15) DEFAULT NULL,
  `price` varchar(255) DEFAULT NULL,
  `occupancy` varchar(255) NOT NULL,
  `description` text NOT NULL,
  `status` int(10) NOT NULL,
  `createdby` int(15) NOT NULL,
  `createddate` timestamp NOT NULL DEFAULT current_timestamp() ON UPDATE current_timestamp()
) ENGINE=InnoDB DEFAULT CHARSET=utf8mb4 COLLATE=utf8mb4_general_ci;

--
-- Dumping data for table `room`
--

INSERT INTO `room` (`Id`, `number`, `room_type`, `price`, `occupancy`, `description`, `status`, `createdby`, `createddate`) VALUES
(7, 101, 25, '1099', '2', 'Featuring free toiletries, this double room includes a private bathroom with a walk-in shower and a hairdryer. The air-conditioned double room features a flat-screen TV with cable channels, a private entrance, a coffee machine, a seating area as well as garden views. The unit has 1 bed.', 68, 1, '2025-12-01 08:38:41'),
(8, 102, 24, '1899', '3', 'Featuring free toiletries, this double room includes a private bathroom with a walk-in shower and a hairdryer. The air-conditioned double room features a flat-screen TV with cable channels, a private entrance, a coffee machine, a seating area as well as garden views. The unit has 1 bed.', 68, 1, '2025-12-01 08:38:59');

-- --------------------------------------------------------

--
-- Table structure for table `roomfloor`
--

CREATE TABLE `roomfloor` (
  `Id` int(11) NOT NULL,
  `roomId` int(11) NOT NULL,
  `floorId` int(11) NOT NULL
) ENGINE=InnoDB DEFAULT CHARSET=utf8mb4 COLLATE=utf8mb4_general_ci;

-- --------------------------------------------------------

--
-- Table structure for table `roomtype`
--

CREATE TABLE `roomtype` (
  `Id` int(15) NOT NULL,
  `name` varchar(255) NOT NULL,
  `description` text DEFAULT NULL,
  `price` decimal(10,0) DEFAULT NULL,
  `occupancy` int(11) DEFAULT NULL,
  `bath` int(11) DEFAULT NULL,
  `status` int(11) DEFAULT NULL,
  `orderby` int(11) DEFAULT NULL,
  `createdby` int(11) DEFAULT NULL,
  `createddate` timestamp NOT NULL DEFAULT current_timestamp() ON UPDATE current_timestamp()
) ENGINE=InnoDB DEFAULT CHARSET=utf8mb4 COLLATE=utf8mb4_general_ci;

--
-- Dumping data for table `roomtype`
--

INSERT INTO `roomtype` (`Id`, `name`, `description`, `price`, `occupancy`, `bath`, `status`, `orderby`, `createdby`, `createddate`) VALUES
(22, 'Double', 'This air-conditioned family room includes a flat-screen TV with cable channels and a private bathroom. The unit offers 2 beds.', 1899, NULL, NULL, 1, 5, 1, '2025-11-26 10:33:16'),
(23, 'Deluxe King Room', 'This air-conditioned family room includes a flat-screen TV with cable channels and a private bathroom. The unit offers 2 beds.', 2350, NULL, NULL, 1, 10, 1, '2025-11-26 10:33:32'),
(24, 'Family Suite', 'This air-conditioned family room includes a flat-screen TV with cable channels and a private bathroom. The unit offers 2 beds.', 4080, NULL, NULL, 1, 15, 1, '2025-11-26 08:03:10'),
(25, 'Executive Room', 'This air-conditioned family room includes a flat-screen TV with cable channels and a private bathroom. The unit offers 2 beds.', 3849, NULL, NULL, 1, 20, 1, '2025-11-26 10:33:45');

-- --------------------------------------------------------

--
-- Table structure for table `roomtypeamenities`
--

CREATE TABLE `roomtypeamenities` (
  `Id` int(15) NOT NULL,
  `roomtypeId` int(10) DEFAULT NULL,
  `amenitiesId` int(15) NOT NULL
) ENGINE=InnoDB DEFAULT CHARSET=utf8mb4 COLLATE=utf8mb4_general_ci;

--
-- Dumping data for table `roomtypeamenities`
--

INSERT INTO `roomtypeamenities` (`Id`, `roomtypeId`, `amenitiesId`) VALUES
(1, 16, 0),
(2, 17, 2),
(3, 17, 3),
(4, 17, 4),
(5, 17, 5),
(6, 17, 7),
(7, 18, 2),
(8, 18, 3),
(9, 18, 4),
(10, 19, 2),
(11, 20, 3),
(12, 21, 4),
(13, 22, 2),
(14, 22, 3),
(15, 23, 3),
(16, 23, 4),
(17, 23, 7),
(18, 24, 2),
(19, 24, 3),
(20, 24, 4),
(21, 24, 7),
(22, 25, 3),
(23, 25, 5),
(24, 25, 7);

-- --------------------------------------------------------

--
-- Table structure for table `roomtypemedia`
--

CREATE TABLE `roomtypemedia` (
  `Id` int(15) NOT NULL,
  `roomtypeId` int(15) DEFAULT NULL,
  `photo1` varchar(255) DEFAULT NULL,
  `photo2` varchar(255) DEFAULT NULL,
  `photo3` varchar(255) DEFAULT NULL,
  `photo4` varchar(255) DEFAULT NULL,
  `photo5` varchar(255) DEFAULT NULL,
  `video` varchar(255) DEFAULT NULL,
  `status` int(15) NOT NULL,
  `orderby` int(15) DEFAULT NULL,
  `createdby` int(15) DEFAULT NULL,
  `createddate` timestamp NOT NULL DEFAULT current_timestamp() ON UPDATE current_timestamp()
) ENGINE=InnoDB DEFAULT CHARSET=utf8mb4 COLLATE=utf8mb4_general_ci;

--
-- Dumping data for table `roomtypemedia`
--

INSERT INTO `roomtypemedia` (`Id`, `roomtypeId`, `photo1`, `photo2`, `photo3`, `photo4`, `photo5`, `video`, `status`, `orderby`, `createdby`, `createddate`) VALUES
(1, 0, '2ffd785f3dc4869aafe7d04adc7f76d3.jpg', '70173585ad7bf13fbfe4f5af994bcf6e.jpeg', '6e1142ed2dbda28e34f0be37c32838f6.jpeg', '0ed26294377270be5979b481b814351d.jpeg', NULL, NULL, 1, 5, 1, '2025-11-11 06:40:03'),
(3, 0, '2ffd785f3dc4869aafe7d04adc7f76d3.jpeg', '70173585ad7bf13fbfe4f5af994bcf6e.jpg', '6e1142ed2dbda28e34f0be37c32838f6.jpeg', '0ed26294377270be5979b481b814351d.jpeg', NULL, NULL, 1, 5, 1, '2025-11-11 06:54:36'),
(4, 0, '', '', '', '', NULL, NULL, 1, 5, 1, '2025-11-11 08:09:41'),
(5, 0, 'de60fc2e11567cfc4f09b56055d15219.jpeg', '1a89989c09016f87db9e1523720bfdd1.jpeg', '', '', NULL, NULL, 0, 25, 1, '2025-11-11 10:45:20'),
(11, 0, '', '', '', '', NULL, NULL, 1, 25, 1, '2025-11-11 10:25:52'),
(12, NULL, 'f46f266b5455fea23cc1e2525bece5b3.jpg', '', '', '', NULL, NULL, 1, 0, 1, '2025-11-21 10:01:53'),
(13, NULL, '', '', '', '', NULL, NULL, 1, 5, 1, '2025-11-21 10:11:26'),
(14, NULL, '', '', '', '', NULL, NULL, 1, 0, 1, '2025-11-21 10:15:12'),
(15, NULL, '', '', '', '', NULL, NULL, 1, 0, 1, '2025-11-21 10:17:13'),
(16, NULL, '', '', '', '', NULL, NULL, 1, 45, 1, '2025-11-21 10:36:48'),
(17, NULL, '', '', '', '', NULL, NULL, 1, 55, 1, '2025-11-21 10:37:25'),
(18, NULL, '1ba1b525c4e84d9f09c2b0d38273df95.jpg', '', '', '', NULL, NULL, 1, 5, 1, '2025-11-21 10:51:17'),
(19, 15, '2820cc615ef8115ba0f96e472e539333.png', '1888489207c33be76c5d8072af264e6e.png', '', '', NULL, NULL, 1, 45, 1, '2025-11-21 11:22:34'),
(20, 16, '1a6ef069869bb3a5a8b3973a39103ac9.png', 'f58707237025d228a6824830911bce1d.png', '', '', NULL, NULL, 1, 10, 1, '2025-11-21 14:15:05'),
(21, 17, '1a6ef069869bb3a5a8b3973a39103ac9.png', '', '', '', NULL, NULL, 1, 10, 1, '2025-11-21 14:17:38'),
(22, 18, '1a6ef069869bb3a5a8b3973a39103ac9.png', 'f58707237025d228a6824830911bce1d.jpg', '024087812fb3315bc4fcbb60f7f1bfa5.jpeg', '19e55a774b8846bddbe842c4503ac712.png', NULL, NULL, 1, 50, 1, '2025-11-21 14:21:01'),
(23, 19, 'c609bd9856c193581312f1c5111715cd.jpg', '27fcd28648f3d147e06d714394d390c4.jpeg', '3f4d0adba88cd27cc606206b21e6484f.jpeg', '69e124c057769021cb7f9fc13b6788b1.jpeg', NULL, NULL, 1, 5, 1, '2025-11-22 06:08:07'),
(24, 20, '589df6f9db31470ab07a5ad6995934df.jpeg', '', '', '', NULL, NULL, 1, 55, 1, '2025-11-22 07:00:40'),
(25, 21, 'cc94114c5603d7b11d5a64067261dfda.jpeg', '', '', '', NULL, NULL, 1, 5, 1, '2025-11-24 08:49:36'),
(26, 22, 'ebd1a3b551e3286c52b613f427fe5ecb.jpg', '18fdd6361290b323e9ee2f99ce904e0a.jpg', '96b23abd3090d48f314eaf605826efa6.jpg', '3752bae380ad88f1c8f5b5ce3e9fc9bb.jpg', NULL, NULL, 1, 5, 1, '2025-11-26 07:30:34'),
(27, 23, '65796fcec56b73f27a6cc97072e31c6a.jpg', 'b95bc5ee8952e5bce3606f926182267e.jpg', '5b1f89dc5628f9968f92fd3c651f4739.jpg', '9b5faa74cf86629e0cb2cf9ea4ed5a41.jpg', NULL, NULL, 1, 10, 1, '2025-11-26 07:34:49'),
(28, 24, 'c1ea02db76631e396e18139900118a8c.jpg', '7f6363cd74375cc8f70b5f5f50e86014.jpg', 'd34791dc491eafd2fcfe5bfe92964a31.jpg', 'a51103ebf8304a5de1840e90f6ea5115.jpg', NULL, NULL, 1, 15, 1, '2025-11-26 08:03:10'),
(29, 25, 'cc82be2cdcf40b08c4a09e791fd52cee.jpg', 'e6a5989bc6ecf43fa445cf626b07cac1.jpg', 'f820882b471b1252b8e477c9b0099108.jpg', '7561a706f0400a6a50213f8ff70e467a.jpg', NULL, NULL, 1, 20, 1, '2025-11-26 08:06:50');

-- --------------------------------------------------------

--
-- Table structure for table `services`
--

CREATE TABLE `services` (
  `Id` int(11) NOT NULL,
  `name` varchar(255) NOT NULL,
  `price` decimal(10,2) NOT NULL,
  `description` text DEFAULT NULL,
  `status` int(15) NOT NULL,
  `orderby` int(15) DEFAULT NULL,
  `createdby` int(15) DEFAULT NULL,
  `createddate` timestamp NOT NULL DEFAULT current_timestamp() ON UPDATE current_timestamp()
) ENGINE=InnoDB DEFAULT CHARSET=utf8mb4 COLLATE=utf8mb4_general_ci;

--
-- Dumping data for table `services`
--

INSERT INTO `services` (`Id`, `name`, `price`, `description`, `status`, `orderby`, `createdby`, `createddate`) VALUES
(3, 'cvgcnhgmjhk', 55.00, 'etrdhfjgb,njfhrter', 1, NULL, 1, '2025-11-11 09:55:49'),
(4, 'cfdsgrdthfyjguhkj', 345.00, 'aesdxfdgdhfgb', 1, NULL, 1, '2025-11-11 10:12:53'),
(5, 'werfdgfhg', 456.00, 'waresdg thfjg', 1, NULL, 1, '2025-11-11 10:14:14'),
(6, 'cvgcnhgmjhk', 4567.00, 'efwbtrnhyjumk', 1, 60, 1, '2025-11-11 10:15:06'),
(7, 'dafsdbg', 345.00, 'dwefrgdthfjgh', 1, 5, 1, '2025-11-21 06:50:53');

-- --------------------------------------------------------

--
-- Table structure for table `servicingtable`
--

CREATE TABLE `servicingtable` (
  `Id` int(15) NOT NULL,
  `name` varchar(255) DEFAULT NULL,
  `capacity` int(10) DEFAULT NULL,
  `status` int(10) DEFAULT NULL,
  `orderBy` int(10) DEFAULT NULL,
  `DisplayValue` int(10) NOT NULL,
  `createdBy` int(15) DEFAULT NULL,
  `CreatedDate` timestamp NOT NULL DEFAULT current_timestamp() ON UPDATE current_timestamp()
) ENGINE=InnoDB DEFAULT CHARSET=utf8mb4 COLLATE=utf8mb4_general_ci;

--
-- Dumping data for table `servicingtable`
--

INSERT INTO `servicingtable` (`Id`, `name`, `capacity`, `status`, `orderBy`, `DisplayValue`, `createdBy`, `CreatedDate`) VALUES
(2, 'Table 1', 4, NULL, 10, 1, NULL, '2025-09-07 18:17:45'),
(3, 'Table 2', 6, NULL, 10, 1, NULL, '2025-09-07 18:12:00');

-- --------------------------------------------------------

--
-- Table structure for table `slider`
--

CREATE TABLE `slider` (
  `Id` int(15) NOT NULL,
  `name` varchar(255) DEFAULT NULL,
  `image` varchar(255) DEFAULT NULL,
  `active` int(10) NOT NULL,
  `orderBy` int(255) DEFAULT NULL,
  `orginfoId` int(15) DEFAULT NULL,
  `createdBy` int(15) DEFAULT NULL,
  `createddate` timestamp NOT NULL DEFAULT current_timestamp() ON UPDATE current_timestamp()
) ENGINE=InnoDB DEFAULT CHARSET=utf8mb4 COLLATE=utf8mb4_general_ci;

--
-- Dumping data for table `slider`
--

INSERT INTO `slider` (`Id`, `name`, `image`, `active`, `orderBy`, `orginfoId`, `createdBy`, `createddate`) VALUES
(9, '1 sider 2', 'b3b5574e3e21d8ff56e5829d44cf7414.jpg', 1, 0, 1, 1, '2025-09-07 09:20:56'),
(10, '2 slider', '04eac8ddc29a78bd0cc0760fd6e113e8.jpg', 1, 0, 1, 1, '2025-03-01 16:54:15'),
(14, '3 slider', '0c8925e23ab38f06fc9b781a03209e7f.jpg', 1, 0, 1, 1, '2025-03-01 17:11:03');

-- --------------------------------------------------------

--
-- Table structure for table `staff`
--

CREATE TABLE `staff` (
  `Id` int(15) NOT NULL,
  `name` varchar(255) DEFAULT NULL,
  `phone` varchar(255) DEFAULT NULL,
  `email` varchar(255) DEFAULT NULL,
  `aadhaar` varchar(255) DEFAULT NULL,
  `pannumber` varchar(255) DEFAULT NULL,
  `roleId` int(15) DEFAULT NULL,
  `startDate` date DEFAULT NULL,
  `EndDate` date DEFAULT NULL,
  `active` int(10) NOT NULL DEFAULT 1,
  `createdby` int(15) DEFAULT NULL,
  `createddate` timestamp NOT NULL DEFAULT current_timestamp() ON UPDATE current_timestamp(),
  `orgId` int(15) DEFAULT NULL
) ENGINE=InnoDB DEFAULT CHARSET=utf8mb4 COLLATE=utf8mb4_general_ci;

--
-- Dumping data for table `staff`
--

INSERT INTO `staff` (`Id`, `name`, `phone`, `email`, `aadhaar`, `pannumber`, `roleId`, `startDate`, `EndDate`, `active`, `createdby`, `createddate`, `orgId`) VALUES
(1, 'Omkar Telasang', '07353665845', 'omkartelasang@gmail.com', '46546445654654', 'sdkjhkd ksdhkjhds khjkjsdh', 1256232, '2025-05-12', '2025-05-26', 1, NULL, '2025-05-11 17:58:59', 1),
(2, 'Omkar Telasang', '07353665845', 'omkartelasang@gmail.com', '456454654', '4556464', 1010, '4654-06-07', '2025-05-28', 1, NULL, '2025-05-12 04:07:24', 1);

-- --------------------------------------------------------

--
-- Table structure for table `transaction`
--

CREATE TABLE `transaction` (
  `Id` int(15) NOT NULL,
  `SaleId` int(15) DEFAULT NULL,
  `PurchaseId` int(15) DEFAULT NULL,
  `BankAccountId` int(15) DEFAULT NULL,
  `AccountHeadId` int(15) DEFAULT NULL,
  `VoucherNo` varchar(15) DEFAULT NULL,
  `TransactionDate` date DEFAULT NULL,
  `Amount` varchar(255) DEFAULT NULL,
  `TransactionTypeId` int(15) DEFAULT NULL,
  `ModTransactionTypeId` int(15) DEFAULT NULL,
  `PaymentMethodId` int(15) DEFAULT NULL,
  `ReferenceNumber` varchar(15) DEFAULT NULL,
  `Description` varchar(255) DEFAULT NULL,
  `OrgAccountId` int(15) DEFAULT NULL,
  `TranReferId` int(15) DEFAULT NULL,
  `StaffId` int(15) DEFAULT NULL,
  `CustomerId` int(15) DEFAULT NULL,
  `VendorId` int(15) DEFAULT NULL,
  `CreatedBy` int(15) DEFAULT NULL,
  `CreatedDate` timestamp NOT NULL DEFAULT current_timestamp() ON UPDATE current_timestamp(),
  `orgId` int(15) NOT NULL
) ENGINE=InnoDB DEFAULT CHARSET=utf8mb4 COLLATE=utf8mb4_general_ci;

-- --------------------------------------------------------

--
-- Table structure for table `vipicon`
--

CREATE TABLE `vipicon` (
  `Id` int(15) NOT NULL,
  `name` varchar(255) DEFAULT NULL,
  `icontag` varchar(255) DEFAULT NULL,
  `status` int(15) NOT NULL,
  `orderby` int(15) DEFAULT NULL,
  `createdby` int(15) DEFAULT NULL,
  `createddate` timestamp NOT NULL DEFAULT current_timestamp() ON UPDATE current_timestamp()
) ENGINE=InnoDB DEFAULT CHARSET=utf8mb4 COLLATE=utf8mb4_general_ci;

--
-- Dumping data for table `vipicon`
--

INSERT INTO `vipicon` (`Id`, `name`, `icontag`, `status`, `orderby`, `createdby`, `createddate`) VALUES
(3, 'vipasdwefgd', 'ghjkdefsdg', 1, 5, 1, '2025-11-20 09:06:01'),
(4, 'BB House', '&lt;i class=&quot;bi bi-house&quot;&gt;&lt;/i&gt;', 1, 5, 1, '2025-11-21 11:51:17'),
(5, 'parking', '<i class=\"fa-solid fa-square-parking\"></i>', 1, 10, 1, '2025-11-21 12:02:03'),
(6, 'parking', '<i class=\"fa-solid fa-square-parking\"></i>', 1, 25, 1, '2025-11-21 12:02:08'),
(7, '91', '<i class=\"bi bi-p-circle\"></i>', 1, 12, 1, '2025-11-21 12:01:33'),
(8, 'No Parking', '<i class=\"bi bi-sign-no-parking\"></i>', 1, 20, 1, '2025-11-21 12:22:20'),
(9, 'yes parking', '<i class=\"bi bi-sign-no-parking\"></i>', 1, 25, 1, '2025-11-21 12:22:56'),
(10, 'swimming', '<i class=\"fa-solid fa-person-swimming\"></i>', 1, 20, 1, '2025-11-24 09:24:39');

-- --------------------------------------------------------

--
-- Table structure for table `vipiconlink`
--

CREATE TABLE `vipiconlink` (
  `Id` int(15) NOT NULL,
  `link` varchar(255) DEFAULT NULL,
  `status` int(15) NOT NULL,
  `orderby` int(15) DEFAULT NULL,
  `createdby` int(15) DEFAULT NULL,
  `createddate` timestamp NOT NULL DEFAULT current_timestamp() ON UPDATE current_timestamp()
) ENGINE=InnoDB DEFAULT CHARSET=utf8mb4 COLLATE=utf8mb4_general_ci;

--
-- Dumping data for table `vipiconlink`
--

INSERT INTO `vipiconlink` (`Id`, `link`, `status`, `orderby`, `createdby`, `createddate`) VALUES
(2, '  <link rel=\"stylesheet\" href=\"https://cdnjs.cloudflare.com/ajax/libs/font-awesome/7.0.1/css/all.min.css\">', 1, 10, 1, '2025-11-21 11:48:47'),
(3, '<link rel=\"stylesheet\" href=\"https://cdn.jsdelivr.net/npm/bootstrap-icons@1.11.1/font/bootstrap-icons.css\">', 1, 10, NULL, '2025-11-21 11:46:40');

--
-- Indexes for table `amenities`
--
ALTER TABLE `amenities`
  ADD PRIMARY KEY (`Id`);

--
-- Indexes for table `amenitiesgroup`
--
ALTER TABLE `amenitiesgroup`
  ADD PRIMARY KEY (`Id`);

--
-- Indexes for table `balancesheet`
--
ALTER TABLE `balancesheet`
  ADD PRIMARY KEY (`Id`);

--
-- Indexes for table `bankaccount`
--
ALTER TABLE `bankaccount`
  ADD PRIMARY KEY (`Id`);

--
-- Indexes for table `bookings`
--
ALTER TABLE `bookings`
  ADD PRIMARY KEY (`Id`);

--
-- Indexes for table `booking_services`
--
ALTER TABLE `booking_services`
  ADD PRIMARY KEY (`Id`),
  ADD KEY `fk_bookingservices_booking` (`bookingId`),
  ADD KEY `fk_bookingservices_service` (`serviceId`);

--
-- Indexes for table `category`
--
ALTER TABLE `category`
  ADD PRIMARY KEY (`Id`);

--
-- Indexes for table `clintreviews`
--
ALTER TABLE `clintreviews`
  ADD PRIMARY KEY (`Id`);

--
-- Indexes for table `contactinfo`
--
ALTER TABLE `contactinfo`
  ADD PRIMARY KEY (`Id`);

--
-- Indexes for table `customers`
--
ALTER TABLE `customers`
  ADD PRIMARY KEY (`Id`);

--
-- Indexes for table `defultconfigure`
--
ALTER TABLE `defultconfigure`
  ADD PRIMARY KEY (`Id`);

--
-- Indexes for table `floor`
--
ALTER TABLE `floor`
  ADD PRIMARY KEY (`Id`);

--
-- Indexes for table `gallery`
--
ALTER TABLE `gallery`
  ADD PRIMARY KEY (`Id`);

--
-- Indexes for table `headaccounts`
--
ALTER TABLE `headaccounts`
  ADD PRIMARY KEY (`Id`);

--
-- Indexes for table `lookupvalues`
--
ALTER TABLE `lookupvalues`
  ADD PRIMARY KEY (`Id`);

--
-- Indexes for table `notifications`
--
ALTER TABLE `notifications`
  ADD PRIMARY KEY (`Id`);

--
-- Indexes for table `orginfo`
--
ALTER TABLE `orginfo`
  ADD PRIMARY KEY (`Id`);

--
-- Indexes for table `payments`
--
ALTER TABLE `payments`
  ADD PRIMARY KEY (`payment_id`);

--
-- Indexes for table `product`
--
ALTER TABLE `product`
  ADD PRIMARY KEY (`Id`);

--
-- Indexes for table `productcetogery`
--
ALTER TABLE `productcetogery`
  ADD PRIMARY KEY (`Id`);

--
-- Indexes for table `profitloss`
--
ALTER TABLE `profitloss`
  ADD PRIMARY KEY (`Id`);

--
-- Indexes for table `purchase`
--
ALTER TABLE `purchase`
  ADD PRIMARY KEY (`Id`);

--
-- Indexes for table `role`
--
ALTER TABLE `role`
  ADD PRIMARY KEY (`Id`);

--
-- Indexes for table `room`
--
ALTER TABLE `room`
  ADD PRIMARY KEY (`Id`);

--
-- Indexes for table `roomfloor`
--
ALTER TABLE `roomfloor`
  ADD PRIMARY KEY (`Id`);

--
-- Indexes for table `roomtype`
--
ALTER TABLE `roomtype`
  ADD PRIMARY KEY (`Id`);

--
-- Indexes for table `roomtypeamenities`
--
ALTER TABLE `roomtypeamenities`
  ADD PRIMARY KEY (`Id`);

--
-- Indexes for table `roomtypemedia`
--
ALTER TABLE `roomtypemedia`
  ADD PRIMARY KEY (`Id`);

--
-- Indexes for table `services`
--
ALTER TABLE `services`
  ADD PRIMARY KEY (`Id`);

--
-- Indexes for table `servicingtable`
--
ALTER TABLE `servicingtable`
  ADD PRIMARY KEY (`Id`);

--
-- Indexes for table `slider`
--
ALTER TABLE `slider`
  ADD PRIMARY KEY (`Id`);

--
-- Indexes for table `staff`
--
ALTER TABLE `staff`
  ADD PRIMARY KEY (`Id`);

--
-- Indexes for table `transaction`
--
ALTER TABLE `transaction`
  ADD PRIMARY KEY (`Id`);

--
-- Indexes for table `vipicon`
--
ALTER TABLE `vipicon`
  ADD PRIMARY KEY (`Id`);

--
-- Indexes for table `vipiconlink`
--
ALTER TABLE `vipiconlink`
  ADD PRIMARY KEY (`Id`);

--
-- AUTO_INCREMENT for table `amenities`
--
ALTER TABLE `amenities`
  MODIFY `Id` int(15) NOT NULL AUTO_INCREMENT, AUTO_INCREMENT=10;

--
-- AUTO_INCREMENT for table `amenitiesgroup`
--
ALTER TABLE `amenitiesgroup`
  MODIFY `Id` int(15) NOT NULL AUTO_INCREMENT, AUTO_INCREMENT=13;

--
-- AUTO_INCREMENT for table `balancesheet`
--
ALTER TABLE `balancesheet`
  MODIFY `Id` int(15) NOT NULL AUTO_INCREMENT, AUTO_INCREMENT=7;

--
-- AUTO_INCREMENT for table `bankaccount`
--
ALTER TABLE `bankaccount`
  MODIFY `Id` int(15) NOT NULL AUTO_INCREMENT;

--
-- AUTO_INCREMENT for table `bookings`
--
ALTER TABLE `bookings`
  MODIFY `Id` int(11) NOT NULL AUTO_INCREMENT, AUTO_INCREMENT=10;

--
-- AUTO_INCREMENT for table `booking_services`
--
ALTER TABLE `booking_services`
  MODIFY `Id` int(11) NOT NULL AUTO_INCREMENT, AUTO_INCREMENT=4;

--
-- AUTO_INCREMENT for table `category`
--
ALTER TABLE `category`
  MODIFY `Id` int(15) NOT NULL AUTO_INCREMENT, AUTO_INCREMENT=15;

--
-- AUTO_INCREMENT for table `clintreviews`
--
ALTER TABLE `clintreviews`
  MODIFY `Id` int(15) NOT NULL AUTO_INCREMENT, AUTO_INCREMENT=11;

--
-- AUTO_INCREMENT for table `contactinfo`
--
ALTER TABLE `contactinfo`
  MODIFY `Id` int(15) NOT NULL AUTO_INCREMENT, AUTO_INCREMENT=4;

--
-- AUTO_INCREMENT for table `customers`
--
ALTER TABLE `customers`
  MODIFY `Id` int(11) NOT NULL AUTO_INCREMENT, AUTO_INCREMENT=20;

--
-- AUTO_INCREMENT for table `defultconfigure`
--
ALTER TABLE `defultconfigure`
  MODIFY `Id` int(11) NOT NULL AUTO_INCREMENT;

--
-- AUTO_INCREMENT for table `floor`
--
ALTER TABLE `floor`
  MODIFY `Id` int(15) NOT NULL AUTO_INCREMENT, AUTO_INCREMENT=21;

--
-- AUTO_INCREMENT for table `gallery`
--
ALTER TABLE `gallery`
  MODIFY `Id` int(15) NOT NULL AUTO_INCREMENT, AUTO_INCREMENT=12;

--
-- AUTO_INCREMENT for table `headaccounts`
--
ALTER TABLE `headaccounts`
  MODIFY `Id` int(11) NOT NULL AUTO_INCREMENT, AUTO_INCREMENT=52;

--
-- AUTO_INCREMENT for table `lookupvalues`
--
ALTER TABLE `lookupvalues`
  MODIFY `Id` int(15) NOT NULL AUTO_INCREMENT, AUTO_INCREMENT=71;

--
-- AUTO_INCREMENT for table `notifications`
--
ALTER TABLE `notifications`
  MODIFY `Id` int(11) NOT NULL AUTO_INCREMENT;

--
-- AUTO_INCREMENT for table `orginfo`
--
ALTER TABLE `orginfo`
  MODIFY `Id` int(15) NOT NULL AUTO_INCREMENT, AUTO_INCREMENT=14;

--
-- AUTO_INCREMENT for table `payments`
--
ALTER TABLE `payments`
  MODIFY `payment_id` int(11) NOT NULL AUTO_INCREMENT;

--
-- AUTO_INCREMENT for table `product`
--
ALTER TABLE `product`
  MODIFY `Id` int(15) NOT NULL AUTO_INCREMENT, AUTO_INCREMENT=1569;

--
-- AUTO_INCREMENT for table `productcetogery`
--
ALTER TABLE `productcetogery`
  MODIFY `Id` int(15) NOT NULL AUTO_INCREMENT, AUTO_INCREMENT=306;

--
-- AUTO_INCREMENT for table `profitloss`
--
ALTER TABLE `profitloss`
  MODIFY `Id` int(15) NOT NULL AUTO_INCREMENT, AUTO_INCREMENT=6;

--
-- AUTO_INCREMENT for table `purchase`
--
ALTER TABLE `purchase`
  MODIFY `Id` int(15) NOT NULL AUTO_INCREMENT;

--
-- AUTO_INCREMENT for table `role`
--
ALTER TABLE `role`
  MODIFY `Id` int(15) NOT NULL AUTO_INCREMENT, AUTO_INCREMENT=5;

--
-- AUTO_INCREMENT for table `room`
--
ALTER TABLE `room`
  MODIFY `Id` int(15) NOT NULL AUTO_INCREMENT, AUTO_INCREMENT=9;

--
-- AUTO_INCREMENT for table `roomfloor`
--
ALTER TABLE `roomfloor`
  MODIFY `Id` int(11) NOT NULL AUTO_INCREMENT;

--
-- AUTO_INCREMENT for table `roomtype`
--
ALTER TABLE `roomtype`
  MODIFY `Id` int(15) NOT NULL AUTO_INCREMENT, AUTO_INCREMENT=26;

--
-- AUTO_INCREMENT for table `roomtypeamenities`
--
ALTER TABLE `roomtypeamenities`
  MODIFY `Id` int(15) NOT NULL AUTO_INCREMENT, AUTO_INCREMENT=25;

--
-- AUTO_INCREMENT for table `roomtypemedia`
--
ALTER TABLE `roomtypemedia`
  MODIFY `Id` int(15) NOT NULL AUTO_INCREMENT, AUTO_INCREMENT=30;

--
-- AUTO_INCREMENT for table `services`
--
ALTER TABLE `services`
  MODIFY `Id` int(11) NOT NULL AUTO_INCREMENT, AUTO_INCREMENT=8;

--
-- AUTO_INCREMENT for table `servicingtable`
--
ALTER TABLE `servicingtable`
  MODIFY `Id` int(15) NOT NULL AUTO_INCREMENT, AUTO_INCREMENT=4;

--
-- AUTO_INCREMENT for table `slider`
--
ALTER TABLE `slider`
  MODIFY `Id` int(15) NOT NULL AUTO_INCREMENT, AUTO_INCREMENT=16;

--
-- AUTO_INCREMENT for table `staff`
--
ALTER TABLE `staff`
  MODIFY `Id` int(15) NOT NULL AUTO_INCREMENT, AUTO_INCREMENT=5;

--
-- AUTO_INCREMENT for table `transaction`
--
ALTER TABLE `transaction`
  MODIFY `Id` int(15) NOT NULL AUTO_INCREMENT;

--
-- AUTO_INCREMENT for table `vipicon`
--
ALTER TABLE `vipicon`
  MODIFY `Id` int(15) NOT NULL AUTO_INCREMENT, AUTO_INCREMENT=11;

--
-- AUTO_INCREMENT for table `vipiconlink`
--
ALTER TABLE `vipiconlink`
  MODIFY `Id` int(15) NOT NULL AUTO_INCREMENT, AUTO_INCREMENT=4;

--
-- Constraints for dumped tables
--

--
-- Constraints for table `booking_services`
--
ALTER TABLE `booking_services`
  ADD CONSTRAINT `fk_bookingservices_booking` FOREIGN KEY (`bookingId`) REFERENCES `bookings` (`Id`) ON DELETE CASCADE ON UPDATE CASCADE,
  ADD CONSTRAINT `fk_bookingservices_service` FOREIGN KEY (`serviceId`) REFERENCES `services` (`Id`) ON DELETE CASCADE ON UPDATE CASCADE;
COMMIT;

